NOAA-style Climate Reports

2024: Jan | Feb | Mar | Apr | May | Jun | Jul | Aug | Sep | Oct | Nov | Dec 
2023: Jan | Feb | Mar | Apr | May | Jun | Jul | Aug | Sep | Oct | Nov | Dec 
2022: Jan | Feb | Mar | Apr | May | Jun | Jul | Aug | Sep | Oct | Nov | Dec 
2021: Jan | Feb | Mar | Apr | May | Jun | Jul | Aug | Sep | Oct | Nov | Dec 
2020: Jan | Feb | Mar | Apr | May | Jun | Jul | Aug | Sep | Oct | Nov | Dec 
2019: Jan | Feb | Mar | Apr | May | Jun | Jul | Aug | Sep | Oct | Nov | Dec 
2018: Jan | Feb | Mar | Apr | May | Jun | Jul | Aug | Sep | Oct | Nov | Dec 
2017: Jan | Feb | Mar | Apr | May | Jun | Jul | Aug | Sep | Oct | Nov | Dec 
2016: Jan | Feb | Mar | Apr | May | Jun | Jul | Aug | Sep | Oct | Nov | Dec 
2015: Jan | Feb | Mar | Apr | May | Jun | Jul | Aug | Sep | Oct | Nov | Dec 
2014: Jan | Feb | Mar | Apr | May | Jun | Jul | Aug | Sep | Oct | Nov | Dec 
2013: Jan | Feb | Mar | Apr | May | Jun | Jul | Aug | Sep | Oct | Nov | Dec 
2012: Jan | Feb | Mar | Apr | May | Jun | Jul | Aug | Sep | Oct | Nov | Dec 
2011: Jan | Feb | Mar | Apr | May | Jun | Jul | Aug | Sep | Oct | Nov | Dec 
2010: Jan | Feb | Mar | Apr | May | Jun | Jul | Aug | Sep | Oct | Nov | Dec 
2009: Jan | Feb | Mar | Apr | May | Jun | Jul | Aug | Sep | Oct | Nov | Dec 
2008: Jan | Feb | Mar | Apr | May | Jun | Jul | Aug | Sep | Oct | Nov | Dec 
2007: Jan | Feb | Mar | Apr | May | Jun | Jul | Aug | Sep | Oct | Nov | Dec 
2006: Jan | Feb | Mar | Apr | May | Jun | Jul | Aug | Sep | Oct | Nov | Dec 
2005: Jan | Feb | Mar | Apr | May | Jun | Jul | Aug | Sep | Oct | Nov | Dec 

Report for 2007 04
MONTHLY CLIMATOLOGICAL SUMMARY for APR. 2007 NAME: ConyersWX CITY: Conyers STATE: GA ELEV: 840 ft LAT: 33 42' 12" N LONG: 84 02' 13" W TEMPERATURE (F), RAIN (in), WIND SPEED (mph) HEAT COOL AVG MEAN DEG DEG WIND DOM DAY TEMP HIGH TIME LOW TIME DAYS DAYS RAIN SPEED HIGH TIME DIR ------------------------------------------------------------------------------------ 1 65.0 69.6 4:30p 60.4 12:00m 0.0 0.0 0.17 1.2 12.0 6:00p S 2 66.6 75.2 6:10p 58.1 7:50a 0.0 1.6 0.01 0.4 7.0 2:50p SW 3 71.5 80.6 2:20p 62.4 8:20a 0.0 6.5 0.01 1.3 12.0 2:50p SW 4 64.3 73.4 4:00p 55.2 12:00m 0.7 0.0 0.16 3.0 25.0 3:00a NW 5 48.0 56.5 5:40p 39.6 8:10a 17.0 0.0 0.00 3.9 18.0 3:30a NNW 6 47.4 55.7 4:30p 39.1 7:10a 17.6 0.0 0.00 3.5 18.0 10:00p NW 7 36.5 44.1 5:30p 28.9 7:30a 28.5 0.0 0.00 4.1 24.0 12:20a NW 8 40.4 52.6 6:20p 28.3 4:40a 24.6 0.0 0.00 1.4 12.0 2:10p N 9 42.9 54.3 6:30p 31.5 2:50a 22.1 0.0 0.00 0.9 8.0 7:10p N 10 50.0 66.0 5:00p 34.0 5:50a 15.0 0.0 0.00 1.0 10.0 4:20p SW 11 51.9 55.6 6:50p 48.3 6:20a 13.1 0.0 0.10 1.3 16.0 2:40a SE 12 59.6 72.8 4:20p 46.3 7:40a 5.4 0.0 0.01 2.4 19.0 4:30p NW 13 59.8 75.0 5:50p 44.5 7:40a 5.3 0.0 0.00 1.2 8.0 10:40a WNW 14 61.3 73.0 4:20p 49.6 7:30a 3.7 0.0 0.41 1.0 15.0 3:50p S 15 52.5 63.1 12:10a 42.0 5:40p 12.5 0.0 0.29 4.5 25.0 4:30p NW 16 55.2 68.5 6:20p 41.9 12:40a 9.8 0.0 0.00 4.7 26.0 9:20a NW 17 62.4 74.6 5:10p 50.3 7:30a 2.6 0.0 0.00 3.3 18.0 1:30p NW 18 59.5 72.5 3:40p 46.6 5:40a 5.5 0.0 0.00 0.7 9.0 5:20p NW 19 58.5 74.4 3:40p 42.5 7:30a 6.5 0.0 0.00 2.1 19.0 6:40p NW 20 56.7 68.7 6:10p 44.7 6:00a 8.3 0.0 0.00 1.0 11.0 11:30a N 21 59.4 74.2 4:10p 44.6 7:20a 5.6 0.0 0.00 0.9 12.0 12:20p SE 22 60.7 77.8 5:40p 43.5 7:00a 4.3 0.0 0.00 0.8 9.0 12:00p S 23 62.7 79.7 3:50p 45.7 7:40a 2.3 0.0 0.00 0.6 10.0 3:00p SW 24 69.7 82.2 4:30p 57.2 5:20a 0.0 4.7 0.00 1.2 14.0 12:00p SW 25 67.6 81.0 3:50p 54.2 7:20a 0.0 2.6 0.00 1.1 13.0 1:00p SW 26 68.0 77.8 1:40p 58.2 6:10a 0.0 3.0 0.15 0.9 16.0 1:50p S 27 68.6 76.0 5:30p 61.2 12:10a 0.0 3.6 0.00 2.0 13.0 12:10p NW 28 63.9 77.6 3:40p 50.2 7:00a 1.1 0.0 0.00 2.2 23.0 5:10p NW 29 65.1 80.6 5:30p 49.6 7:10a 0.0 0.1 0.00 1.4 14.0 12:00p NW 30 68.3 84.9 5:40p 51.8 7:00a 0.0 3.3 0.00 0.8 10.0 2:10p NNW ------------------------------------------------------------------------------------- 58.8 84.9 30 28.3 8 211.3 25.5 1.31 1.8 26.0 16 NW Max >= 90.0: 0 Max <= 32.0: 0 Min <= 32.0: 3 Min <= 0.0: 0 Max Rain: 0.41 ON 04/14/07 Days of Rain: 6 (>.01 in) 5 (>.1 in) 0 (>1 in) Heat Base: 65.0 Cool Base: 65.0 Method: (High + Low) / 2