NOAA-style Climate Reports
2024: Jan | Feb | Mar | Apr | May | Jun | Jul | Aug | Sep | Oct | Nov | Dec
2023: Jan | Feb | Mar | Apr | May | Jun | Jul | Aug | Sep | Oct | Nov | Dec
2022: Jan | Feb | Mar | Apr | May | Jun | Jul | Aug | Sep | Oct | Nov | Dec
2021: Jan | Feb | Mar | Apr | May | Jun | Jul | Aug | Sep | Oct | Nov | Dec
2020: Jan | Feb | Mar | Apr | May | Jun | Jul | Aug | Sep | Oct | Nov | Dec
2019: Jan | Feb | Mar | Apr | May | Jun | Jul | Aug | Sep | Oct | Nov | Dec
2018: Jan | Feb | Mar | Apr | May | Jun | Jul | Aug | Sep | Oct | Nov | Dec
2017: Jan | Feb | Mar | Apr | May | Jun | Jul | Aug | Sep | Oct | Nov | Dec
2016: Jan | Feb | Mar | Apr | May | Jun | Jul | Aug | Sep | Oct | Nov | Dec
2015: Jan | Feb | Mar | Apr | May | Jun | Jul | Aug | Sep | Oct | Nov | Dec
2014: Jan | Feb | Mar | Apr | May | Jun | Jul | Aug | Sep | Oct | Nov | Dec
2013: Jan | Feb | Mar | Apr | May | Jun | Jul | Aug | Sep | Oct | Nov | Dec
2012: Jan | Feb | Mar | Apr | May | Jun | Jul | Aug | Sep | Oct | Nov | Dec
2011: Jan | Feb | Mar | Apr | May | Jun | Jul | Aug | Sep | Oct | Nov | Dec
2010: Jan | Feb | Mar | Apr | May | Jun | Jul | Aug | Sep | Oct | Nov | Dec
2009: Jan | Feb | Mar | Apr | May | Jun | Jul | Aug | Sep | Oct | Nov | Dec
2008: Jan | Feb | Mar | Apr | May | Jun | Jul | Aug | Sep | Oct | Nov | Dec
2007: Jan | Feb | Mar | Apr | May | Jun | Jul | Aug | Sep | Oct | Nov | Dec
2006: Jan | Feb | Mar | Apr | May | Jun | Jul | Aug | Sep | Oct | Nov | Dec
2005: Jan | Feb | Mar | Apr | May | Jun | Jul | Aug | Sep | Oct | Nov | Dec
Report for 2008 07
MONTHLY CLIMATOLOGICAL SUMMARY for JUL. 2008
NAME: ConyersWX CITY: Conyers STATE: GA
ELEV: 840 ft LAT: 33° 42' 12" N LONG: 84° 02' 13" W
TEMPERATURE (°F), RAIN (in), WIND SPEED (mph)
HEAT COOL AVG
MEAN DEG DEG WIND DOM
DAY TEMP HIGH TIME LOW TIME DAYS DAYS RAIN SPEED HIGH TIME DIR
------------------------------------------------------------------------------------
1 70.1 82.0 5:20p 58.2 7:20a 0.0 5.1 0.00 0.8 9.0 10:40a NNW
2 72.1 86.5 6:40p 57.6 6:20a 0.0 7.1 0.00 0.4 8.0 5:00p N
3 74.9 89.7 4:30p 60.1 6:50a 0.0 9.9 0.00 0.3 9.0 2:20p S
4 80.3 90.6 6:40p 69.9 4:00a 0.0 15.3 0.00 0.6 7.0 2:20p SW
5 77.9 85.2 1:10p 70.6 7:20a 0.0 12.9 0.00 0.5 8.0 1:40p SW
6 75.1 82.2 1:20p 68.0 4:00p 0.0 10.1 0.73 0.5 11.0 4:40p S
7 76.7 87.1 3:40p 66.3 6:50a 0.0 11.7 0.00 1.0 10.0 7:00p SE
8 80.2 89.3 5:50p 71.0 12:00m 0.0 15.2 1.43 1.0 19.0 11:50p SSW
9 79.6 89.7 4:10p 69.4 6:40a 0.0 14.6 0.42 0.9 10.0 5:10p S
10 77.6 85.1 1:00p 70.0 6:40a 0.0 12.6 0.25 0.5 12.0 2:00p W
11 78.6 85.7 2:40p 71.4 5:30a 0.0 13.6 0.01 0.8 9.0 4:50p W
12 79.9 90.6 3:40p 69.3 6:50a 0.0 14.9 0.00 0.6 8.0 2:00p N
13 77.3 84.5 11:10a 70.1 2:20p 0.0 12.3 0.73 0.2 7.0 10:10a SW
14 78.2 86.8 5:20p 69.6 7:10a 0.0 13.2 0.00 0.9 10.0 10:40a SW
15 76.8 87.2 4:20p 66.4 6:00a 0.0 11.8 0.00 0.8 12.0 12:00p S
16 77.5 87.4 6:50p 67.6 7:00a 0.0 12.5 0.00 0.7 10.0 3:10p N
17 75.8 85.9 3:30p 65.7 7:10a 0.0 10.8 0.00 0.8 10.0 6:40p N
18 77.2 88.9 6:40p 65.5 6:40a 0.0 12.2 0.00 0.7 11.0 1:40p N
19 78.1 86.5 2:20p 69.6 5:10a 0.0 13.1 0.09 0.3 6.0 10:10a NNE
20 81.6 92.4 4:50p 70.7 7:30a 0.0 16.6 0.00 0.9 8.0 5:30p NW
21 83.2 95.4 5:30p 70.9 12:00m 0.0 18.2 0.06 1.0 16.0 10:30p NNW
22 81.3 93.1 5:30p 69.5 4:30a 0.0 16.3 0.06 1.2 18.0 7:20p NNW
23 78.0 86.4 6:40p 69.6 3:30a 0.0 13.0 0.01 1.0 12.0 4:00p NW
24 79.1 88.7 4:20p 69.4 7:20a 0.0 14.1 0.00 1.1 9.0 4:20p NNW
25 76.2 85.9 1:50p 66.4 5:00a 0.0 11.2 0.03 0.3 5.0 1:50p WNW
26 80.5 90.0 3:10p 71.0 7:10a 0.0 15.5 0.12 0.5 10.0 7:30p SSE
27 81.4 92.1 5:50p 70.7 4:10a 0.0 16.4 0.00 0.7 6.0 1:50p NNE
28 82.7 94.5 5:30p 70.9 7:10a 0.0 17.7 0.01 0.8 13.0 9:00p WNW
29 82.3 93.1 4:10p 71.5 6:50a 0.0 17.3 0.06 0.8 8.0 4:50p W
30 81.1 90.9 5:10p 71.3 7:20a 0.0 16.1 0.00 0.9 8.0 10:50p SW
31 79.3 85.6 12:20p 72.9 12:00m 0.0 14.3 0.59 0.8 9.0 1:40p SW
-------------------------------------------------------------------------------------
78.4 95.4 21 57.6 2 0.0 415.1 4.60 0.7 19.0 8 SW
Max >= 90.0: 10
Max <= 32.0: 0
Min <= 32.0: 0
Min <= 0.0: 0
Max Rain: 1.43 ON 07/08/08
Days of Rain: 12 (>.01 in) 7 (>.1 in) 1 (>1 in)
Heat Base: 65.0 Cool Base: 65.0 Method: (High + Low) / 2