NOAA-style Climate Reports

2024: Jan | Feb | Mar | Apr | May | Jun | Jul | Aug | Sep | Oct | Nov | Dec 
2023: Jan | Feb | Mar | Apr | May | Jun | Jul | Aug | Sep | Oct | Nov | Dec 
2022: Jan | Feb | Mar | Apr | May | Jun | Jul | Aug | Sep | Oct | Nov | Dec 
2021: Jan | Feb | Mar | Apr | May | Jun | Jul | Aug | Sep | Oct | Nov | Dec 
2020: Jan | Feb | Mar | Apr | May | Jun | Jul | Aug | Sep | Oct | Nov | Dec 
2019: Jan | Feb | Mar | Apr | May | Jun | Jul | Aug | Sep | Oct | Nov | Dec 
2018: Jan | Feb | Mar | Apr | May | Jun | Jul | Aug | Sep | Oct | Nov | Dec 
2017: Jan | Feb | Mar | Apr | May | Jun | Jul | Aug | Sep | Oct | Nov | Dec 
2016: Jan | Feb | Mar | Apr | May | Jun | Jul | Aug | Sep | Oct | Nov | Dec 
2015: Jan | Feb | Mar | Apr | May | Jun | Jul | Aug | Sep | Oct | Nov | Dec 
2014: Jan | Feb | Mar | Apr | May | Jun | Jul | Aug | Sep | Oct | Nov | Dec 
2013: Jan | Feb | Mar | Apr | May | Jun | Jul | Aug | Sep | Oct | Nov | Dec 
2012: Jan | Feb | Mar | Apr | May | Jun | Jul | Aug | Sep | Oct | Nov | Dec 
2011: Jan | Feb | Mar | Apr | May | Jun | Jul | Aug | Sep | Oct | Nov | Dec 
2010: Jan | Feb | Mar | Apr | May | Jun | Jul | Aug | Sep | Oct | Nov | Dec 
2009: Jan | Feb | Mar | Apr | May | Jun | Jul | Aug | Sep | Oct | Nov | Dec 
2008: Jan | Feb | Mar | Apr | May | Jun | Jul | Aug | Sep | Oct | Nov | Dec 
2007: Jan | Feb | Mar | Apr | May | Jun | Jul | Aug | Sep | Oct | Nov | Dec 
2006: Jan | Feb | Mar | Apr | May | Jun | Jul | Aug | Sep | Oct | Nov | Dec 
2005: Jan | Feb | Mar | Apr | May | Jun | Jul | Aug | Sep | Oct | Nov | Dec 

Report for 2009 10
MONTHLY CLIMATOLOGICAL SUMMARY for OCT. 2009 NAME: ConyersWX CITY: Conyers STATE: GA ELEV: 840 ft LAT: 33 42' 12" N LONG: 84 02' 13" W TEMPERATURE (F), RAIN (in), WIND SPEED (mph) HEAT COOL AVG MEAN DEG DEG WIND DOM DAY TEMP HIGH TIME LOW TIME DAYS DAYS RAIN SPEED HIGH TIME DIR ------------------------------------------------------------------------------------ 1 62.4 75.6 4:30p 49.2 7:50a 2.6 0.0 0.02 0.6 7.0 4:50p N 2 65.6 76.3 3:30p 54.9 7:40a 0.0 0.6 0.03 0.7 12.0 3:30p SSE 3 65.3 76.6 3:40p 54.1 12:00m 0.0 0.3 0.02 0.8 11.0 4:00p NW 4 62.4 72.5 2:50p 52.3 7:40a 2.6 0.0 0.26 0.4 6.0 1:00p NW 5 57.0 60.2 5:00p 53.7 2:10a 8.0 0.0 1.30 1.0 13.0 1:40a ESE 6 63.4 67.6 5:50p 59.2 4:30a 1.6 0.0 0.01 0.3 5.0 11:50a ESE 7 69.4 78.2 3:10p 60.6 12:00m 0.0 4.4 0.32 1.2 10.0 6:40a NNW 8 67.6 79.9 3:40p 55.2 7:50a 0.0 2.6 0.00 0.5 8.0 11:40a SE 9 74.2 85.6 4:20p 62.7 3:00a 0.0 9.2 0.08 1.0 16.0 3:10p SSW 10 69.9 75.0 1:30p 64.9 11:50p 0.0 4.9 0.03 1.2 9.0 12:20a NNW 11 66.7 76.3 3:30p 57.0 7:40a 0.0 1.7 0.01 0.6 7.0 8:40a NNW 12 61.8 64.8 12:10a 58.8 1:00p 3.2 0.0 2.83 1.1 14.0 5:30p N 13 66.2 74.6 3:40p 57.7 5:50a 0.0 1.2 0.01 0.4 8.0 2:10p SE 14 58.9 64.2 12:10a 53.6 11:40p 6.1 0.0 0.70 0.8 8.0 12:40p SE 15 53.8 57.5 10:00p 50.2 7:20a 11.2 0.0 0.09 0.8 8.0 2:20a SE 16 53.7 58.9 2:30p 48.4 11:30p 11.3 0.0 0.01 2.6 14.0 11:00a NNW 17 45.8 48.7 6:00p 42.9 12:00m 19.2 0.0 0.10 2.8 10.0 3:10a NNW 18 46.7 55.1 4:00p 38.3 7:20a 18.3 0.0 0.00 2.4 12.0 3:20p NNW 19 47.3 61.7 4:40p 33.0 8:00a 17.7 0.0 0.00 0.6 9.0 12:10p NNE 20 53.0 70.0 4:00p 36.1 7:40a 12.0 0.0 0.00 0.5 6.0 1:40p SW 21 57.1 73.8 4:30p 40.3 7:50a 7.9 0.0 0.01 0.5 7.0 3:50p SSE 22 59.7 74.3 3:30p 45.1 7:40a 5.3 0.0 0.00 0.7 12.0 3:20p SSE 23 68.2 74.8 2:50p 61.5 5:10a 0.0 3.2 0.16 1.7 15.0 9:40a S 24 58.8 69.7 12:10a 47.9 11:40p 6.2 0.0 0.00 2.0 12.0 9:50a NNW 25 52.5 62.9 4:40p 42.1 8:00a 12.5 0.0 0.00 0.8 7.0 12:30a N 26 56.4 66.6 3:30p 46.3 4:40a 8.6 0.0 0.00 0.7 10.0 3:00p ESE 27 55.3 57.4 11:50p 53.3 9:40a 9.7 0.0 1.48 0.7 10.0 4:30p ESE 28 63.3 71.4 4:30p 55.1 8:50a 1.8 0.0 0.00 0.6 7.0 1:00p WNW 29 63.9 75.7 4:10p 52.1 8:00a 1.1 0.0 0.01 0.6 9.0 12:10p WNW 30 60.7 63.5 12:00m 57.8 6:20a 4.3 0.0 0.19 1.0 10.0 8:30a SE 31 59.1 68.2 9:50a 50.1 12:00m 5.9 0.0 0.25 2.5 14.0 3:50a NNW ------------------------------------------------------------------------------------- 60.2 85.6 9 33.0 19 177.0 28.0 7.92 1.0 16.0 9 NNW Max >= 90.0: 0 Max <= 32.0: 0 Min <= 32.0: 0 Min <= 0.0: 0 Max Rain: 2.83 ON 10/12/09 Days of Rain: 16 (>.01 in) 9 (>.1 in) 3 (>1 in) Heat Base: 65.0 Cool Base: 65.0 Method: (High + Low) / 2