NOAA-style Climate Reports
2024: Jan | Feb | Mar | Apr | May | Jun | Jul | Aug | Sep | Oct | Nov | Dec
2023: Jan | Feb | Mar | Apr | May | Jun | Jul | Aug | Sep | Oct | Nov | Dec
2022: Jan | Feb | Mar | Apr | May | Jun | Jul | Aug | Sep | Oct | Nov | Dec
2021: Jan | Feb | Mar | Apr | May | Jun | Jul | Aug | Sep | Oct | Nov | Dec
2020: Jan | Feb | Mar | Apr | May | Jun | Jul | Aug | Sep | Oct | Nov | Dec
2019: Jan | Feb | Mar | Apr | May | Jun | Jul | Aug | Sep | Oct | Nov | Dec
2018: Jan | Feb | Mar | Apr | May | Jun | Jul | Aug | Sep | Oct | Nov | Dec
2017: Jan | Feb | Mar | Apr | May | Jun | Jul | Aug | Sep | Oct | Nov | Dec
2016: Jan | Feb | Mar | Apr | May | Jun | Jul | Aug | Sep | Oct | Nov | Dec
2015: Jan | Feb | Mar | Apr | May | Jun | Jul | Aug | Sep | Oct | Nov | Dec
2014: Jan | Feb | Mar | Apr | May | Jun | Jul | Aug | Sep | Oct | Nov | Dec
2013: Jan | Feb | Mar | Apr | May | Jun | Jul | Aug | Sep | Oct | Nov | Dec
2012: Jan | Feb | Mar | Apr | May | Jun | Jul | Aug | Sep | Oct | Nov | Dec
2011: Jan | Feb | Mar | Apr | May | Jun | Jul | Aug | Sep | Oct | Nov | Dec
2010: Jan | Feb | Mar | Apr | May | Jun | Jul | Aug | Sep | Oct | Nov | Dec
2009: Jan | Feb | Mar | Apr | May | Jun | Jul | Aug | Sep | Oct | Nov | Dec
2008: Jan | Feb | Mar | Apr | May | Jun | Jul | Aug | Sep | Oct | Nov | Dec
2007: Jan | Feb | Mar | Apr | May | Jun | Jul | Aug | Sep | Oct | Nov | Dec
2006: Jan | Feb | Mar | Apr | May | Jun | Jul | Aug | Sep | Oct | Nov | Dec
2005: Jan | Feb | Mar | Apr | May | Jun | Jul | Aug | Sep | Oct | Nov | Dec
Report for 2009 12
MONTHLY CLIMATOLOGICAL SUMMARY for DEC. 2009
NAME: ConyersWX CITY: Conyers STATE: GA
ELEV: 840 ft LAT: 33° 42' 12" N LONG: 84° 02' 13" W
TEMPERATURE (°F), RAIN (in), WIND SPEED (mph)
HEAT COOL AVG
MEAN DEG DEG WIND DOM
DAY TEMP HIGH TIME LOW TIME DAYS DAYS RAIN SPEED HIGH TIME DIR
------------------------------------------------------------------------------------
1 42.3 53.9 1:50p 30.8 6:40a 22.7 0.0 0.04 1.5 10.0 11:30a NNW
2 49.7 57.2 8:40p 42.1 2:30a 15.3 0.0 2.12 2.6 18.0 4:40a E
3 46.0 51.9 12:10a 40.1 12:00m 19.0 0.0 0.01 4.5 16.0 6:30a NNW
4 43.3 49.2 2:40p 37.5 7:20a 21.7 0.0 0.00 1.5 9.0 1:10a SSE
5 37.1 44.7 12:20p 29.5 12:00m 27.9 0.0 0.00 3.8 18.0 2:00p NNW
6 36.5 46.7 3:40p 26.3 7:50a 28.5 0.0 0.00 1.2 11.0 12:30p NNW
7 40.8 49.2 3:00p 32.4 4:00a 24.2 0.0 0.00 0.8 9.0 9:20a ESE
8 40.5 44.5 7:30a 36.5 12:10a 24.5 0.0 0.72 1.7 13.0 12:20p ESE
9 56.1 69.3 2:50p 42.9 12:10a 8.9 0.0 0.37 4.1 23.0 4:20a NW
10 39.0 46.7 12:10a 31.2 12:00m 26.0 0.0 0.00 5.0 18.0 6:40a NNW
11 34.5 41.0 3:20p 27.9 7:50a 30.5 0.0 0.00 1.8 9.0 2:30a NNW
12 34.8 38.8 1:10p 30.8 12:10a 30.2 0.0 0.14 1.6 12.0 9:30a E
13 40.5 46.7 12:00m 34.2 2:50a 24.5 0.0 0.28 1.0 11.0 2:50a N
14 51.7 56.7 12:00m 46.6 12:10a 13.3 0.0 0.25 0.6 7.0 6:50p SW
15 53.2 61.8 11:10a 44.5 12:00m 11.8 0.0 0.01 2.9 13.0 2:30p NNW
16 44.3 53.5 3:00p 35.1 7:50a 20.7 0.0 0.00 1.5 10.0 2:50a N
17 38.9 48.7 3:20p 29.1 7:40a 26.1 0.0 0.00 1.1 9.0 2:20p N
18 38.3 42.3 12:10a 34.4 10:30a 26.7 0.0 1.79 2.8 20.0 10:20a N
19 41.3 46.0 1:00p 36.6 12:10a 23.7 0.0 0.03 3.6 17.0 11:30p NNW
20 35.1 40.9 2:20p 29.2 12:00m 29.9 0.0 0.00 4.3 17.0 10:30a NNW
21 39.0 52.8 3:50p 25.2 8:00a 26.0 0.0 0.00 1.3 14.0 2:10p NNW
22 42.8 57.6 3:10p 28.0 6:50a 22.2 0.0 0.00 0.4 6.0 2:20p WSW
23 43.7 54.1 3:20p 33.3 7:30a 21.3 0.0 0.00 0.9 9.0 4:30p SE
24 43.6 50.7 12:50p 36.5 4:00a 21.4 0.0 0.27 2.5 19.0 9:10p ESE
25 44.5 53.8 3:30p 35.3 12:00m 20.5 0.0 1.67 2.8 22.0 1:30a N
26 38.3 46.0 3:50p 30.6 8:10a 26.7 0.0 0.00 2.3 12.0 12:20a NNW
27 39.9 54.6 2:00p 25.2 7:40a 25.1 0.0 0.00 2.2 18.0 4:00p NNW
28 37.5 41.3 12:10a 33.8 7:10a 27.5 0.0 0.00 5.2 22.0 1:00p NNW
29 36.8 47.0 3:50p 26.5 11:40p 28.3 0.0 0.00 2.9 15.0 1:40a NNW
30 36.0 45.4 1:10p 26.6 12:10a 29.0 0.0 0.14 1.2 11.0 12:00p ESE
31 40.3 45.0 9:40p 35.6 2:40a 24.7 0.0 0.09 1.1 8.0 8:50p N
-------------------------------------------------------------------------------------
41.5 69.3 9 25.2 21 728.9 0.0 7.93 2.3 23.0 9 NNW
Max >= 90.0: 0
Max <= 32.0: 0
Min <= 32.0: 14
Min <= 0.0: 0
Max Rain: 2.12 ON 12/02/09
Days of Rain: 13 (>.01 in) 10 (>.1 in) 3 (>1 in)
Heat Base: 65.0 Cool Base: 65.0 Method: (High + Low) / 2