NOAA-style Climate Reports
2024: Jan | Feb | Mar | Apr | May | Jun | Jul | Aug | Sep | Oct | Nov | Dec
2023: Jan | Feb | Mar | Apr | May | Jun | Jul | Aug | Sep | Oct | Nov | Dec
2022: Jan | Feb | Mar | Apr | May | Jun | Jul | Aug | Sep | Oct | Nov | Dec
2021: Jan | Feb | Mar | Apr | May | Jun | Jul | Aug | Sep | Oct | Nov | Dec
2020: Jan | Feb | Mar | Apr | May | Jun | Jul | Aug | Sep | Oct | Nov | Dec
2019: Jan | Feb | Mar | Apr | May | Jun | Jul | Aug | Sep | Oct | Nov | Dec
2018: Jan | Feb | Mar | Apr | May | Jun | Jul | Aug | Sep | Oct | Nov | Dec
2017: Jan | Feb | Mar | Apr | May | Jun | Jul | Aug | Sep | Oct | Nov | Dec
2016: Jan | Feb | Mar | Apr | May | Jun | Jul | Aug | Sep | Oct | Nov | Dec
2015: Jan | Feb | Mar | Apr | May | Jun | Jul | Aug | Sep | Oct | Nov | Dec
2014: Jan | Feb | Mar | Apr | May | Jun | Jul | Aug | Sep | Oct | Nov | Dec
2013: Jan | Feb | Mar | Apr | May | Jun | Jul | Aug | Sep | Oct | Nov | Dec
2012: Jan | Feb | Mar | Apr | May | Jun | Jul | Aug | Sep | Oct | Nov | Dec
2011: Jan | Feb | Mar | Apr | May | Jun | Jul | Aug | Sep | Oct | Nov | Dec
2010: Jan | Feb | Mar | Apr | May | Jun | Jul | Aug | Sep | Oct | Nov | Dec
2009: Jan | Feb | Mar | Apr | May | Jun | Jul | Aug | Sep | Oct | Nov | Dec
2008: Jan | Feb | Mar | Apr | May | Jun | Jul | Aug | Sep | Oct | Nov | Dec
2007: Jan | Feb | Mar | Apr | May | Jun | Jul | Aug | Sep | Oct | Nov | Dec
2006: Jan | Feb | Mar | Apr | May | Jun | Jul | Aug | Sep | Oct | Nov | Dec
2005: Jan | Feb | Mar | Apr | May | Jun | Jul | Aug | Sep | Oct | Nov | Dec
Report for 2010 05
MONTHLY CLIMATOLOGICAL SUMMARY for MAY. 2010
NAME: ConyersWX CITY: Conyers STATE: GA
ELEV: 840 ft LAT: 33° 42' 12" N LONG: 84° 02' 13" W
TEMPERATURE (°F), RAIN (in), WIND SPEED (mph)
HEAT COOL AVG
MEAN DEG DEG WIND DOM
DAY TEMP HIGH TIME LOW TIME DAYS DAYS RAIN SPEED HIGH TIME DIR
------------------------------------------------------------------------------------
1 74.1 82.2 6:20p 66.0 1:20a 0.0 9.1 0.00 1.7 12.0 3:50p SSW
2 77.6 87.1 5:00p 68.0 7:00a 0.0 12.6 0.00 2.8 23.0 1:30p SSW
3 72.4 76.9 12:10a 68.0 4:10p 0.0 7.4 2.64 1.0 12.0 12:40a SW
4 72.8 81.8 5:00p 63.8 7:20a 0.0 7.8 0.00 0.8 10.0 12:40p N
5 71.2 83.9 2:30p 58.4 7:10a 0.0 6.2 0.00 0.0 1.0 5:40a N
6 73.8 85.9 5:30p 61.6 6:40a 0.0 8.8 0.00 0.0 0.0 --- ---
7 73.8 86.1 3:00p 61.6 7:20a 0.0 8.8 0.00 0.2 9.0 3:50p SW
8 68.7 75.8 4:30p 61.5 12:00m 0.0 3.7 0.00 2.5 13.0 12:40p NNW
9 60.7 70.9 4:20p 50.4 7:30a 4.3 0.0 0.00 1.7 9.0 5:50p N
10 57.0 67.1 2:50p 47.0 6:00a 8.0 0.0 0.18 0.9 11.0 9:20a N
11 64.8 76.6 5:40p 53.0 3:40a 0.2 0.0 0.01 1.1 14.0 5:50p S
12 73.7 84.0 4:40p 63.4 5:30a 0.0 8.7 0.00 0.9 10.0 2:30p SSW
13 74.3 85.2 4:10p 63.5 6:50a 0.0 9.3 0.00 0.5 9.0 12:50p SW
14 75.8 85.2 2:40p 66.4 6:50a 0.0 10.8 0.00 0.8 9.0 5:20p SSW
15 75.8 85.6 3:50p 66.1 6:50a 0.0 10.8 0.00 0.8 10.0 4:40p S
16 74.6 84.2 4:10p 65.0 7:10a 0.0 9.6 0.81 0.9 17.0 6:50p SSW
17 74.4 82.1 5:00p 66.8 7:10a 0.0 9.4 0.04 1.0 9.0 4:00p NNW
18 70.8 80.9 4:40p 60.7 6:50a 0.0 5.8 0.00 1.1 12.0 1:50p NNW
19 68.0 78.2 5:30p 57.8 7:10a 0.0 3.0 0.00 1.5 10.0 12:20p NNW
20 67.8 80.6 6:10p 55.0 6:50a 0.0 2.8 0.00 0.7 9.0 10:40a N
21 68.7 74.1 2:50p 63.2 11:40p 0.0 3.7 1.03 0.8 11.0 4:20p ESE
22 72.1 80.6 5:10p 63.5 12:10a 0.0 7.1 0.00 0.4 5.0 2:40p SE
23 75.9 88.2 4:40p 63.7 6:40a 0.0 10.9 0.00 0.7 8.0 3:40p N
24 73.9 81.8 3:00p 65.9 6:50a 0.0 8.9 0.00 1.0 11.0 2:30p N
25 72.7 80.0 3:50p 65.3 3:10a 0.0 7.7 0.00 1.1 11.0 6:30p N
26 72.9 84.8 5:10p 60.9 5:30a 0.0 7.9 0.00 0.8 9.0 6:30p N
27 77.2 87.9 6:50p 66.4 5:10a 0.0 12.2 0.00 0.7 6.0 12:30p NNE
28 76.6 88.2 3:50p 65.1 7:00a 0.0 11.6 0.38 1.0 12.0 4:30p WSW
29 73.1 80.6 5:30p 65.7 4:30a 0.0 8.1 0.01 1.2 11.0 3:40p SSE
30 74.2 80.7 3:00p 67.7 3:50a 0.0 9.2 0.03 1.1 16.0 9:00p SE
31 75.3 83.5 4:20p 67.1 3:00a 0.0 10.3 0.01 1.0 10.0 6:40p S
-------------------------------------------------------------------------------------
72.1 88.2 23 47.0 10 12.5 232.1 5.14 1.0 23.0 2 N
Max >= 90.0: 0
Max <= 32.0: 0
Min <= 32.0: 0
Min <= 0.0: 0
Max Rain: 2.64 ON 05/03/10
Days of Rain: 7 (>.01 in) 5 (>.1 in) 2 (>1 in)
Heat Base: 65.0 Cool Base: 65.0 Method: (High + Low) / 2