NOAA-style Climate Reports

2024: Jan | Feb | Mar | Apr | May | Jun | Jul | Aug | Sep | Oct | Nov | Dec 
2023: Jan | Feb | Mar | Apr | May | Jun | Jul | Aug | Sep | Oct | Nov | Dec 
2022: Jan | Feb | Mar | Apr | May | Jun | Jul | Aug | Sep | Oct | Nov | Dec 
2021: Jan | Feb | Mar | Apr | May | Jun | Jul | Aug | Sep | Oct | Nov | Dec 
2020: Jan | Feb | Mar | Apr | May | Jun | Jul | Aug | Sep | Oct | Nov | Dec 
2019: Jan | Feb | Mar | Apr | May | Jun | Jul | Aug | Sep | Oct | Nov | Dec 
2018: Jan | Feb | Mar | Apr | May | Jun | Jul | Aug | Sep | Oct | Nov | Dec 
2017: Jan | Feb | Mar | Apr | May | Jun | Jul | Aug | Sep | Oct | Nov | Dec 
2016: Jan | Feb | Mar | Apr | May | Jun | Jul | Aug | Sep | Oct | Nov | Dec 
2015: Jan | Feb | Mar | Apr | May | Jun | Jul | Aug | Sep | Oct | Nov | Dec 
2014: Jan | Feb | Mar | Apr | May | Jun | Jul | Aug | Sep | Oct | Nov | Dec 
2013: Jan | Feb | Mar | Apr | May | Jun | Jul | Aug | Sep | Oct | Nov | Dec 
2012: Jan | Feb | Mar | Apr | May | Jun | Jul | Aug | Sep | Oct | Nov | Dec 
2011: Jan | Feb | Mar | Apr | May | Jun | Jul | Aug | Sep | Oct | Nov | Dec 
2010: Jan | Feb | Mar | Apr | May | Jun | Jul | Aug | Sep | Oct | Nov | Dec 
2009: Jan | Feb | Mar | Apr | May | Jun | Jul | Aug | Sep | Oct | Nov | Dec 
2008: Jan | Feb | Mar | Apr | May | Jun | Jul | Aug | Sep | Oct | Nov | Dec 
2007: Jan | Feb | Mar | Apr | May | Jun | Jul | Aug | Sep | Oct | Nov | Dec 
2006: Jan | Feb | Mar | Apr | May | Jun | Jul | Aug | Sep | Oct | Nov | Dec 
2005: Jan | Feb | Mar | Apr | May | Jun | Jul | Aug | Sep | Oct | Nov | Dec 

Report for 2010 09
MONTHLY CLIMATOLOGICAL SUMMARY for SEP. 2010 NAME: ConyersWX CITY: Conyers STATE: GA ELEV: 840 ft LAT: 33 42' 12" N LONG: 84 02' 13" W TEMPERATURE (F), RAIN (in), WIND SPEED (mph) HEAT COOL AVG MEAN DEG DEG WIND DOM DAY TEMP HIGH TIME LOW TIME DAYS DAYS RAIN SPEED HIGH TIME DIR ------------------------------------------------------------------------------------ 1 77.1 90.9 5:00p 63.2 7:30a 0.0 12.1 0.00 0.8 9.0 1:40p N 2 78.6 90.6 4:00p 66.6 7:30a 0.0 13.6 0.00 0.7 10.0 2:00p N 3 80.4 92.7 4:20p 68.1 4:10a 0.0 15.4 0.00 1.3 12.0 4:00p NNW 4 73.2 83.3 5:40p 63.1 12:00m 0.0 8.2 0.00 1.9 12.0 1:40p NNW 5 69.7 84.1 5:40p 55.3 7:40a 0.0 4.7 0.00 0.9 10.0 2:10p N 6 72.8 89.9 4:40p 55.7 7:20a 0.0 7.8 0.00 0.8 8.0 3:30p N 7 75.6 90.0 4:30p 61.1 7:10a 0.0 10.6 0.00 0.8 10.0 3:10p S 8 78.1 91.7 3:00p 64.6 7:20a 0.0 13.1 0.01 0.8 9.0 10:40a N 9 79.9 90.8 2:20p 69.0 7:30a 0.0 14.9 0.00 1.0 9.0 1:10p N 10 80.6 93.1 3:10p 68.1 8:00a 0.0 15.6 0.00 0.9 9.0 3:20p SE 11 82.1 93.1 3:50p 71.2 11:00p 0.0 17.1 0.88 1.0 11.0 5:20p SE 12 77.6 87.0 4:20p 68.2 12:00m 0.0 12.6 0.00 1.6 10.0 3:10p N 13 71.7 83.6 4:40p 59.7 7:20a 0.0 6.7 0.00 1.0 11.0 10:00a N 14 72.8 89.1 3:10p 56.4 7:40a 0.0 7.8 0.00 0.7 10.0 3:00p SSW 15 74.4 89.8 3:10p 59.1 7:40a 0.0 9.4 0.00 0.8 11.0 2:00p ENE 16 75.1 88.0 3:00p 62.1 7:30a 0.0 10.1 0.00 1.1 9.0 10:20a SSW 17 78.2 89.9 5:10p 66.5 8:00a 0.0 13.2 0.00 0.3 7.0 1:00p SW 18 78.6 89.7 5:10p 67.5 7:40a 0.0 13.6 0.00 0.7 9.0 2:00p N 19 78.4 89.7 3:50p 67.1 8:00a 0.0 13.4 0.00 0.6 8.0 2:50p N 20 78.9 92.8 4:10p 65.1 5:00a 0.0 13.9 0.00 0.8 7.0 11:00a ESE 21 79.7 95.1 3:20p 64.3 8:00a 0.0 14.7 0.00 0.9 10.0 3:20p SSW 22 79.8 90.5 3:10p 69.1 8:00a 0.0 14.8 0.00 1.0 8.0 9:50a WSW 23 77.8 90.0 2:30p 65.5 7:50a 0.0 12.8 0.00 1.0 15.0 4:00p SSW 24 76.1 88.0 1:20p 64.2 7:50a 0.0 11.1 0.00 0.1 6.0 11:40a WSW 25 79.0 92.5 2:30p 65.5 7:10a 0.0 14.0 0.00 1.0 12.0 2:10p N 26 69.8 75.1 12:10a 64.4 11:50p 0.0 4.8 0.58 0.8 10.0 2:10p N 27 68.9 79.2 4:10p 58.6 10:20p 0.0 3.9 0.66 1.4 13.0 6:40p WSW 28 65.0 75.1 4:20p 54.9 7:20a 0.0 0.0 0.00 1.3 8.0 12:10p NW 29 64.5 74.7 2:00p 54.3 8:00a 0.5 0.0 0.18 1.1 11.0 12:20p N 30 67.5 73.8 1:50p 61.2 7:40a 0.0 2.5 0.47 2.0 15.0 5:20p N ------------------------------------------------------------------------------------- 75.4 95.1 21 54.3 29 0.5 312.2 2.78 1.0 15.0 23 N Max >= 90.0: 13 Max <= 32.0: 0 Min <= 32.0: 0 Min <= 0.0: 0 Max Rain: 0.88 ON 09/11/10 Days of Rain: 5 (>.01 in) 5 (>.1 in) 0 (>1 in) Heat Base: 65.0 Cool Base: 65.0 Method: (High + Low) / 2