NOAA-style Climate Reports

2024: Jan | Feb | Mar | Apr | May | Jun | Jul | Aug | Sep | Oct | Nov | Dec 
2023: Jan | Feb | Mar | Apr | May | Jun | Jul | Aug | Sep | Oct | Nov | Dec 
2022: Jan | Feb | Mar | Apr | May | Jun | Jul | Aug | Sep | Oct | Nov | Dec 
2021: Jan | Feb | Mar | Apr | May | Jun | Jul | Aug | Sep | Oct | Nov | Dec 
2020: Jan | Feb | Mar | Apr | May | Jun | Jul | Aug | Sep | Oct | Nov | Dec 
2019: Jan | Feb | Mar | Apr | May | Jun | Jul | Aug | Sep | Oct | Nov | Dec 
2018: Jan | Feb | Mar | Apr | May | Jun | Jul | Aug | Sep | Oct | Nov | Dec 
2017: Jan | Feb | Mar | Apr | May | Jun | Jul | Aug | Sep | Oct | Nov | Dec 
2016: Jan | Feb | Mar | Apr | May | Jun | Jul | Aug | Sep | Oct | Nov | Dec 
2015: Jan | Feb | Mar | Apr | May | Jun | Jul | Aug | Sep | Oct | Nov | Dec 
2014: Jan | Feb | Mar | Apr | May | Jun | Jul | Aug | Sep | Oct | Nov | Dec 
2013: Jan | Feb | Mar | Apr | May | Jun | Jul | Aug | Sep | Oct | Nov | Dec 
2012: Jan | Feb | Mar | Apr | May | Jun | Jul | Aug | Sep | Oct | Nov | Dec 
2011: Jan | Feb | Mar | Apr | May | Jun | Jul | Aug | Sep | Oct | Nov | Dec 
2010: Jan | Feb | Mar | Apr | May | Jun | Jul | Aug | Sep | Oct | Nov | Dec 
2009: Jan | Feb | Mar | Apr | May | Jun | Jul | Aug | Sep | Oct | Nov | Dec 
2008: Jan | Feb | Mar | Apr | May | Jun | Jul | Aug | Sep | Oct | Nov | Dec 
2007: Jan | Feb | Mar | Apr | May | Jun | Jul | Aug | Sep | Oct | Nov | Dec 
2006: Jan | Feb | Mar | Apr | May | Jun | Jul | Aug | Sep | Oct | Nov | Dec 
2005: Jan | Feb | Mar | Apr | May | Jun | Jul | Aug | Sep | Oct | Nov | Dec 

Report for 2010 11
MONTHLY CLIMATOLOGICAL SUMMARY for NOV. 2010 NAME: ConyersWX CITY: Conyers STATE: GA ELEV: 840 ft LAT: 33 42' 12" N LONG: 84 02' 13" W TEMPERATURE (F), RAIN (in), WIND SPEED (mph) HEAT COOL AVG MEAN DEG DEG WIND DOM DAY TEMP HIGH TIME LOW TIME DAYS DAYS RAIN SPEED HIGH TIME DIR ------------------------------------------------------------------------------------ 1 57.0 70.2 3:40p 43.9 6:20a 8.0 0.0 0.00 0.6 9.0 2:20p NW 2 57.1 61.9 3:50p 52.2 9:10a 7.9 0.0 0.00 1.2 11.0 2:50p N 3 49.5 53.0 12:50a 46.0 9:30a 15.5 0.0 0.41 0.7 8.0 2:30a N 4 51.8 57.1 2:40p 46.4 12:00m 13.3 0.0 0.17 2.1 12.0 2:50p NNW 5 45.7 51.9 4:10p 39.4 8:20a 19.3 0.0 0.09 2.2 12.0 2:00p NNW 6 40.3 48.7 4:10p 31.8 8:20a 24.8 0.0 0.00 1.4 12.0 3:50p NNW 7 42.7 56.1 2:40p 29.3 7:30a 22.3 0.0 0.00 0.6 6.0 1:40p N 8 52.8 69.2 3:10p 36.3 1:10a 12.3 0.0 0.00 1.5 10.0 12:40p NNW 9 60.2 74.1 3:10p 46.3 12:00m 4.8 0.0 0.00 1.6 8.0 9:20a NNW 10 58.0 74.6 3:00p 41.4 7:20a 7.0 0.0 0.00 0.6 10.0 11:20a NNW 11 57.1 74.9 2:50p 39.3 6:20a 7.9 0.0 0.00 0.0 4.0 1:10p S 12 55.6 69.9 3:20p 41.2 7:20a 9.4 0.0 0.00 0.2 6.0 12:20p N 13 52.2 69.1 3:10p 35.3 7:20a 12.8 0.0 0.00 0.5 8.0 12:40p SSW 14 51.9 70.0 3:10p 33.8 6:30a 13.1 0.0 0.02 0.2 9.0 1:40p WSW 15 54.8 57.0 3:20p 52.6 7:10a 10.2 0.0 0.53 0.4 8.0 10:50p SE 16 61.6 69.8 3:30p 53.4 12:00m 3.4 0.0 0.25 2.8 21.0 2:10p WSW 17 50.3 59.0 2:50p 41.5 12:00m 14.8 0.0 0.00 2.2 16.0 3:50a NNW 18 49.0 63.1 4:00p 35.0 6:30a 16.0 0.0 0.00 0.3 5.0 10:40a NNW 19 51.1 65.4 3:00p 36.8 4:30a 13.9 0.0 0.00 0.5 8.0 1:20p NW 20 52.3 68.8 3:30p 35.8 6:50a 12.7 0.0 0.00 0.1 6.0 1:40p SE 21 56.9 71.8 3:30p 42.0 3:20a 8.1 0.0 0.00 0.4 8.0 3:00p SSW 22 60.2 71.6 3:20p 48.7 1:20a 4.8 0.0 0.00 0.8 11.0 1:10p SSW 23 62.2 72.3 1:00p 52.1 2:30a 2.8 0.0 0.09 1.5 15.0 10:50a SSW 24 57.8 60.9 4:40p 54.6 10:20a 7.3 0.0 0.01 0.5 8.0 8:30a NNW 25 64.6 73.6 3:00p 55.5 7:00a 0.4 0.0 0.01 1.2 15.0 2:00p SE 26 52.1 66.2 4:20a 38.0 12:00m 12.9 0.0 0.11 4.2 19.0 5:20a NNW 27 43.3 52.1 3:10p 34.5 3:20a 21.7 0.0 0.00 4.6 17.0 5:00a NNW 28 42.5 53.2 2:50p 31.8 5:30a 22.5 0.0 0.00 1.5 12.0 10:10a N 29 45.4 48.0 2:10p 42.8 6:20p 19.6 0.0 0.55 2.3 13.0 8:50a E 30 56.3 67.4 3:30p 45.1 12:20a 8.8 0.0 1.45 2.9 21.0 3:20p NNW ------------------------------------------------------------------------------------- 53.1 74.9 11 29.3 7 358.1 0.0 3.69 1.3 21.0 16 NNW Max >= 90.0: 0 Max <= 32.0: 0 Min <= 32.0: 3 Min <= 0.0: 0 Max Rain: 1.45 ON 11/30/10 Days of Rain: 10 (>.01 in) 7 (>.1 in) 1 (>1 in) Heat Base: 65.0 Cool Base: 65.0 Method: (High + Low) / 2