NOAA-style Climate Reports

2024: Jan | Feb | Mar | Apr | May | Jun | Jul | Aug | Sep | Oct | Nov | Dec 
2023: Jan | Feb | Mar | Apr | May | Jun | Jul | Aug | Sep | Oct | Nov | Dec 
2022: Jan | Feb | Mar | Apr | May | Jun | Jul | Aug | Sep | Oct | Nov | Dec 
2021: Jan | Feb | Mar | Apr | May | Jun | Jul | Aug | Sep | Oct | Nov | Dec 
2020: Jan | Feb | Mar | Apr | May | Jun | Jul | Aug | Sep | Oct | Nov | Dec 
2019: Jan | Feb | Mar | Apr | May | Jun | Jul | Aug | Sep | Oct | Nov | Dec 
2018: Jan | Feb | Mar | Apr | May | Jun | Jul | Aug | Sep | Oct | Nov | Dec 
2017: Jan | Feb | Mar | Apr | May | Jun | Jul | Aug | Sep | Oct | Nov | Dec 
2016: Jan | Feb | Mar | Apr | May | Jun | Jul | Aug | Sep | Oct | Nov | Dec 
2015: Jan | Feb | Mar | Apr | May | Jun | Jul | Aug | Sep | Oct | Nov | Dec 
2014: Jan | Feb | Mar | Apr | May | Jun | Jul | Aug | Sep | Oct | Nov | Dec 
2013: Jan | Feb | Mar | Apr | May | Jun | Jul | Aug | Sep | Oct | Nov | Dec 
2012: Jan | Feb | Mar | Apr | May | Jun | Jul | Aug | Sep | Oct | Nov | Dec 
2011: Jan | Feb | Mar | Apr | May | Jun | Jul | Aug | Sep | Oct | Nov | Dec 
2010: Jan | Feb | Mar | Apr | May | Jun | Jul | Aug | Sep | Oct | Nov | Dec 
2009: Jan | Feb | Mar | Apr | May | Jun | Jul | Aug | Sep | Oct | Nov | Dec 
2008: Jan | Feb | Mar | Apr | May | Jun | Jul | Aug | Sep | Oct | Nov | Dec 
2007: Jan | Feb | Mar | Apr | May | Jun | Jul | Aug | Sep | Oct | Nov | Dec 
2006: Jan | Feb | Mar | Apr | May | Jun | Jul | Aug | Sep | Oct | Nov | Dec 
2005: Jan | Feb | Mar | Apr | May | Jun | Jul | Aug | Sep | Oct | Nov | Dec 

Report for 2010 12
MONTHLY CLIMATOLOGICAL SUMMARY for DEC. 2010 NAME: ConyersWX CITY: Conyers STATE: GA ELEV: 840 ft LAT: 33 42' 12" N LONG: 84 02' 13" W TEMPERATURE (F), RAIN (in), WIND SPEED (mph) HEAT COOL AVG MEAN DEG DEG WIND DOM DAY TEMP HIGH TIME LOW TIME DAYS DAYS RAIN SPEED HIGH TIME DIR ------------------------------------------------------------------------------------ 1 39.9 46.9 12:10a 32.9 12:00m 25.1 0.0 0.00 5.0 24.0 12:10a NNW 2 38.5 49.2 3:40p 27.7 4:20a 26.5 0.0 0.00 2.1 13.0 1:50p NNW 3 42.1 58.1 3:30p 26.1 6:40a 22.9 0.0 0.00 1.3 13.0 4:10p NNW 4 46.3 59.2 4:10p 33.4 7:00a 18.7 0.0 0.00 2.6 20.0 10:00p NNW 5 40.3 47.8 12:10a 32.8 9:20p 24.7 0.0 0.00 6.3 20.0 1:00a NNW 6 32.8 38.7 2:40p 26.9 12:00m 32.2 0.0 0.00 6.9 23.0 10:30p NNW 7 31.1 38.6 3:30p 23.7 7:20a 33.8 0.0 0.00 4.4 16.0 12:10a NNW 8 27.8 34.7 4:00p 20.9 7:10a 37.2 0.0 0.00 1.9 11.0 3:50p NNW 9 32.8 47.0 3:10p 18.7 8:00a 32.2 0.0 0.00 0.8 9.0 12:10p SW 10 37.6 51.5 3:00p 23.7 4:50a 27.4 0.0 0.00 0.6 7.0 11:40a N 11 38.5 49.3 1:30p 27.8 7:20a 26.5 0.0 0.00 1.0 9.0 11:00p SE 12 35.5 45.5 6:30a 25.4 12:00m 29.5 0.0 0.23 5.3 26.0 9:50p NNW 13 23.9 29.0 3:10p 18.7 12:00m 41.2 0.0 0.00 7.7 26.0 5:20a NNW 14 24.0 32.5 3:30p 15.4 8:00a 41.0 0.0 0.00 4.5 17.0 2:20p NNW 15 30.0 35.6 2:10p 24.5 2:00a 35.0 0.0 0.00 1.8 8.0 5:00a ESE 16 44.6 58.7 6:40p 30.5 12:10a 20.4 0.0 0.13 2.3 18.0 12:50p WSW 17 44.7 53.2 12:10a 36.1 8:20a 20.3 0.0 0.00 3.1 13.0 1:20a NNW 18 37.2 40.1 2:50p 34.3 3:50a 27.8 0.0 0.04 1.4 8.0 3:40p NNW 19 39.4 47.4 3:10p 31.4 12:00m 25.6 0.0 0.00 2.3 12.0 2:10p NNW 20 39.3 52.8 3:40p 25.9 7:40a 25.7 0.0 0.00 0.9 8.0 1:30p N 21 41.9 49.2 3:50p 34.6 2:30a 23.1 0.0 0.02 0.3 6.0 4:50a ESE 22 49.6 61.9 11:20a 37.2 12:00m 15.4 0.0 0.00 4.8 21.0 1:40p NNW 23 37.5 45.9 2:50p 29.0 7:40a 27.5 0.0 0.00 4.2 15.0 12:30a NNW 24 38.4 51.5 3:30p 25.3 8:20a 26.6 0.0 0.00 1.0 9.0 12:50p N 25 34.0 40.5 12:30p 27.6 6:30a 31.0 0.0 0.02 1.0 12.0 11:40p NNW 26 29.2 32.2 12:10a 26.2 9:20p 35.8 0.0 0.00 7.5 26.0 8:00a N 27 31.5 37.0 3:20p 26.1 1:00a 33.5 0.0 0.00 6.9 22.0 9:50a NNW 28 34.2 46.1 3:30p 22.3 8:00a 30.8 0.0 0.00 2.6 12.0 2:20p NNW 29 40.5 52.5 3:10p 28.4 6:20a 24.5 0.0 0.00 1.6 10.0 11:00a NNW 30 42.5 52.7 3:30p 32.2 5:20a 22.5 0.0 0.00 1.2 10.0 10:20a SE 31 54.7 66.6 3:20p 42.7 2:30a 10.3 0.0 0.00 1.7 10.0 1:40p E ------------------------------------------------------------------------------------- 37.4 66.6 31 15.4 14 854.8 0.0 0.44 3.1 26.0 12 NNW Max >= 90.0: 0 Max <= 32.0: 1 Min <= 32.0: 22 Min <= 0.0: 0 Max Rain: 0.23 ON 12/12/10 Days of Rain: 5 (>.01 in) 2 (>.1 in) 0 (>1 in) Heat Base: 65.0 Cool Base: 65.0 Method: (High + Low) / 2