NOAA-style Climate Reports
2024: Jan | Feb | Mar | Apr | May | Jun | Jul | Aug | Sep | Oct | Nov | Dec
2023: Jan | Feb | Mar | Apr | May | Jun | Jul | Aug | Sep | Oct | Nov | Dec
2022: Jan | Feb | Mar | Apr | May | Jun | Jul | Aug | Sep | Oct | Nov | Dec
2021: Jan | Feb | Mar | Apr | May | Jun | Jul | Aug | Sep | Oct | Nov | Dec
2020: Jan | Feb | Mar | Apr | May | Jun | Jul | Aug | Sep | Oct | Nov | Dec
2019: Jan | Feb | Mar | Apr | May | Jun | Jul | Aug | Sep | Oct | Nov | Dec
2018: Jan | Feb | Mar | Apr | May | Jun | Jul | Aug | Sep | Oct | Nov | Dec
2017: Jan | Feb | Mar | Apr | May | Jun | Jul | Aug | Sep | Oct | Nov | Dec
2016: Jan | Feb | Mar | Apr | May | Jun | Jul | Aug | Sep | Oct | Nov | Dec
2015: Jan | Feb | Mar | Apr | May | Jun | Jul | Aug | Sep | Oct | Nov | Dec
2014: Jan | Feb | Mar | Apr | May | Jun | Jul | Aug | Sep | Oct | Nov | Dec
2013: Jan | Feb | Mar | Apr | May | Jun | Jul | Aug | Sep | Oct | Nov | Dec
2012: Jan | Feb | Mar | Apr | May | Jun | Jul | Aug | Sep | Oct | Nov | Dec
2011: Jan | Feb | Mar | Apr | May | Jun | Jul | Aug | Sep | Oct | Nov | Dec
2010: Jan | Feb | Mar | Apr | May | Jun | Jul | Aug | Sep | Oct | Nov | Dec
2009: Jan | Feb | Mar | Apr | May | Jun | Jul | Aug | Sep | Oct | Nov | Dec
2008: Jan | Feb | Mar | Apr | May | Jun | Jul | Aug | Sep | Oct | Nov | Dec
2007: Jan | Feb | Mar | Apr | May | Jun | Jul | Aug | Sep | Oct | Nov | Dec
2006: Jan | Feb | Mar | Apr | May | Jun | Jul | Aug | Sep | Oct | Nov | Dec
2005: Jan | Feb | Mar | Apr | May | Jun | Jul | Aug | Sep | Oct | Nov | Dec
Report for 2011 03
MONTHLY CLIMATOLOGICAL SUMMARY for MAR. 2011
NAME: ConyersWX CITY: Conyers STATE: GA
ELEV: 840 ft LAT: 33° 42' 12" N LONG: 84° 02' 13" W
TEMPERATURE (°F), RAIN (in), WIND SPEED (mph)
HEAT COOL AVG
MEAN DEG DEG WIND DOM
DAY TEMP HIGH TIME LOW TIME DAYS DAYS RAIN SPEED HIGH TIME DIR
------------------------------------------------------------------------------------
1 55.1 65.7 4:10p 44.5 7:40a 9.9 0.0 0.01 2.7 17.0 3:50a NNW
2 51.9 68.0 4:00p 35.8 7:10a 13.1 0.0 0.00 0.8 7.0 10:10a W
3 55.1 68.4 3:00p 41.8 4:20a 9.9 0.0 0.00 2.0 18.0 12:40p ESE
4 46.7 52.0 1:50a 41.4 1:00p 18.3 0.0 0.00 2.2 14.0 4:20a ESE
5 52.6 58.0 3:00p 47.2 12:10a 12.4 0.0 0.69 1.7 17.0 12:30p SSE
6 47.2 56.2 6:00a 38.1 12:00m 17.8 0.0 0.38 6.0 23.0 3:00p NNW
7 45.2 56.4 2:50p 34.0 6:00a 19.8 0.0 0.00 2.2 13.0 12:40a NNW
8 49.5 59.8 3:20p 39.3 7:20a 15.5 0.0 0.01 2.3 18.0 9:50a ESE
9 53.4 57.1 5:30p 49.7 2:00a 11.6 0.0 1.11 2.0 22.0 3:50p E
10 48.3 55.6 12:10a 41.1 11:50p 16.7 0.0 0.28 5.6 25.0 4:50a NNW
11 46.3 53.7 4:00p 38.9 7:30a 18.7 0.0 0.00 4.6 17.0 2:30a NNW
12 51.9 72.5 4:50p 31.3 5:40a 13.1 0.0 0.00 1.9 15.0 1:00p WNW
13 58.0 74.7 4:00p 41.4 6:50a 7.0 0.0 0.00 1.4 14.0 2:00p NNW
14 61.7 75.9 3:20p 47.5 8:10a 3.3 0.0 0.00 1.2 14.0 3:00p SSE
15 52.3 58.1 2:00a 46.6 8:50a 12.7 0.0 1.00 1.6 11.0 6:00a N
16 52.2 60.4 5:40p 43.9 8:20a 12.8 0.0 0.00 2.2 13.0 10:20a NNW
17 57.0 76.4 4:50p 37.5 8:20a 8.0 0.0 0.00 1.1 8.0 2:30p NW
18 63.4 82.2 6:00p 44.6 8:30a 1.6 0.0 0.00 1.5 16.0 4:40p WSW
19 68.4 83.2 5:50p 53.6 8:20a 0.0 3.4 0.00 0.9 9.0 2:20p NNW
20 61.2 65.8 12:10a 56.5 7:20a 3.8 0.0 0.00 1.5 12.0 6:00p E
21 64.9 77.8 6:00p 52.1 7:30a 0.1 0.0 0.00 2.0 17.0 2:10p E
22 68.3 82.6 4:50p 53.9 8:20a 0.0 3.3 0.00 2.4 15.0 5:50p WSW
23 69.1 77.5 5:20p 60.7 6:10a 0.0 4.1 0.00 4.3 21.0 11:50a WSW
24 59.2 71.9 12:10a 46.5 12:00m 5.8 0.0 0.02 5.2 21.0 5:20p NNW
25 53.0 68.7 6:00p 37.3 7:50a 12.0 0.0 0.00 1.5 15.0 10:00a NNW
26 52.7 56.4 2:30p 49.0 3:30a 12.3 0.0 0.85 1.1 19.0 11:30p SSW
27 49.4 53.4 12:10a 45.4 7:40a 15.6 0.0 0.78 1.5 9.0 1:40a N
28 45.6 49.3 5:50p 41.9 7:40a 19.4 0.0 0.60 1.7 11.0 1:00a SE
29 48.7 54.7 5:30p 42.7 5:50a 16.3 0.0 0.00 1.4 11.0 4:00a E
30 54.2 57.9 6:10p 50.4 7:10a 10.8 0.0 0.60 1.1 16.0 7:20a NNE
31 51.5 57.7 3:20p 45.2 12:00m 13.5 0.0 0.02 3.0 18.0 4:20p NNW
-------------------------------------------------------------------------------------
54.6 83.2 19 31.3 12 331.8 10.7 6.35 2.3 25.0 10 NNW
Max >= 90.0: 0
Max <= 32.0: 0
Min <= 32.0: 1
Min <= 0.0: 0
Max Rain: 1.11 ON 03/09/11
Days of Rain: 11 (>.01 in) 9 (>.1 in) 1 (>1 in)
Heat Base: 65.0 Cool Base: 65.0 Method: (High + Low) / 2