NOAA-style Climate Reports
2024: Jan | Feb | Mar | Apr | May | Jun | Jul | Aug | Sep | Oct | Nov | Dec
2023: Jan | Feb | Mar | Apr | May | Jun | Jul | Aug | Sep | Oct | Nov | Dec
2022: Jan | Feb | Mar | Apr | May | Jun | Jul | Aug | Sep | Oct | Nov | Dec
2021: Jan | Feb | Mar | Apr | May | Jun | Jul | Aug | Sep | Oct | Nov | Dec
2020: Jan | Feb | Mar | Apr | May | Jun | Jul | Aug | Sep | Oct | Nov | Dec
2019: Jan | Feb | Mar | Apr | May | Jun | Jul | Aug | Sep | Oct | Nov | Dec
2018: Jan | Feb | Mar | Apr | May | Jun | Jul | Aug | Sep | Oct | Nov | Dec
2017: Jan | Feb | Mar | Apr | May | Jun | Jul | Aug | Sep | Oct | Nov | Dec
2016: Jan | Feb | Mar | Apr | May | Jun | Jul | Aug | Sep | Oct | Nov | Dec
2015: Jan | Feb | Mar | Apr | May | Jun | Jul | Aug | Sep | Oct | Nov | Dec
2014: Jan | Feb | Mar | Apr | May | Jun | Jul | Aug | Sep | Oct | Nov | Dec
2013: Jan | Feb | Mar | Apr | May | Jun | Jul | Aug | Sep | Oct | Nov | Dec
2012: Jan | Feb | Mar | Apr | May | Jun | Jul | Aug | Sep | Oct | Nov | Dec
2011: Jan | Feb | Mar | Apr | May | Jun | Jul | Aug | Sep | Oct | Nov | Dec
2010: Jan | Feb | Mar | Apr | May | Jun | Jul | Aug | Sep | Oct | Nov | Dec
2009: Jan | Feb | Mar | Apr | May | Jun | Jul | Aug | Sep | Oct | Nov | Dec
2008: Jan | Feb | Mar | Apr | May | Jun | Jul | Aug | Sep | Oct | Nov | Dec
2007: Jan | Feb | Mar | Apr | May | Jun | Jul | Aug | Sep | Oct | Nov | Dec
2006: Jan | Feb | Mar | Apr | May | Jun | Jul | Aug | Sep | Oct | Nov | Dec
2005: Jan | Feb | Mar | Apr | May | Jun | Jul | Aug | Sep | Oct | Nov | Dec
Report for 2011 04
MONTHLY CLIMATOLOGICAL SUMMARY for APR. 2011
NAME: ConyersWX CITY: Conyers STATE: GA
ELEV: 840 ft LAT: 33° 42' 12" N LONG: 84° 02' 13" W
TEMPERATURE (°F), RAIN (in), WIND SPEED (mph)
HEAT COOL AVG
MEAN DEG DEG WIND DOM
DAY TEMP HIGH TIME LOW TIME DAYS DAYS RAIN SPEED HIGH TIME DIR
------------------------------------------------------------------------------------
1 49.2 57.5 6:50p 40.8 8:10a 15.8 0.0 0.00 2.6 14.0 3:10p NNW
2 55.1 68.8 5:20p 41.3 2:40a 9.9 0.0 0.00 3.4 22.0 4:20p NNW
3 59.3 79.6 5:50p 39.1 7:40a 5.7 0.0 0.00 1.2 14.0 3:30p S
4 66.7 83.8 3:40p 49.5 8:00a 0.0 1.7 0.00 3.4 26.0 12:00p SSW
5 59.0 74.3 12:10a 43.6 7:50a 6.0 0.0 1.01 5.2 45.0 12:10a NNW
6 53.1 71.9 5:00p 34.3 7:10a 11.9 0.0 0.00 1.5 15.0 5:00p SSW
7 58.0 75.7 5:40p 40.3 7:40a 7.0 0.0 0.00 1.1 11.0 3:00p S
8 68.1 79.4 4:40p 56.8 3:30a 0.0 3.1 0.00 1.4 14.0 2:30p WSW
9 74.5 86.7 5:40p 62.3 7:00a 0.0 9.5 0.00 1.5 12.0 12:40p SW
10 74.3 86.1 3:10p 62.5 8:20a 0.0 9.3 0.00 1.3 13.0 2:10p SW
11 72.2 82.2 6:10p 62.2 3:30a 0.0 7.2 0.00 2.5 17.0 11:40p WSW
12 65.1 74.5 12:10a 55.7 8:00a 0.0 0.1 0.31 3.1 19.0 1:50p NNW
13 60.4 75.3 5:20p 45.4 7:40a 4.6 0.0 0.00 1.2 11.0 3:20p NNW
14 61.4 76.7 4:50p 46.2 7:50a 3.6 0.0 0.00 0.8 8.0 2:50p SSW
15 63.0 72.2 4:30p 53.9 1:50a 2.0 0.0 0.75 2.9 25.0 3:00p S
16 60.0 66.3 3:40p 53.7 12:00m 5.0 0.0 0.42 2.9 19.0 1:00p NNW
17 59.2 74.0 5:50p 44.4 7:40a 5.8 0.0 0.00 1.8 12.0 12:30a NNW
18 61.3 78.5 5:10p 44.1 7:10a 3.7 0.0 0.00 1.4 14.0 3:50p SW
19 70.8 86.0 2:50p 55.6 7:50a 0.0 5.8 0.00 1.9 14.0 1:20p SW
20 69.1 77.9 5:00p 60.2 5:30a 0.0 4.1 0.00 1.1 16.0 9:20a SW
21 70.9 80.9 3:50p 61.0 7:20a 0.0 5.9 0.01 0.9 15.0 3:40a SW
22 60.4 65.6 1:50a 55.3 12:00m 4.6 0.0 0.17 1.2 10.0 7:30p N
23 64.6 75.9 6:20p 53.3 4:50a 0.4 0.0 0.02 0.9 12.0 2:50p N
24 70.4 84.6 2:30p 56.2 7:30a 0.0 5.4 0.00 0.9 14.0 1:30p SSE
25 73.2 84.0 2:40p 62.4 7:40a 0.0 8.2 0.00 2.0 19.0 5:40p SSW
26 72.7 80.9 4:50p 64.5 7:10a 0.0 7.7 0.00 2.3 19.0 12:50p SSW
27 74.4 84.0 4:30p 64.8 6:20a 0.0 9.4 0.03 4.0 23.0 2:40p SSW
28 67.7 77.2 12:10a 58.2 12:00m 0.0 2.7 0.43 2.4 17.0 3:20p NNW
29 61.5 74.4 4:50p 48.5 7:40a 3.5 0.0 0.00 1.3 11.0 1:10p NNW
30 63.2 79.1 5:30p 47.3 7:20a 1.8 0.0 0.00 1.1 13.0 1:20p WSW
-------------------------------------------------------------------------------------
64.6 86.7 9 34.3 6 91.4 80.0 3.15 2.0 45.0 5 NNW
Max >= 90.0: 0
Max <= 32.0: 0
Min <= 32.0: 0
Min <= 0.0: 0
Max Rain: 1.01 ON 04/05/11
Days of Rain: 8 (>.01 in) 6 (>.1 in) 1 (>1 in)
Heat Base: 65.0 Cool Base: 65.0 Method: (High + Low) / 2