NOAA-style Climate Reports

2024: Jan | Feb | Mar | Apr | May | Jun | Jul | Aug | Sep | Oct | Nov | Dec 
2023: Jan | Feb | Mar | Apr | May | Jun | Jul | Aug | Sep | Oct | Nov | Dec 
2022: Jan | Feb | Mar | Apr | May | Jun | Jul | Aug | Sep | Oct | Nov | Dec 
2021: Jan | Feb | Mar | Apr | May | Jun | Jul | Aug | Sep | Oct | Nov | Dec 
2020: Jan | Feb | Mar | Apr | May | Jun | Jul | Aug | Sep | Oct | Nov | Dec 
2019: Jan | Feb | Mar | Apr | May | Jun | Jul | Aug | Sep | Oct | Nov | Dec 
2018: Jan | Feb | Mar | Apr | May | Jun | Jul | Aug | Sep | Oct | Nov | Dec 
2017: Jan | Feb | Mar | Apr | May | Jun | Jul | Aug | Sep | Oct | Nov | Dec 
2016: Jan | Feb | Mar | Apr | May | Jun | Jul | Aug | Sep | Oct | Nov | Dec 
2015: Jan | Feb | Mar | Apr | May | Jun | Jul | Aug | Sep | Oct | Nov | Dec 
2014: Jan | Feb | Mar | Apr | May | Jun | Jul | Aug | Sep | Oct | Nov | Dec 
2013: Jan | Feb | Mar | Apr | May | Jun | Jul | Aug | Sep | Oct | Nov | Dec 
2012: Jan | Feb | Mar | Apr | May | Jun | Jul | Aug | Sep | Oct | Nov | Dec 
2011: Jan | Feb | Mar | Apr | May | Jun | Jul | Aug | Sep | Oct | Nov | Dec 
2010: Jan | Feb | Mar | Apr | May | Jun | Jul | Aug | Sep | Oct | Nov | Dec 
2009: Jan | Feb | Mar | Apr | May | Jun | Jul | Aug | Sep | Oct | Nov | Dec 
2008: Jan | Feb | Mar | Apr | May | Jun | Jul | Aug | Sep | Oct | Nov | Dec 
2007: Jan | Feb | Mar | Apr | May | Jun | Jul | Aug | Sep | Oct | Nov | Dec 
2006: Jan | Feb | Mar | Apr | May | Jun | Jul | Aug | Sep | Oct | Nov | Dec 
2005: Jan | Feb | Mar | Apr | May | Jun | Jul | Aug | Sep | Oct | Nov | Dec 

Report for 2011 07
MONTHLY CLIMATOLOGICAL SUMMARY for JUL. 2011 NAME: ConyersWX CITY: Conyers STATE: GA ELEV: 840 ft LAT: 33 42' 12" N LONG: 84 02' 13" W TEMPERATURE (F), RAIN (in), WIND SPEED (mph) HEAT COOL AVG MEAN DEG DEG WIND DOM DAY TEMP HIGH TIME LOW TIME DAYS DAYS RAIN SPEED HIGH TIME DIR ------------------------------------------------------------------------------------ 1 82.4 94.3 5:10p 70.6 7:00a 0.0 17.4 0.00 0.8 16.0 6:10p N 2 81.7 94.4 4:50p 69.0 7:00a 0.0 16.7 0.00 0.9 12.0 7:50p SSE 3 82.2 94.0 3:30p 70.4 6:30a 0.0 17.2 0.01 0.9 16.0 3:40p SSW 4 79.8 89.8 2:10p 69.8 12:00m 0.0 14.8 0.00 1.2 9.0 3:10p SSW 5 78.5 89.8 5:20p 67.2 5:10a 0.0 13.5 0.00 0.9 8.0 2:50p SW 6 79.8 89.6 4:40p 70.1 7:00a 0.0 14.8 0.00 0.4 10.0 2:00p SSW 7 81.1 91.9 4:00p 70.2 6:40a 0.0 16.1 0.00 1.0 9.0 3:50p SW 8 81.6 91.0 5:40p 72.1 7:10a 0.0 16.6 0.00 1.0 10.0 12:20p SE 9 82.4 91.6 2:10p 73.2 7:40a 0.0 17.4 0.00 1.0 11.0 2:40p SSW 10 81.3 90.8 5:30p 71.8 7:20a 0.0 16.3 0.00 0.8 8.0 5:10p S 11 82.4 89.8 7:00p 75.0 7:00a 0.0 17.4 0.00 0.8 12.0 1:10p SW 12 83.1 93.1 1:10p 73.2 6:00a 0.0 18.1 0.00 0.6 14.0 2:10p SE 13 86.3 96.6 3:50p 76.1 6:40a 0.0 21.3 0.00 1.0 10.0 5:40p SW 14 80.2 88.6 6:00p 71.8 11:10p 0.0 15.2 0.01 1.1 15.0 9:40p N 15 72.7 76.6 5:20p 68.8 12:00m 0.0 7.7 0.00 0.9 10.0 5:40p N 16 75.1 83.7 4:00p 66.4 8:20a 0.0 10.1 0.00 1.4 18.0 2:30p N 17 76.1 84.9 6:50p 67.3 7:10a 0.0 11.1 0.00 0.9 10.0 12:20p SE 18 77.7 88.8 5:30p 66.6 6:10a 0.0 12.7 0.00 0.9 10.0 5:20p ESE 19 82.1 92.7 5:30p 71.4 7:00a 0.0 17.1 0.00 0.9 8.0 1:00p SSW 20 83.1 92.3 1:40p 73.9 12:00m 0.0 18.1 0.00 0.9 12.0 2:50p WSW 21 81.9 92.2 5:00p 71.6 7:20a 0.0 16.9 0.00 1.1 12.0 5:00p SW 22 82.9 93.8 5:40p 71.9 7:00a 0.0 17.9 0.00 1.0 13.0 6:50p SW 23 82.9 92.2 4:30p 73.6 6:50a 0.0 17.9 0.00 1.2 12.0 3:40p SW 24 82.3 91.6 5:30p 73.0 7:00a 0.0 17.3 0.00 1.3 12.0 5:10p SW 25 81.9 90.4 2:40p 73.5 10:00p 0.0 16.9 0.00 1.1 14.0 2:10p SW 26 83.1 93.4 5:40p 72.7 7:00a 0.0 18.1 0.00 1.0 14.0 9:50p SSW 27 81.9 93.4 4:50p 70.4 7:00a 0.0 16.9 0.00 1.4 13.0 6:10p SSW 28 82.9 90.6 5:30p 75.3 4:40a 0.0 17.9 0.00 1.5 12.0 12:30p SSW 29 82.6 92.0 5:40p 73.2 7:00a 0.0 17.6 0.00 1.4 12.0 2:50p WSW 30 85.6 94.7 4:00p 76.5 7:00a 0.0 20.6 0.00 1.8 12.0 4:10p NW 31 85.2 94.5 3:20p 75.9 7:40a 0.0 20.2 0.00 1.2 14.0 6:30p NNW ------------------------------------------------------------------------------------- 81.4 96.6 13 66.4 16 0.0 507.8 0.02 1.0 18.0 16 SW Max >= 90.0: 22 Max <= 32.0: 0 Min <= 32.0: 0 Min <= 0.0: 0 Max Rain: 0.01 ON 07/03/11 Days of Rain: 0 (>.01 in) 0 (>.1 in) 0 (>1 in) Heat Base: 65.0 Cool Base: 65.0 Method: (High + Low) / 2