NOAA-style Climate Reports

2024: Jan | Feb | Mar | Apr | May | Jun | Jul | Aug | Sep | Oct | Nov | Dec 
2023: Jan | Feb | Mar | Apr | May | Jun | Jul | Aug | Sep | Oct | Nov | Dec 
2022: Jan | Feb | Mar | Apr | May | Jun | Jul | Aug | Sep | Oct | Nov | Dec 
2021: Jan | Feb | Mar | Apr | May | Jun | Jul | Aug | Sep | Oct | Nov | Dec 
2020: Jan | Feb | Mar | Apr | May | Jun | Jul | Aug | Sep | Oct | Nov | Dec 
2019: Jan | Feb | Mar | Apr | May | Jun | Jul | Aug | Sep | Oct | Nov | Dec 
2018: Jan | Feb | Mar | Apr | May | Jun | Jul | Aug | Sep | Oct | Nov | Dec 
2017: Jan | Feb | Mar | Apr | May | Jun | Jul | Aug | Sep | Oct | Nov | Dec 
2016: Jan | Feb | Mar | Apr | May | Jun | Jul | Aug | Sep | Oct | Nov | Dec 
2015: Jan | Feb | Mar | Apr | May | Jun | Jul | Aug | Sep | Oct | Nov | Dec 
2014: Jan | Feb | Mar | Apr | May | Jun | Jul | Aug | Sep | Oct | Nov | Dec 
2013: Jan | Feb | Mar | Apr | May | Jun | Jul | Aug | Sep | Oct | Nov | Dec 
2012: Jan | Feb | Mar | Apr | May | Jun | Jul | Aug | Sep | Oct | Nov | Dec 
2011: Jan | Feb | Mar | Apr | May | Jun | Jul | Aug | Sep | Oct | Nov | Dec 
2010: Jan | Feb | Mar | Apr | May | Jun | Jul | Aug | Sep | Oct | Nov | Dec 
2009: Jan | Feb | Mar | Apr | May | Jun | Jul | Aug | Sep | Oct | Nov | Dec 
2008: Jan | Feb | Mar | Apr | May | Jun | Jul | Aug | Sep | Oct | Nov | Dec 
2007: Jan | Feb | Mar | Apr | May | Jun | Jul | Aug | Sep | Oct | Nov | Dec 
2006: Jan | Feb | Mar | Apr | May | Jun | Jul | Aug | Sep | Oct | Nov | Dec 
2005: Jan | Feb | Mar | Apr | May | Jun | Jul | Aug | Sep | Oct | Nov | Dec 

Report for 2014 03
MONTHLY CLIMATOLOGICAL SUMMARY for MAR. 2014 NAME: ConyersWX CITY: Conyers STATE: GA ELEV: 840 ft LAT: 33 42' 12" N LONG: 84 02' 13" W TEMPERATURE (F), RAIN (in), WIND SPEED (mph) HEAT COOL AVG MEAN DEG DEG WIND DOM DAY TEMP HIGH TIME LOW TIME DAYS DAYS RAIN SPEED HIGH TIME DIR ------------------------------------------------------------------------------------ 1 51.7 63.2 4:00p 40.2 4:50a 13.3 0.0 0.02 1.1 11.0 10:10a NE 2 56.1 74.0 3:30p 38.2 5:50a 8.9 0.0 0.00 1.5 16.0 11:10a WSW 3 48.0 60.5 12:10p 35.5 11:00p 17.0 0.0 0.11 4.1 18.0 5:20p NNW 4 38.3 42.3 3:40p 34.2 11:50p 26.8 0.0 0.09 1.4 14.0 8:40a NE 5 44.8 57.3 5:00p 32.2 3:00a 20.3 0.0 0.04 0.8 9.0 10:20a NE 6 38.5 42.8 12:10a 34.3 6:40p 26.5 0.0 0.52 3.0 20.0 11:50a NE 7 46.6 57.7 5:10p 35.5 12:10a 18.4 0.0 0.32 1.9 19.0 11:30a NE 8 51.0 68.9 4:00p 33.1 7:20a 14.0 0.0 0.00 0.9 15.0 1:40p NNW 9 58.5 68.9 3:10p 48.1 7:10a 6.5 0.0 0.00 1.6 15.0 4:30p NNW 10 58.7 71.9 4:50p 45.4 5:30a 6.3 0.0 0.00 1.9 18.0 2:00p NNW 11 60.5 78.0 4:10p 42.9 6:00a 4.5 0.0 0.00 1.3 16.0 1:20p NNW 12 56.1 71.9 2:30p 40.3 12:00m 8.9 0.0 0.31 5.5 36.0 3:20p NNW 13 42.5 51.0 5:10p 34.0 7:20a 22.5 0.0 0.00 5.0 22.0 10:20a NNW 14 46.4 65.6 4:30p 27.2 8:10a 18.6 0.0 0.00 1.4 17.0 6:00p SSW 15 57.3 68.8 3:30p 45.8 3:30a 7.7 0.0 0.02 0.8 10.0 1:30p SSW 16 54.9 58.3 12:00m 51.5 6:50a 10.1 0.0 1.31 0.9 15.0 11:50a S 17 47.5 58.4 12:20a 36.5 12:00m 17.5 0.0 0.59 2.1 14.0 2:00p NE 18 42.3 49.9 6:30p 34.7 5:00a 22.7 0.0 0.01 1.8 12.0 2:20a NE 19 49.3 57.3 6:40p 41.4 7:00a 15.7 0.0 0.01 1.2 12.0 2:30p SE 20 53.7 65.3 4:50p 42.1 12:00m 11.3 0.0 0.00 1.8 16.0 2:00p NNW 21 50.4 69.0 4:40p 31.8 7:50a 14.6 0.0 0.00 0.9 12.0 4:40p S 22 58.3 74.1 4:40p 42.4 8:00a 6.8 0.0 0.00 0.9 11.0 5:30p NNW 23 56.3 64.3 2:50p 48.2 5:20a 8.8 0.0 0.00 2.6 18.0 4:30p NNW 24 46.7 59.6 4:40p 33.7 7:20a 18.3 0.0 0.00 1.3 12.0 10:30a SE 25 43.3 50.6 1:50p 36.1 11:30p 21.7 0.0 0.00 5.2 33.0 12:40p NNW 26 40.8 52.2 4:30p 29.3 7:50a 24.3 0.0 0.00 2.7 14.0 12:10a NNW 27 48.3 67.1 4:40p 29.6 4:30a 16.7 0.0 0.00 2.2 20.0 3:20p S 28 55.0 58.5 6:10p 51.6 8:00a 10.0 0.0 0.48 1.7 19.0 4:20p S 29 56.5 66.5 3:00p 46.6 12:00m 8.5 0.0 0.11 4.0 22.0 9:20p NNW 30 52.0 62.7 5:30p 41.2 8:00a 13.0 0.0 0.00 5.7 22.0 1:30a NNW 31 58.1 78.8 5:30p 37.3 8:00a 6.9 0.0 0.00 1.0 9.0 5:40p N ------------------------------------------------------------------------------------- 50.6 78.8 31 27.2 14 446.8 0.0 3.94 2.2 36.0 12 NNW Max >= 90.0: 0 Max <= 32.0: 0 Min <= 32.0: 4 Min <= 0.0: 0 Max Rain: 1.31 ON 03/16/14 Days of Rain: 12 (>.01 in) 8 (>.1 in) 1 (>1 in) Heat Base: 65.0 Cool Base: 65.0 Method: (High + Low) / 2