NOAA-style Climate Reports

2024: Jan | Feb | Mar | Apr | May | Jun | Jul | Aug | Sep | Oct | Nov | Dec 
2023: Jan | Feb | Mar | Apr | May | Jun | Jul | Aug | Sep | Oct | Nov | Dec 
2022: Jan | Feb | Mar | Apr | May | Jun | Jul | Aug | Sep | Oct | Nov | Dec 
2021: Jan | Feb | Mar | Apr | May | Jun | Jul | Aug | Sep | Oct | Nov | Dec 
2020: Jan | Feb | Mar | Apr | May | Jun | Jul | Aug | Sep | Oct | Nov | Dec 
2019: Jan | Feb | Mar | Apr | May | Jun | Jul | Aug | Sep | Oct | Nov | Dec 
2018: Jan | Feb | Mar | Apr | May | Jun | Jul | Aug | Sep | Oct | Nov | Dec 
2017: Jan | Feb | Mar | Apr | May | Jun | Jul | Aug | Sep | Oct | Nov | Dec 
2016: Jan | Feb | Mar | Apr | May | Jun | Jul | Aug | Sep | Oct | Nov | Dec 
2015: Jan | Feb | Mar | Apr | May | Jun | Jul | Aug | Sep | Oct | Nov | Dec 
2014: Jan | Feb | Mar | Apr | May | Jun | Jul | Aug | Sep | Oct | Nov | Dec 
2013: Jan | Feb | Mar | Apr | May | Jun | Jul | Aug | Sep | Oct | Nov | Dec 
2012: Jan | Feb | Mar | Apr | May | Jun | Jul | Aug | Sep | Oct | Nov | Dec 
2011: Jan | Feb | Mar | Apr | May | Jun | Jul | Aug | Sep | Oct | Nov | Dec 
2010: Jan | Feb | Mar | Apr | May | Jun | Jul | Aug | Sep | Oct | Nov | Dec 
2009: Jan | Feb | Mar | Apr | May | Jun | Jul | Aug | Sep | Oct | Nov | Dec 
2008: Jan | Feb | Mar | Apr | May | Jun | Jul | Aug | Sep | Oct | Nov | Dec 
2007: Jan | Feb | Mar | Apr | May | Jun | Jul | Aug | Sep | Oct | Nov | Dec 
2006: Jan | Feb | Mar | Apr | May | Jun | Jul | Aug | Sep | Oct | Nov | Dec 
2005: Jan | Feb | Mar | Apr | May | Jun | Jul | Aug | Sep | Oct | Nov | Dec 

Report for 2014 04
MONTHLY CLIMATOLOGICAL SUMMARY for APR. 2014 NAME: ConyersWX CITY: Conyers STATE: GA ELEV: 840 ft LAT: 33 42' 12" N LONG: 84 02' 13" W TEMPERATURE (F), RAIN (in), WIND SPEED (mph) HEAT COOL AVG MEAN DEG DEG WIND DOM DAY TEMP HIGH TIME LOW TIME DAYS DAYS RAIN SPEED HIGH TIME DIR ------------------------------------------------------------------------------------ 1 63.8 82.2 4:50p 45.4 3:20a 1.2 0.0 0.00 1.4 17.0 4:30p WSW 2 64.4 81.8 3:20p 46.9 7:30a 0.6 0.0 0.00 1.4 18.0 3:20p WSW 3 68.9 83.3 4:50p 54.6 7:50a 0.0 3.9 0.00 2.0 16.0 5:00p SW 4 70.3 79.2 2:00p 61.5 12:00m 0.0 5.3 0.00 2.7 35.0 2:50p WSW 5 60.0 69.0 4:30p 51.1 7:50a 5.0 0.0 0.00 2.0 10.0 10:30a NNW 6 54.8 59.5 3:10p 50.1 7:50a 10.2 0.0 0.09 0.6 11.0 2:30p NNW 7 56.0 63.7 10:00p 48.3 9:00a 9.0 0.0 2.26 1.6 16.0 11:40a ESE 8 54.7 63.6 3:50p 45.8 12:00m 10.3 0.0 0.00 2.6 15.0 10:20a NNW 9 55.8 66.4 5:20p 45.2 1:30a 9.2 0.0 0.01 2.7 17.0 1:30p NNW 10 56.9 75.1 5:40p 38.8 7:20a 8.1 0.0 0.00 1.3 15.0 1:00p WSW 11 59.6 74.4 6:10p 44.7 8:00a 5.4 0.0 0.00 1.4 15.0 1:40p WSW 12 64.1 80.7 4:40p 47.5 7:30a 0.9 0.0 0.00 1.1 13.0 5:30p SSW 13 68.2 79.9 4:30p 56.4 7:30a 0.0 3.2 0.00 2.0 14.0 1:50p S 14 67.3 73.2 1:00p 61.5 6:20a 0.0 2.3 0.29 1.5 16.0 12:40p S 15 51.1 64.2 12:10a 38.1 12:00m 13.9 0.0 0.51 3.5 25.0 3:50p NNW 16 45.7 60.1 5:20p 31.2 7:40a 19.3 0.0 0.00 1.6 15.0 9:30a N 17 51.2 64.9 5:50p 37.5 7:10a 13.8 0.0 0.00 1.4 15.0 10:40a NNE 18 52.4 57.3 12:10a 47.5 10:00p 12.6 0.0 0.84 1.4 16.0 4:30p NNE 19 53.3 57.8 2:40p 48.9 12:10a 11.7 0.0 0.08 3.8 19.0 12:50p NE 20 59.9 72.7 5:40p 47.2 7:30a 5.1 0.0 0.00 2.3 18.0 11:20a NNE 21 60.3 76.8 5:20p 43.7 7:10a 4.8 0.0 0.00 0.6 9.0 2:30p SW 22 62.4 72.1 11:50a 52.7 7:30a 2.6 0.0 0.05 0.5 10.0 10:30a NW 23 65.9 76.9 6:00p 54.9 7:50a 0.0 0.9 0.00 0.9 13.0 11:00a NNW 24 61.0 78.6 5:10p 43.4 7:20a 4.0 0.0 0.00 0.9 11.0 3:10p SSW 25 67.9 78.2 2:40p 57.6 2:30a 0.0 2.9 0.00 1.6 15.0 11:10a NNW 26 64.7 79.8 5:00p 49.5 7:30a 0.3 0.0 0.00 0.9 12.0 1:10p SSW 27 67.8 83.3 3:00p 52.2 6:50a 0.0 2.8 0.09 0.8 13.0 12:50p SSW 28 68.0 77.6 4:10p 58.4 7:00a 0.0 3.0 0.00 1.2 13.0 3:50p SSW 29 70.4 75.8 3:50p 64.9 7:10a 0.0 5.4 0.39 2.5 22.0 7:00a SW 30 68.4 72.8 4:00p 64.1 3:00a 0.0 3.4 0.03 2.8 32.0 6:40a SW ------------------------------------------------------------------------------------- 61.2 83.3 3 31.2 16 147.9 33.1 4.64 1.7 35.0 4 NNW Max >= 90.0: 0 Max <= 32.0: 0 Min <= 32.0: 1 Min <= 0.0: 0 Max Rain: 2.26 ON 04/07/14 Days of Rain: 10 (>.01 in) 5 (>.1 in) 1 (>1 in) Heat Base: 65.0 Cool Base: 65.0 Method: (High + Low) / 2