NOAA-style Climate Reports

2024: Jan | Feb | Mar | Apr | May | Jun | Jul | Aug | Sep | Oct | Nov | Dec 
2023: Jan | Feb | Mar | Apr | May | Jun | Jul | Aug | Sep | Oct | Nov | Dec 
2022: Jan | Feb | Mar | Apr | May | Jun | Jul | Aug | Sep | Oct | Nov | Dec 
2021: Jan | Feb | Mar | Apr | May | Jun | Jul | Aug | Sep | Oct | Nov | Dec 
2020: Jan | Feb | Mar | Apr | May | Jun | Jul | Aug | Sep | Oct | Nov | Dec 
2019: Jan | Feb | Mar | Apr | May | Jun | Jul | Aug | Sep | Oct | Nov | Dec 
2018: Jan | Feb | Mar | Apr | May | Jun | Jul | Aug | Sep | Oct | Nov | Dec 
2017: Jan | Feb | Mar | Apr | May | Jun | Jul | Aug | Sep | Oct | Nov | Dec 
2016: Jan | Feb | Mar | Apr | May | Jun | Jul | Aug | Sep | Oct | Nov | Dec 
2015: Jan | Feb | Mar | Apr | May | Jun | Jul | Aug | Sep | Oct | Nov | Dec 
2014: Jan | Feb | Mar | Apr | May | Jun | Jul | Aug | Sep | Oct | Nov | Dec 
2013: Jan | Feb | Mar | Apr | May | Jun | Jul | Aug | Sep | Oct | Nov | Dec 
2012: Jan | Feb | Mar | Apr | May | Jun | Jul | Aug | Sep | Oct | Nov | Dec 
2011: Jan | Feb | Mar | Apr | May | Jun | Jul | Aug | Sep | Oct | Nov | Dec 
2010: Jan | Feb | Mar | Apr | May | Jun | Jul | Aug | Sep | Oct | Nov | Dec 
2009: Jan | Feb | Mar | Apr | May | Jun | Jul | Aug | Sep | Oct | Nov | Dec 
2008: Jan | Feb | Mar | Apr | May | Jun | Jul | Aug | Sep | Oct | Nov | Dec 
2007: Jan | Feb | Mar | Apr | May | Jun | Jul | Aug | Sep | Oct | Nov | Dec 
2006: Jan | Feb | Mar | Apr | May | Jun | Jul | Aug | Sep | Oct | Nov | Dec 
2005: Jan | Feb | Mar | Apr | May | Jun | Jul | Aug | Sep | Oct | Nov | Dec 

Report for 2015 11
MONTHLY CLIMATOLOGICAL SUMMARY for NOV. 2015 NAME: ConyersWX CITY: Conyers STATE: GA ELEV: 840 ft LAT: 33 42' 12" N LONG: 84 02' 13" W TEMPERATURE (F), RAIN (in), WIND SPEED (mph) HEAT COOL AVG MEAN DEG DEG WIND DOM DAY TEMP HIGH TIME LOW TIME DAYS DAYS RAIN SPEED HIGH TIME DIR ------------------------------------------------------------------------------------ 1 59.0 62.4 3:30p 55.6 5:30a 6.0 0.0 1.03 0.0 8.0 8:30a NNE 2 65.0 67.8 5:00p 62.2 12:30a 0.0 0.0 3.38 0.0 7.0 7:00a NE 3 63.3 64.5 12:30a 62.2 11:30p 1.7 0.0 0.02 0.1 9.0 10:30a NNE 4 63.5 65.5 3:00p 61.5 6:30a 1.5 0.0 0.05 0.0 7.0 5:00p NNE 5 62.7 64.4 4:00p 60.9 7:30a 2.3 0.0 0.05 0.0 2.0 5:00a NNE 6 70.8 77.3 2:30p 64.2 12:30a 0.0 5.8 0.35 0.0 8.0 12:30p SW 7 64.6 69.1 1:00a 60.0 12:00m 0.4 0.0 1.01 0.0 10.0 8:00a NNW 8 52.5 60.0 12:30a 44.9 12:00m 12.5 0.0 1.32 1.8 19.0 8:00p NE 9 48.0 51.2 12:00m 44.7 12:30a 17.0 0.0 0.76 0.8 15.0 1:00a NE 10 57.3 65.7 4:30p 49.0 12:00m 7.7 0.0 0.01 0.3 11.0 12:30p NW 11 59.4 75.7 4:30p 43.1 8:00a 5.6 0.0 0.00 0.1 8.0 4:30p ENE 12 61.0 69.7 4:30p 52.3 3:00a 4.0 0.0 0.00 1.2 15.0 2:00p WSW 13 53.7 61.9 3:00p 45.4 11:30p 11.3 0.0 0.00 3.2 15.0 11:30a NNW 14 48.5 61.9 4:30p 35.0 9:00a 16.5 0.0 0.00 1.1 11.0 12:30a NNW 15 45.5 59.1 4:00p 31.9 7:00a 19.5 0.0 0.00 0.2 8.0 3:00p E 16 51.4 66.3 3:30p 36.4 4:30a 13.6 0.0 0.00 0.2 8.0 11:00a NNE 17 59.4 71.2 2:30p 47.6 1:30a 5.6 0.0 0.00 1.4 15.0 12:00m ESE 18 60.8 68.4 4:30p 53.2 5:30a 4.2 0.0 1.58 0.6 16.0 1:30a SSE 19 59.5 69.5 2:30p 49.6 11:30p 5.5 0.0 0.07 0.9 14.0 1:30p NNW 20 56.8 70.1 3:00p 43.6 6:00a 8.2 0.0 0.00 0.1 8.0 2:00p NE 21 48.5 55.5 2:30p 41.5 8:30a 16.5 0.0 0.01 0.2 8.0 9:30a NE 22 43.4 50.6 2:00a 36.3 12:00m 21.6 0.0 0.00 3.4 15.0 9:00a NNW 23 40.4 53.0 3:30p 27.8 7:00a 24.6 0.0 0.00 1.0 10.0 1:30p NNW 24 43.2 58.1 2:00p 28.2 7:00a 21.8 0.0 0.00 0.2 8.0 11:30a SSE 25 44.0 56.8 4:00p 31.1 5:00a 21.0 0.0 0.00 0.9 13.0 1:30p NE 26 55.8 67.9 3:30p 43.6 6:00a 9.3 0.0 0.00 1.5 13.0 9:30a NE 27 60.0 71.5 2:00p 48.5 7:00a 5.0 0.0 0.00 0.4 15.0 10:30a NE 28 58.4 70.7 2:30p 46.1 7:00a 6.6 0.0 0.00 0.0 6.0 12:00p S 29 60.5 72.7 3:00p 48.4 7:30a 4.5 0.0 0.00 0.1 7.0 11:30a ESE 30 64.4 71.3 2:30p 57.6 8:00a 0.6 0.0 0.00 0.1 10.0 2:00p S ------------------------------------------------------------------------------------- 56.0 77.3 6 27.8 23 274.7 5.8 9.64 0.7 19.0 8 NNW Max >= 90.0: 0 Max <= 32.0: 0 Min <= 32.0: 4 Min <= 0.0: 0 Max Rain: 3.38 ON 11/02/15 Days of Rain: 11 (>.01 in) 7 (>.1 in) 5 (>1 in) Heat Base: 65.0 Cool Base: 65.0 Method: (High + Low) / 2