NOAA-style Climate Reports

2024: Jan | Feb | Mar | Apr | May | Jun | Jul | Aug | Sep | Oct | Nov | Dec 
2023: Jan | Feb | Mar | Apr | May | Jun | Jul | Aug | Sep | Oct | Nov | Dec 
2022: Jan | Feb | Mar | Apr | May | Jun | Jul | Aug | Sep | Oct | Nov | Dec 
2021: Jan | Feb | Mar | Apr | May | Jun | Jul | Aug | Sep | Oct | Nov | Dec 
2020: Jan | Feb | Mar | Apr | May | Jun | Jul | Aug | Sep | Oct | Nov | Dec 
2019: Jan | Feb | Mar | Apr | May | Jun | Jul | Aug | Sep | Oct | Nov | Dec 
2018: Jan | Feb | Mar | Apr | May | Jun | Jul | Aug | Sep | Oct | Nov | Dec 
2017: Jan | Feb | Mar | Apr | May | Jun | Jul | Aug | Sep | Oct | Nov | Dec 
2016: Jan | Feb | Mar | Apr | May | Jun | Jul | Aug | Sep | Oct | Nov | Dec 
2015: Jan | Feb | Mar | Apr | May | Jun | Jul | Aug | Sep | Oct | Nov | Dec 
2014: Jan | Feb | Mar | Apr | May | Jun | Jul | Aug | Sep | Oct | Nov | Dec 
2013: Jan | Feb | Mar | Apr | May | Jun | Jul | Aug | Sep | Oct | Nov | Dec 
2012: Jan | Feb | Mar | Apr | May | Jun | Jul | Aug | Sep | Oct | Nov | Dec 
2011: Jan | Feb | Mar | Apr | May | Jun | Jul | Aug | Sep | Oct | Nov | Dec 
2010: Jan | Feb | Mar | Apr | May | Jun | Jul | Aug | Sep | Oct | Nov | Dec 
2009: Jan | Feb | Mar | Apr | May | Jun | Jul | Aug | Sep | Oct | Nov | Dec 
2008: Jan | Feb | Mar | Apr | May | Jun | Jul | Aug | Sep | Oct | Nov | Dec 
2007: Jan | Feb | Mar | Apr | May | Jun | Jul | Aug | Sep | Oct | Nov | Dec 
2006: Jan | Feb | Mar | Apr | May | Jun | Jul | Aug | Sep | Oct | Nov | Dec 
2005: Jan | Feb | Mar | Apr | May | Jun | Jul | Aug | Sep | Oct | Nov | Dec 

Report for 2016 09
MONTHLY CLIMATOLOGICAL SUMMARY for SEP. 2016 NAME: ConyersWX CITY: Conyers STATE: GA ELEV: 840 ft LAT: 33 42' 12" N LONG: 84 02' 13" W TEMPERATURE (F), RAIN (in), WIND SPEED (mph) HEAT COOL AVG MEAN DEG DEG WIND DOM DAY TEMP HIGH TIME LOW TIME DAYS DAYS RAIN SPEED HIGH TIME DIR ------------------------------------------------------------------------------------ 1 80.6 92.2 2:00p 69.0 7:30a 0.0 15.6 0.00 0.7 10.0 1:50p SW 2 73.3 77.6 12:10a 69.0 12:00m 0.0 8.3 0.61 3.1 20.0 5:30p NE 3 72.8 81.7 3:50p 64.0 7:50a 0.0 7.8 0.00 0.8 9.0 12:10p SSW 4 75.9 86.4 3:00p 65.3 2:50a 0.0 10.9 0.00 1.2 12.0 9:40a NE 5 76.0 88.2 3:00p 63.8 7:30a 0.0 11.0 0.00 0.7 11.0 5:40p NE 6 77.5 92.0 2:40p 63.0 7:20a 0.0 12.5 0.00 0.6 9.0 11:20a N 7 79.3 94.9 1:10p 63.7 7:10a 0.0 14.3 0.00 0.7 11.0 2:50p NE 8 81.8 96.3 2:00p 67.2 7:30a 0.0 16.8 0.00 0.8 9.0 2:30a WSW 9 80.9 95.8 2:20p 66.0 7:40a 0.0 15.9 0.00 0.8 12.0 11:40a NNW 10 80.6 95.8 3:00p 65.4 7:30a 0.0 15.6 0.00 0.8 11.0 1:40p WSW 11 83.1 95.7 2:10p 70.5 7:50a 0.0 18.1 0.00 1.2 13.0 5:20p SW 12 79.1 89.6 12:30p 68.6 7:20a 0.0 14.1 0.01 0.9 13.0 3:40p SW 13 78.3 88.9 2:20p 67.7 7:20a 0.0 13.3 0.00 1.3 13.0 3:50p NE 14 79.9 91.3 2:50p 68.5 6:40a 0.0 14.9 0.00 1.6 20.0 11:20a NE 15 80.3 94.6 1:40p 66.1 7:20a 0.0 15.3 0.00 0.8 10.0 12:40p NE 16 78.5 90.7 4:00p 66.3 7:30a 0.0 13.5 0.00 1.2 13.0 2:50p SSE 17 76.3 88.5 2:40p 64.2 7:10a 0.0 11.3 0.00 0.9 11.0 11:50a SSE 18 72.4 74.7 9:50a 70.1 3:20a 0.0 7.4 0.79 0.4 9.0 12:40p SE 19 78.8 87.5 2:00p 70.2 6:50a 0.0 13.8 0.01 0.9 11.0 1:40p N 20 77.5 88.1 3:10p 66.9 7:40a 0.0 12.5 0.00 1.0 11.0 10:40a NE 21 77.8 89.5 2:20p 66.0 7:50a 0.0 12.8 0.00 0.8 14.0 2:30p NE 22 77.9 88.8 3:20p 67.0 8:10a 0.0 12.9 0.00 1.2 12.0 9:40a NE 23 77.2 88.3 1:30p 66.1 7:40a 0.0 12.2 0.00 0.8 10.0 3:10p NNE 24 79.6 92.2 2:00p 67.1 8:00a 0.0 14.6 0.00 0.6 6.0 2:20p NNE 25 78.8 92.8 2:20p 64.7 7:50a 0.0 13.8 0.00 0.9 13.0 2:40p S 26 77.7 88.2 3:10p 67.2 7:40a 0.0 12.7 0.00 0.9 10.0 1:50p SW 27 78.4 90.4 2:30p 66.4 7:30a 0.0 13.4 0.22 0.7 11.0 3:50p SW 28 76.1 86.8 3:20p 65.4 6:50a 0.0 11.1 0.00 0.8 12.0 4:50p WSW 29 68.8 80.7 1:10p 57.0 5:50a 0.0 3.8 0.00 1.0 13.0 1:20p NNW 30 63.4 75.3 2:10p 51.5 7:50a 1.6 0.0 0.00 0.9 10.0 1:10p N ------------------------------------------------------------------------------------- 77.3 96.3 8 51.5 30 1.6 370.3 1.64 1.0 20.0 2 NE Max >= 90.0: 13 Max <= 32.0: 0 Min <= 32.0: 0 Min <= 0.0: 0 Max Rain: 0.79 ON 09-18-16 Days of Rain: 3 (>.01 in) 3 (>.1 in) 0 (>1 in) Heat Base: 65.0 Cool Base: 65.0 Method: (High + Low) / 2