NOAA-style Climate Reports

2024: Jan | Feb | Mar | Apr | May | Jun | Jul | Aug | Sep | Oct | Nov | Dec 
2023: Jan | Feb | Mar | Apr | May | Jun | Jul | Aug | Sep | Oct | Nov | Dec 
2022: Jan | Feb | Mar | Apr | May | Jun | Jul | Aug | Sep | Oct | Nov | Dec 
2021: Jan | Feb | Mar | Apr | May | Jun | Jul | Aug | Sep | Oct | Nov | Dec 
2020: Jan | Feb | Mar | Apr | May | Jun | Jul | Aug | Sep | Oct | Nov | Dec 
2019: Jan | Feb | Mar | Apr | May | Jun | Jul | Aug | Sep | Oct | Nov | Dec 
2018: Jan | Feb | Mar | Apr | May | Jun | Jul | Aug | Sep | Oct | Nov | Dec 
2017: Jan | Feb | Mar | Apr | May | Jun | Jul | Aug | Sep | Oct | Nov | Dec 
2016: Jan | Feb | Mar | Apr | May | Jun | Jul | Aug | Sep | Oct | Nov | Dec 
2015: Jan | Feb | Mar | Apr | May | Jun | Jul | Aug | Sep | Oct | Nov | Dec 
2014: Jan | Feb | Mar | Apr | May | Jun | Jul | Aug | Sep | Oct | Nov | Dec 
2013: Jan | Feb | Mar | Apr | May | Jun | Jul | Aug | Sep | Oct | Nov | Dec 
2012: Jan | Feb | Mar | Apr | May | Jun | Jul | Aug | Sep | Oct | Nov | Dec 
2011: Jan | Feb | Mar | Apr | May | Jun | Jul | Aug | Sep | Oct | Nov | Dec 
2010: Jan | Feb | Mar | Apr | May | Jun | Jul | Aug | Sep | Oct | Nov | Dec 
2009: Jan | Feb | Mar | Apr | May | Jun | Jul | Aug | Sep | Oct | Nov | Dec 
2008: Jan | Feb | Mar | Apr | May | Jun | Jul | Aug | Sep | Oct | Nov | Dec 
2007: Jan | Feb | Mar | Apr | May | Jun | Jul | Aug | Sep | Oct | Nov | Dec 
2006: Jan | Feb | Mar | Apr | May | Jun | Jul | Aug | Sep | Oct | Nov | Dec 
2005: Jan | Feb | Mar | Apr | May | Jun | Jul | Aug | Sep | Oct | Nov | Dec 

Report for 2016 10
MONTHLY CLIMATOLOGICAL SUMMARY for OCT. 2016 NAME: ConyersWX CITY: Conyers STATE: GA ELEV: 840 ft LAT: 33 42' 12" N LONG: 84 02' 13" W TEMPERATURE (F), RAIN (in), WIND SPEED (mph) HEAT COOL AVG MEAN DEG DEG WIND DOM DAY TEMP HIGH TIME LOW TIME DAYS DAYS RAIN SPEED HIGH TIME DIR ------------------------------------------------------------------------------------ 1 64.9 80.0 3:00p 49.9 8:10a 0.1 0.0 0.00 0.6 9.0 2:10p NW 2 68.2 83.0 1:40p 53.4 6:40a 0.0 3.2 0.00 0.5 9.0 3:00p NNE 3 72.2 86.3 3:00p 58.1 8:10a 0.0 7.2 0.00 0.8 9.0 12:00p NE 4 72.3 84.5 1:40p 60.0 7:50a 0.0 7.3 0.00 1.6 16.0 3:00p NE 5 69.9 80.7 2:50p 59.2 7:30a 0.0 4.9 0.00 2.7 18.0 11:20a NE 6 69.8 80.0 2:50p 59.7 7:30a 0.0 4.8 0.00 3.1 16.0 5:00p NE 7 70.7 74.8 1:40p 66.6 1:20a 0.0 5.7 0.00 3.9 15.0 9:00a NE 8 76.8 86.6 1:00p 66.9 12:00m 0.0 11.8 0.00 3.6 19.0 7:50p NNW 9 67.1 82.4 1:50p 51.7 8:00a 0.0 2.1 0.00 1.4 13.0 2:30p NNE 10 60.9 75.2 4:20p 46.7 8:20a 4.1 0.0 0.00 1.0 13.0 11:50a NE 11 59.6 73.4 3:40p 45.8 7:50a 5.4 0.0 0.00 1.1 12.0 11:20a NE 12 59.8 76.8 4:30p 42.8 7:50a 5.2 0.0 0.00 0.9 13.0 10:40a NE 13 66.0 82.0 3:30p 50.0 7:50a 0.0 1.0 0.00 0.6 12.0 1:10p NNW 14 66.1 79.2 4:00p 52.9 8:00a 0.0 1.1 0.00 1.0 11.0 10:50a NE 15 70.3 77.9 1:30p 62.8 3:50a 0.0 5.3 0.00 1.6 13.0 11:20a NE 16 72.0 81.6 4:00p 62.4 11:50p 0.0 7.0 0.01 0.8 9.0 12:20p NE 17 69.4 83.6 4:10p 55.2 8:10a 0.0 4.4 0.00 0.7 9.0 12:30p SW 18 71.5 86.1 2:50p 56.9 8:10a 0.0 6.5 0.00 0.7 10.0 4:30p SW 19 74.1 88.6 2:10p 59.5 7:40a 0.0 9.1 0.00 0.5 6.0 11:30a SW 20 73.3 87.2 1:10p 59.5 7:40a 0.0 8.3 0.00 0.7 9.0 4:00p WSW 21 62.8 71.5 12:10a 54.2 12:00m 2.2 0.0 0.00 3.3 23.0 11:50a NNW 22 56.1 66.1 3:20p 46.1 8:00a 8.9 0.0 0.00 2.2 15.0 1:40p NNW 23 57.2 74.2 3:00p 40.2 6:10a 7.8 0.0 0.00 0.8 10.0 1:30p NNW 24 62.3 79.7 3:40p 44.8 7:40a 2.8 0.0 0.00 0.7 11.0 11:40a NW 25 61.8 76.3 4:20p 47.2 7:30a 3.3 0.0 0.00 1.1 14.0 10:00a NE 26 61.8 76.2 4:20p 47.5 8:10a 3.2 0.0 0.00 0.8 9.0 11:10a SSW 27 68.1 81.2 3:10p 55.0 5:10a 0.0 3.1 0.00 0.8 11.0 11:40a SW 28 68.7 82.5 1:30p 54.8 8:20a 0.0 3.7 0.00 0.5 10.0 1:30p SW 29 67.2 82.6 2:00p 51.7 7:40a 0.0 2.2 0.00 0.5 7.0 1:00p N 30 67.4 83.5 2:00p 51.3 8:00a 0.0 2.4 0.00 0.6 12.0 3:20p W 31 68.7 84.1 4:10p 53.2 8:20a 0.0 3.7 0.00 0.6 12.0 12:30p NE ------------------------------------------------------------------------------------- 67.0 88.6 19 40.2 23 42.7 104.6 0.01 1.3 23.0 21 NE Max >= 90.0: 0 Max <= 32.0: 0 Min <= 32.0: 0 Min <= 0.0: 0 Max Rain: 0.01 ON 10-16-16 Days of Rain: 0 (>.01 in) 0 (>.1 in) 0 (>1 in) Heat Base: 65.0 Cool Base: 65.0 Method: (High + Low) / 2