NOAA-style Climate Reports

2024: Jan | Feb | Mar | Apr | May | Jun | Jul | Aug | Sep | Oct | Nov | Dec 
2023: Jan | Feb | Mar | Apr | May | Jun | Jul | Aug | Sep | Oct | Nov | Dec 
2022: Jan | Feb | Mar | Apr | May | Jun | Jul | Aug | Sep | Oct | Nov | Dec 
2021: Jan | Feb | Mar | Apr | May | Jun | Jul | Aug | Sep | Oct | Nov | Dec 
2020: Jan | Feb | Mar | Apr | May | Jun | Jul | Aug | Sep | Oct | Nov | Dec 
2019: Jan | Feb | Mar | Apr | May | Jun | Jul | Aug | Sep | Oct | Nov | Dec 
2018: Jan | Feb | Mar | Apr | May | Jun | Jul | Aug | Sep | Oct | Nov | Dec 
2017: Jan | Feb | Mar | Apr | May | Jun | Jul | Aug | Sep | Oct | Nov | Dec 
2016: Jan | Feb | Mar | Apr | May | Jun | Jul | Aug | Sep | Oct | Nov | Dec 
2015: Jan | Feb | Mar | Apr | May | Jun | Jul | Aug | Sep | Oct | Nov | Dec 
2014: Jan | Feb | Mar | Apr | May | Jun | Jul | Aug | Sep | Oct | Nov | Dec 
2013: Jan | Feb | Mar | Apr | May | Jun | Jul | Aug | Sep | Oct | Nov | Dec 
2012: Jan | Feb | Mar | Apr | May | Jun | Jul | Aug | Sep | Oct | Nov | Dec 
2011: Jan | Feb | Mar | Apr | May | Jun | Jul | Aug | Sep | Oct | Nov | Dec 
2010: Jan | Feb | Mar | Apr | May | Jun | Jul | Aug | Sep | Oct | Nov | Dec 
2009: Jan | Feb | Mar | Apr | May | Jun | Jul | Aug | Sep | Oct | Nov | Dec 
2008: Jan | Feb | Mar | Apr | May | Jun | Jul | Aug | Sep | Oct | Nov | Dec 
2007: Jan | Feb | Mar | Apr | May | Jun | Jul | Aug | Sep | Oct | Nov | Dec 
2006: Jan | Feb | Mar | Apr | May | Jun | Jul | Aug | Sep | Oct | Nov | Dec 
2005: Jan | Feb | Mar | Apr | May | Jun | Jul | Aug | Sep | Oct | Nov | Dec 

Report for 2017 07
MONTHLY CLIMATOLOGICAL SUMMARY for JUL. 2017 NAME: ConyersWX CITY: Conyers STATE: GA ELEV: 840 ft LAT: 33 42' 12" N LONG: 84 02' 13" W TEMPERATURE (F), RAIN (in), WIND SPEED (mph) HEAT COOL AVG MEAN DEG DEG WIND DOM DAY TEMP HIGH TIME LOW TIME DAYS DAYS RAIN SPEED HIGH TIME DIR ------------------------------------------------------------------------------------ 1 79.4 89.2 3:10p 69.7 6:20a 0.0 14.4 0.03 0.9 12.0 7:00p WSW 2 80.1 91.4 3:20p 68.8 6:00a 0.0 15.1 0.02 0.5 12.0 5:20p NW 3 78.9 86.6 3:20p 71.2 6:20a 0.0 13.9 0.03 0.8 11.0 11:50a SW 4 80.7 92.2 3:00p 69.2 6:40a 0.0 15.7 0.01 0.7 14.0 3:50p WSW 5 81.6 94.3 2:40p 68.9 6:30a 0.0 16.6 0.11 0.7 12.0 7:20p SW 6 81.2 92.7 2:30p 69.7 6:30a 0.0 16.2 0.01 0.7 11.0 1:40p SW 7 81.8 93.5 2:30p 70.1 5:30a 0.0 16.8 0.19 0.8 12.0 11:50a SW 8 81.4 92.4 3:20p 70.4 6:10a 0.0 16.4 0.00 1.0 10.0 3:10p SW 9 78.9 89.7 1:30p 68.2 6:10a 0.0 13.9 0.00 0.9 11.0 2:20p NE 10 81.9 93.0 2:40p 70.8 5:40a 0.0 16.9 0.43 0.6 12.0 6:20p SSW 11 80.3 91.5 3:00p 69.2 6:30a 0.0 15.3 0.44 0.6 14.0 5:10p SW 12 80.2 91.5 2:40p 68.9 6:30a 0.0 15.2 0.00 0.6 7.0 2:50p SW 13 83.4 95.3 2:50p 71.5 6:30a 0.0 18.4 0.00 0.7 10.0 6:30p SW 14 83.4 94.9 1:50p 71.8 6:30a 0.0 18.4 0.13 1.0 11.0 3:10p SW 15 83.3 94.6 2:00p 71.9 6:00a 0.0 18.3 0.00 0.6 15.0 4:30p NE 16 76.6 80.2 6:30p 72.9 11:40p 0.0 11.6 0.18 0.4 7.0 10:10a WSW 17 79.3 88.8 2:50p 69.7 7:00a 0.0 14.3 0.06 0.8 11.0 4:40a NE 18 79.3 90.0 2:10p 68.6 6:40a 0.0 14.3 0.00 0.6 7.0 12:40p NE 19 83.4 95.5 2:20p 71.4 6:20a 0.0 18.4 0.00 0.6 7.0 11:10a NE 20 84.0 97.1 2:40p 70.9 6:40a 0.0 19.0 0.00 0.7 9.0 11:30a NE 21 84.9 98.1 2:40p 71.8 6:50a 0.0 19.9 0.00 0.8 14.0 9:50p NE 22 84.3 96.2 2:50p 72.3 6:30a 0.0 19.3 0.00 0.8 7.0 11:50a SW 23 85.0 95.6 1:20p 74.4 5:40a 0.0 20.0 0.10 0.9 10.0 5:10p SW 24 82.3 92.0 12:00p 72.5 5:10a 0.0 17.3 0.48 0.7 12.0 12:20p SW 25 80.3 89.7 3:20p 70.8 4:50a 0.0 15.3 0.00 0.4 14.0 4:00p NE 26 82.6 94.0 2:20p 71.2 5:00a 0.0 17.6 0.37 0.9 18.0 6:00p NE 27 80.4 92.2 2:20p 68.7 6:50a 0.0 15.4 0.33 0.6 12.0 5:20p SW 28 78.3 85.6 11:00a 71.1 5:50a 0.0 13.3 0.00 1.0 10.0 4:30p WSW 29 81.2 90.4 1:30p 72.0 12:00m 0.0 16.2 0.00 1.2 14.0 1:30p NE 30 76.7 86.5 2:10p 66.9 12:00m 0.0 11.7 0.00 2.8 16.0 10:20a NE 31 74.5 88.1 2:20p 60.9 7:20a 0.0 9.5 0.00 1.5 14.0 1:10p NE ------------------------------------------------------------------------------------- 81.0 98.1 21 60.9 31 0.0 494.6 2.92 0.8 18.0 26 SW Max >= 90.0: 22 Max <= 32.0: 0 Min <= 32.0: 0 Min <= 0.0: 0 Max Rain: 0.48 ON 07-24-17 Days of Rain: 14 (>.01 in) 9 (>.1 in) 0 (>1 in) Heat Base: 65.0 Cool Base: 65.0 Method: (High + Low) / 2