NOAA-style Climate Reports

2024: Jan | Feb | Mar | Apr | May | Jun | Jul | Aug | Sep | Oct | Nov | Dec 
2023: Jan | Feb | Mar | Apr | May | Jun | Jul | Aug | Sep | Oct | Nov | Dec 
2022: Jan | Feb | Mar | Apr | May | Jun | Jul | Aug | Sep | Oct | Nov | Dec 
2021: Jan | Feb | Mar | Apr | May | Jun | Jul | Aug | Sep | Oct | Nov | Dec 
2020: Jan | Feb | Mar | Apr | May | Jun | Jul | Aug | Sep | Oct | Nov | Dec 
2019: Jan | Feb | Mar | Apr | May | Jun | Jul | Aug | Sep | Oct | Nov | Dec 
2018: Jan | Feb | Mar | Apr | May | Jun | Jul | Aug | Sep | Oct | Nov | Dec 
2017: Jan | Feb | Mar | Apr | May | Jun | Jul | Aug | Sep | Oct | Nov | Dec 
2016: Jan | Feb | Mar | Apr | May | Jun | Jul | Aug | Sep | Oct | Nov | Dec 
2015: Jan | Feb | Mar | Apr | May | Jun | Jul | Aug | Sep | Oct | Nov | Dec 
2014: Jan | Feb | Mar | Apr | May | Jun | Jul | Aug | Sep | Oct | Nov | Dec 
2013: Jan | Feb | Mar | Apr | May | Jun | Jul | Aug | Sep | Oct | Nov | Dec 
2012: Jan | Feb | Mar | Apr | May | Jun | Jul | Aug | Sep | Oct | Nov | Dec 
2011: Jan | Feb | Mar | Apr | May | Jun | Jul | Aug | Sep | Oct | Nov | Dec 
2010: Jan | Feb | Mar | Apr | May | Jun | Jul | Aug | Sep | Oct | Nov | Dec 
2009: Jan | Feb | Mar | Apr | May | Jun | Jul | Aug | Sep | Oct | Nov | Dec 
2008: Jan | Feb | Mar | Apr | May | Jun | Jul | Aug | Sep | Oct | Nov | Dec 
2007: Jan | Feb | Mar | Apr | May | Jun | Jul | Aug | Sep | Oct | Nov | Dec 
2006: Jan | Feb | Mar | Apr | May | Jun | Jul | Aug | Sep | Oct | Nov | Dec 
2005: Jan | Feb | Mar | Apr | May | Jun | Jul | Aug | Sep | Oct | Nov | Dec 

Report for 2017 12
MONTHLY CLIMATOLOGICAL SUMMARY for DEC. 2017 NAME: ConyersWX CITY: Conyers STATE: GA ELEV: 840 ft LAT: 33 42' 12" N LONG: 84 02' 13" W TEMPERATURE (F), RAIN (in), WIND SPEED (mph) HEAT COOL AVG MEAN DEG DEG WIND DOM DAY TEMP HIGH TIME LOW TIME DAYS DAYS RAIN SPEED HIGH TIME DIR ------------------------------------------------------------------------------------ 1 56.7 64.8 3:10p 48.6 12:00m 8.3 0.0 0.00 0.2 4.0 9:40a NW 2 56.6 67.1 3:40p 46.1 5:00a 8.4 0.0 0.01 0.5 7.0 10:30a NE 3 57.3 67.8 3:10p 46.7 12:00m 7.8 0.0 0.00 0.5 6.0 2:00p SSW 4 53.3 65.2 2:20p 41.3 7:10a 11.8 0.0 0.00 0.9 11.0 10:30a SSE 5 60.5 69.3 3:40p 51.7 12:10a 4.5 0.0 0.15 1.4 24.0 5:50p S 6 47.7 56.0 12:10a 39.4 6:50p 17.3 0.0 0.10 2.0 12.0 2:20a NNW 7 44.5 48.3 3:00p 40.8 12:10a 20.5 0.0 0.00 0.9 7.0 11:00a NNW 8 38.6 43.1 12:10a 34.1 12:50p 26.4 0.0 0.65 1.6 11.0 8:50a NNW 9 35.4 40.1 2:10p 30.8 12:00m 29.6 0.0 0.17 1.3 14.0 1:20p NNW 10 35.8 44.8 3:00p 26.8 8:00a 29.2 0.0 0.00 0.9 13.0 1:30a NNW 11 43.5 58.4 3:20p 28.5 7:20a 21.5 0.0 0.00 0.4 11.0 1:40p WSW 12 42.5 50.1 12:50p 35.0 12:00m 22.5 0.0 0.00 3.8 25.0 10:40a NNW 13 37.8 48.4 3:00p 27.3 8:20a 27.2 0.0 0.00 1.7 16.0 1:40a NNW 14 46.7 57.6 2:10p 35.7 7:10a 18.3 0.0 0.00 0.4 11.0 2:50p W 15 38.8 46.7 12:40p 30.9 12:00m 26.2 0.0 0.00 2.2 17.0 12:40p NNW 16 39.5 52.0 3:20p 26.9 7:40a 25.5 0.0 0.00 0.4 7.0 2:00p NNW 17 38.5 47.0 12:50p 29.9 2:50a 26.5 0.0 0.20 0.1 4.0 9:40a NE 18 53.7 61.5 2:50p 45.9 12:10a 11.3 0.0 0.00 0.2 9.0 1:20p SW 19 54.8 64.3 2:30p 45.2 4:20a 10.3 0.0 0.00 0.6 10.0 11:10a NNW 20 60.6 64.3 10:50a 56.8 12:00m 4.4 0.0 1.63 1.2 18.0 10:40a SSW 21 54.1 56.8 12:10a 51.4 11:20p 10.9 0.0 0.01 0.6 10.0 6:30a ESE 22 53.1 55.2 3:40p 50.9 8:00a 11.9 0.0 0.01 0.3 7.0 3:40p S 23 58.1 66.8 1:10p 49.3 12:00m 6.9 0.0 0.48 2.2 17.0 10:00a SSW 24 46.0 50.8 2:50p 41.3 12:00m 19.0 0.0 0.00 2.2 20.0 9:50p NNW 25 36.2 41.3 12:10a 31.1 7:30a 28.8 0.0 0.00 3.9 23.0 2:10a NNW 26 39.3 49.7 1:50p 28.8 7:40a 25.8 0.0 0.00 0.4 12.0 12:30p S 27 39.2 46.5 2:50p 31.8 12:10a 25.8 0.0 0.11 0.2 7.0 3:30p NNW 28 38.8 44.3 2:50p 33.2 7:20a 26.3 0.0 0.00 0.8 15.0 8:50a NE 29 41.2 50.5 2:50p 31.8 12:00m 23.8 0.0 0.00 0.2 11.0 11:30a NE 30 39.2 49.9 2:30p 28.5 7:30a 25.8 0.0 0.00 2.3 17.0 11:50a NNW 31 35.1 39.8 3:30p 30.4 6:10a 29.9 0.0 0.00 0.6 13.0 6:10p NNW ------------------------------------------------------------------------------------- 45.9 69.3 5 26.8 10 592.3 0.0 3.52 1.1 25.0 12 NNW Max >= 90.0: 0 Max <= 32.0: 0 Min <= 32.0: 13 Min <= 0.0: 0 Max Rain: 1.63 ON 12-20-17 Days of Rain: 8 (>.01 in) 7 (>.1 in) 1 (>1 in) Heat Base: 65.0 Cool Base: 65.0 Method: (High + Low) / 2