NOAA-style Climate Reports
2024: Jan | Feb | Mar | Apr | May | Jun | Jul | Aug | Sep | Oct | Nov | Dec
2023: Jan | Feb | Mar | Apr | May | Jun | Jul | Aug | Sep | Oct | Nov | Dec
2022: Jan | Feb | Mar | Apr | May | Jun | Jul | Aug | Sep | Oct | Nov | Dec
2021: Jan | Feb | Mar | Apr | May | Jun | Jul | Aug | Sep | Oct | Nov | Dec
2020: Jan | Feb | Mar | Apr | May | Jun | Jul | Aug | Sep | Oct | Nov | Dec
2019: Jan | Feb | Mar | Apr | May | Jun | Jul | Aug | Sep | Oct | Nov | Dec
2018: Jan | Feb | Mar | Apr | May | Jun | Jul | Aug | Sep | Oct | Nov | Dec
2017: Jan | Feb | Mar | Apr | May | Jun | Jul | Aug | Sep | Oct | Nov | Dec
2016: Jan | Feb | Mar | Apr | May | Jun | Jul | Aug | Sep | Oct | Nov | Dec
2015: Jan | Feb | Mar | Apr | May | Jun | Jul | Aug | Sep | Oct | Nov | Dec
2014: Jan | Feb | Mar | Apr | May | Jun | Jul | Aug | Sep | Oct | Nov | Dec
2013: Jan | Feb | Mar | Apr | May | Jun | Jul | Aug | Sep | Oct | Nov | Dec
2012: Jan | Feb | Mar | Apr | May | Jun | Jul | Aug | Sep | Oct | Nov | Dec
2011: Jan | Feb | Mar | Apr | May | Jun | Jul | Aug | Sep | Oct | Nov | Dec
2010: Jan | Feb | Mar | Apr | May | Jun | Jul | Aug | Sep | Oct | Nov | Dec
2009: Jan | Feb | Mar | Apr | May | Jun | Jul | Aug | Sep | Oct | Nov | Dec
2008: Jan | Feb | Mar | Apr | May | Jun | Jul | Aug | Sep | Oct | Nov | Dec
2007: Jan | Feb | Mar | Apr | May | Jun | Jul | Aug | Sep | Oct | Nov | Dec
2006: Jan | Feb | Mar | Apr | May | Jun | Jul | Aug | Sep | Oct | Nov | Dec
2005: Jan | Feb | Mar | Apr | May | Jun | Jul | Aug | Sep | Oct | Nov | Dec
Report for 2018 07
MONTHLY CLIMATOLOGICAL SUMMARY for JUL. 2018
NAME: Conyers2 CITY: Snellville STATE: GA
ELEV: 1060 ft LAT: 33° 50' 59" N LONG: 84° 02' 47" W
TEMPERATURE (°F), RAIN (in), WIND SPEED (mph)
HEAT COOL AVG
MEAN DEG DEG WIND DOM
DAY TEMP HIGH TIME LOW TIME DAYS DAYS RAIN SPEED HIGH TIME DIR
------------------------------------------------------------------------------------
1 77.9 86.6 3:00p 70.8 6:50a 0.0 12.9 0.03 1.2 12.0 12:30p SSE
2 77.9 85.7 3:40p 72.3 6:40a 0.0 12.9 0.00 0.9 11.0 3:00p SE
3 81.2 92.7 3:40p 70.6 7:00a 0.0 16.2 0.00 1.2 11.0 1:30p NE
4 80.0 90.5 3:40p 71.3 7:30a 0.0 15.0 0.05 1.5 14.0 2:00p NE
5 78.9 87.4 4:00p 71.5 6:30a 0.0 13.9 0.18 1.1 11.0 4:00p NE
6 81.0 94.1 3:10p 71.8 6:30a 0.0 12.5 0.14 0.6 12.0 6:00p NE
7 77.9 86.4 1:20p 72.2 12:00m 0.0 6.4 0.17 1.8 16.0 2:50p NNE
8 75.3 85.4 2:20p 68.8 12:00m 0.0 10.3 0.00 2.2 15.0 10:10a NNE
9 76.8 91.8 1:50p 63.9 6:00a 0.1 11.9 0.00 0.7 10.0 7:50a NE
10 80.9 95.8 3:00p 67.9 7:20a 0.0 15.1 0.00 0.6 9.0 3:00p SW
11 82.5 98.2 3:10p 71.3 6:40a 0.0 17.5 0.00 0.4 7.0 1:10p SSW
12 82.0 94.6 3:00p 72.6 6:50a 0.0 17.0 0.00 0.7 13.0 6:40p S
13 79.3 90.0 3:50p 73.4 5:30a 0.0 14.3 0.00 1.0 11.0 6:50p NNE
14 77.6 87.2 3:20p 74.6 6:50a 0.0 12.6 0.11 0.6 13.0 4:00p NE
15 79.3 89.9 3:20p 72.2 5:20a 0.0 14.2 0.00 0.8 11.0 4:10p NNE
16 77.1 87.5 3:00p 72.1 11:40p 0.0 12.1 1.19 0.4 11.0 10:10p SSW
17 79.7 92.5 3:10p 71.1 4:20a 0.0 14.7 0.04 0.4 7.0 4:40p SW
18 81.1 92.5 3:10p 73.0 6:50a 0.0 16.1 0.00 0.6 9.0 4:50p NNE
19 78.7 90.4 3:30p 73.3 7:30a 0.0 13.7 0.06 1.4 18.0 5:30p NNE
20 76.8 85.9 3:30p 72.1 7:10a 0.0 11.8 0.12 1.3 13.0 3:10p NNE
21 75.1 86.8 3:50p 68.0 8:20a 0.0 10.1 0.90 1.1 18.0 7:00a SSW
22 77.2 89.5 3:00p 68.0 7:30a 0.0 12.2 0.00 0.7 11.0 1:00p WNW
23 75.2 87.3 3:40p 67.4 7:00a 0.0 10.2 0.00 0.8 13.0 12:00p NE
24 74.7 83.8 2:40p 71.0 7:20a 0.0 9.7 1.23 0.8 11.0 3:40p NE
25 77.6 90.2 3:40p 70.2 6:10a 0.0 12.6 0.00 0.3 7.0 2:00p NW
26 77.5 90.9 2:40p 67.3 7:40a 0.0 12.5 0.00 0.5 11.0 12:30p NE
27 77.7 90.6 1:50p 65.3 7:10a 0.0 12.7 0.00 0.2 9.0 2:20p ENE
28 79.1 92.6 3:10p 69.1 7:20a 0.0 14.1 0.00 0.5 9.0 4:10p NW
29 76.9 92.0 3:30p 64.9 7:00a 0.0 11.9 0.00 0.4 10.0 2:20p SSW
30 76.9 85.6 3:50p 71.0 5:00a 0.0 11.9 0.00 0.9 11.0 12:00m S
31 74.2 84.8 3:00p 70.6 6:30a 0.0 9.2 0.36 0.4 15.0 3:40p SSW
-------------------------------------------------------------------------------------
78.2 98.2 11 63.9 9 0.1 398.2 4.58 0.8 18.0 19 NE
Max >= 90.0: 16
Max <= 32.0: 0
Min <= 32.0: 0
Min <= 0.0: 0
Max Rain: 1.23 ON 07/24/18
Days of Rain: 13 (>.01 in) 9 (>.1 in) 2 (>1 in)
Heat Base: 65.0 Cool Base: 65.0 Method: Integration