NOAA-style Climate Reports

2024: Jan | Feb | Mar | Apr | May | Jun | Jul | Aug | Sep | Oct | Nov | Dec 
2023: Jan | Feb | Mar | Apr | May | Jun | Jul | Aug | Sep | Oct | Nov | Dec 
2022: Jan | Feb | Mar | Apr | May | Jun | Jul | Aug | Sep | Oct | Nov | Dec 
2021: Jan | Feb | Mar | Apr | May | Jun | Jul | Aug | Sep | Oct | Nov | Dec 
2020: Jan | Feb | Mar | Apr | May | Jun | Jul | Aug | Sep | Oct | Nov | Dec 
2019: Jan | Feb | Mar | Apr | May | Jun | Jul | Aug | Sep | Oct | Nov | Dec 
2018: Jan | Feb | Mar | Apr | May | Jun | Jul | Aug | Sep | Oct | Nov | Dec 
2017: Jan | Feb | Mar | Apr | May | Jun | Jul | Aug | Sep | Oct | Nov | Dec 
2016: Jan | Feb | Mar | Apr | May | Jun | Jul | Aug | Sep | Oct | Nov | Dec 
2015: Jan | Feb | Mar | Apr | May | Jun | Jul | Aug | Sep | Oct | Nov | Dec 
2014: Jan | Feb | Mar | Apr | May | Jun | Jul | Aug | Sep | Oct | Nov | Dec 
2013: Jan | Feb | Mar | Apr | May | Jun | Jul | Aug | Sep | Oct | Nov | Dec 
2012: Jan | Feb | Mar | Apr | May | Jun | Jul | Aug | Sep | Oct | Nov | Dec 
2011: Jan | Feb | Mar | Apr | May | Jun | Jul | Aug | Sep | Oct | Nov | Dec 
2010: Jan | Feb | Mar | Apr | May | Jun | Jul | Aug | Sep | Oct | Nov | Dec 
2009: Jan | Feb | Mar | Apr | May | Jun | Jul | Aug | Sep | Oct | Nov | Dec 
2008: Jan | Feb | Mar | Apr | May | Jun | Jul | Aug | Sep | Oct | Nov | Dec 
2007: Jan | Feb | Mar | Apr | May | Jun | Jul | Aug | Sep | Oct | Nov | Dec 
2006: Jan | Feb | Mar | Apr | May | Jun | Jul | Aug | Sep | Oct | Nov | Dec 
2005: Jan | Feb | Mar | Apr | May | Jun | Jul | Aug | Sep | Oct | Nov | Dec 

Report for 2018 10
MONTHLY CLIMATOLOGICAL SUMMARY for OCT. 2018 NAME: Conyers2 CITY: Snellville STATE: GA ELEV: 1060 ft LAT: 33 50' 59" N LONG: 84 02' 47" W TEMPERATURE (F), RAIN (in), WIND SPEED (mph) HEAT COOL AVG MEAN DEG DEG WIND DOM DAY TEMP HIGH TIME LOW TIME DAYS DAYS RAIN SPEED HIGH TIME DIR ------------------------------------------------------------------------------------ 1 74.0 82.6 4:10p 66.1 12:00m 0.0 9.0 0.00 1.2 14.0 2:50p NNE 2 71.6 83.4 4:10p 61.8 7:20a 0.7 7.2 0.00 0.7 9.0 2:50p NE 3 73.2 85.9 3:10p 62.9 7:50a 0.4 8.6 0.00 0.5 6.0 12:40p SSE 4 75.0 88.1 3:30p 64.7 8:20a 0.0 10.0 0.00 0.5 9.0 2:50p NE 5 76.3 89.3 2:40p 65.8 8:00a 0.0 11.3 0.00 0.4 6.0 12:20p SW 6 76.8 89.4 4:10p 66.5 8:10a 0.0 11.8 0.00 0.6 10.0 1:00p S 7 75.7 86.7 3:30p 66.5 8:10a 0.0 10.7 0.00 0.9 15.0 2:40p S 8 74.7 82.7 4:00p 69.2 6:50a 0.0 9.7 0.01 1.4 14.0 2:30p SE 9 71.8 72.8 12:10a 70.3 9:30a 0.0 2.7 0.01 0.8 13.0 1:40a NNE 10 --- --- --- --- --- 0.0 0.0 0.00 0.0 0.0 --- --- 11 --- --- --- --- --- 0.0 0.0 0.00 0.0 0.0 --- --- 12 --- --- --- --- --- 0.0 0.0 0.00 0.0 0.0 --- --- 13 --- --- --- --- --- 0.0 0.0 0.00 0.0 0.0 --- --- 14 --- --- --- --- --- 0.0 0.0 0.00 0.0 0.0 --- --- 15 --- --- --- --- --- 0.0 0.0 0.00 0.0 0.0 --- --- 16 --- --- --- --- --- 0.0 0.0 0.00 0.0 0.0 --- --- 17 --- --- --- --- --- 0.0 0.0 0.00 0.0 0.0 --- --- 18 58.2 64.2 7:40p 55.0 12:00m 1.3 0.0 0.00 0.0 3.0 11:20p NNW 19 58.1 66.3 3:10p 49.0 8:00a 7.0 0.2 0.00 0.1 7.0 10:30a NE 20 62.7 68.3 3:10p 57.0 12:00m 2.8 0.6 0.22 0.5 11.0 11:30p NW 21 53.1 62.9 5:40p 43.6 12:00m 11.8 0.0 0.00 1.4 12.0 2:30a NNW 22 49.7 65.5 3:40p 36.9 8:20a 15.3 0.0 0.00 0.4 10.0 1:10p ESE 23 55.2 69.0 3:40p 46.3 3:30a 10.5 0.6 0.00 0.2 7.0 3:00p ESE 24 55.1 71.2 3:40p 42.4 8:10a 11.0 1.1 0.00 0.5 10.0 12:10p NNE 25 52.3 56.8 3:20p 48.7 11:40p 12.7 0.0 0.15 1.2 15.0 2:30p NNE 26 48.6 50.6 12:00m 46.4 10:40a 16.4 0.0 1.01 2.0 15.0 12:20p NE 27 54.4 59.6 3:50p 50.5 12:00m 10.6 0.0 0.00 0.6 12.0 6:40p NW 28 57.7 72.8 4:00p 44.0 8:50a 8.6 1.4 0.00 1.2 14.0 2:40p SW 29 58.4 69.7 3:40p 47.3 12:00m 7.2 0.6 0.00 0.8 11.0 3:20p NNW 30 53.2 70.2 4:10p 40.7 8:30a 12.4 0.7 0.00 0.6 10.0 10:40a NNE 31 58.9 76.6 3:20p 45.1 8:20a 8.6 2.5 0.00 0.7 10.0 2:50p SSW ------------------------------------------------------------------------------------- 62.8 89.4 6 36.9 22 137.3 88.7 1.40 0.6 15.0 7 NNE Max >= 90.0: 0 Max <= 32.0: 0 Min <= 32.0: 0 Min <= 0.0: 0 Max Rain: 1.01 ON 10/26/18 Days of Rain: 3 (>.01 in) 3 (>.1 in) 1 (>1 in) Heat Base: 65.0 Cool Base: 65.0 Method: Integration