NOAA-style Climate Reports

2024: Jan | Feb | Mar | Apr | May | Jun | Jul | Aug | Sep | Oct | Nov | Dec 
2023: Jan | Feb | Mar | Apr | May | Jun | Jul | Aug | Sep | Oct | Nov | Dec 
2022: Jan | Feb | Mar | Apr | May | Jun | Jul | Aug | Sep | Oct | Nov | Dec 
2021: Jan | Feb | Mar | Apr | May | Jun | Jul | Aug | Sep | Oct | Nov | Dec 
2020: Jan | Feb | Mar | Apr | May | Jun | Jul | Aug | Sep | Oct | Nov | Dec 
2019: Jan | Feb | Mar | Apr | May | Jun | Jul | Aug | Sep | Oct | Nov | Dec 
2018: Jan | Feb | Mar | Apr | May | Jun | Jul | Aug | Sep | Oct | Nov | Dec 
2017: Jan | Feb | Mar | Apr | May | Jun | Jul | Aug | Sep | Oct | Nov | Dec 
2016: Jan | Feb | Mar | Apr | May | Jun | Jul | Aug | Sep | Oct | Nov | Dec 
2015: Jan | Feb | Mar | Apr | May | Jun | Jul | Aug | Sep | Oct | Nov | Dec 
2014: Jan | Feb | Mar | Apr | May | Jun | Jul | Aug | Sep | Oct | Nov | Dec 
2013: Jan | Feb | Mar | Apr | May | Jun | Jul | Aug | Sep | Oct | Nov | Dec 
2012: Jan | Feb | Mar | Apr | May | Jun | Jul | Aug | Sep | Oct | Nov | Dec 
2011: Jan | Feb | Mar | Apr | May | Jun | Jul | Aug | Sep | Oct | Nov | Dec 
2010: Jan | Feb | Mar | Apr | May | Jun | Jul | Aug | Sep | Oct | Nov | Dec 
2009: Jan | Feb | Mar | Apr | May | Jun | Jul | Aug | Sep | Oct | Nov | Dec 
2008: Jan | Feb | Mar | Apr | May | Jun | Jul | Aug | Sep | Oct | Nov | Dec 
2007: Jan | Feb | Mar | Apr | May | Jun | Jul | Aug | Sep | Oct | Nov | Dec 
2006: Jan | Feb | Mar | Apr | May | Jun | Jul | Aug | Sep | Oct | Nov | Dec 
2005: Jan | Feb | Mar | Apr | May | Jun | Jul | Aug | Sep | Oct | Nov | Dec 

Report for 2019 08
MONTHLY CLIMATOLOGICAL SUMMARY for AUG. 2019 NAME: Conyers2 CITY: Snellville STATE: GA ELEV: 1060 ft LAT: 33 50' 59" N LONG: 84 02' 47" W TEMPERATURE (F), RAIN (in), WIND SPEED (mph) HEAT COOL AVG MEAN DEG DEG WIND DOM DAY TEMP HIGH TIME LOW TIME DAYS DAYS RAIN SPEED HIGH TIME DIR ------------------------------------------------------------------------------------ 1 78.3 94.0 3:00p 68.2 7:10a 0.0 13.3 0.24 1.0 11.0 7:50p SW 2 75.6 87.5 3:40p 68.6 7:10a 0.0 10.6 0.02 1.1 18.0 4:20p NE 3 78.4 89.5 3:20p 70.1 7:30a 0.0 13.4 0.13 1.1 11.0 8:30p NE 4 75.7 82.0 4:10p 70.9 6:30a 0.0 10.7 0.02 0.8 9.0 11:20a NE 5 76.0 87.3 4:00p 70.3 12:00m 0.0 11.0 0.74 0.6 16.0 7:50p SW 6 77.8 88.7 2:40p 69.5 2:20a 0.0 12.8 0.00 0.3 7.0 2:20p NW 7 81.5 92.8 2:50p 70.6 3:20a 0.0 16.5 0.00 0.5 7.0 2:40p SW 8 82.7 93.2 3:10p 72.5 7:20a 0.0 17.7 0.00 0.6 7.0 12:30p NNW 9 82.3 93.6 3:30p 72.0 7:20a 0.0 17.3 0.00 0.6 10.0 2:20p NNW 10 81.2 91.4 1:00p 73.8 7:30a 0.0 16.2 0.07 0.7 14.0 8:00p NNW 11 82.9 93.6 3:20p 73.6 7:10a 0.0 17.9 0.00 1.3 11.0 2:20p NE 12 83.6 94.5 2:40p 73.9 7:20a 0.0 18.6 0.00 0.9 9.0 2:30p NE 13 86.6 98.9 2:50p 76.0 7:40a 0.0 21.6 0.00 1.0 10.0 5:30p SW 14 81.5 92.8 2:10p 73.4 4:10a 0.0 16.5 0.31 0.5 19.0 12:50a NNW 15 81.7 93.3 3:40p 72.7 7:10a 0.0 16.7 0.00 0.7 9.0 2:10p NNW 16 80.8 94.7 3:00p 67.1 7:40a 0.0 15.8 0.00 0.7 10.0 5:00p NE 17 81.8 96.6 3:30p 68.0 7:20a 0.0 16.8 0.00 0.5 7.0 1:00p NE 18 80.5 96.6 3:20p 70.5 5:50a 0.0 15.5 0.22 0.8 14.0 7:10p SW 19 77.8 88.0 4:40p 70.5 7:00a 0.0 12.8 0.00 0.9 11.0 8:20p NE 20 79.6 90.3 4:00p 70.7 4:00a 0.0 14.6 0.00 0.8 10.0 6:00p SW 21 81.9 93.1 3:50p 70.4 7:00a 0.0 16.9 0.00 0.7 9.0 1:10p SW 22 84.1 96.1 3:50p 72.9 8:00a 0.0 19.1 0.00 1.0 12.0 5:40p SW 23 82.7 95.7 2:50p 73.5 8:10a 0.0 17.7 0.00 0.7 13.0 5:30p SW 24 78.6 92.6 2:30p 71.0 12:00m 0.0 13.6 0.25 1.0 13.0 3:10p NE 25 71.1 77.2 5:00p 66.2 7:00a 0.0 6.1 0.00 2.5 14.0 12:30a NE 26 73.0 79.5 3:10p 66.4 7:40a 0.0 8.0 0.29 1.0 10.0 12:10p NNE 27 74.9 81.1 2:30p 71.2 3:10a 0.0 9.9 0.11 0.8 11.0 4:10p NE 28 78.0 90.2 3:50p 70.2 5:50a 0.0 13.0 0.00 1.0 12.0 1:30p NNW 29 75.5 88.8 3:40p 62.9 8:00a 0.2 10.7 0.00 0.8 9.0 10:50a NNW 30 74.7 89.6 3:40p 60.8 8:10a 0.6 10.3 0.00 1.1 14.0 3:20p NE 31 75.9 90.5 3:50p 63.1 7:30a 0.2 11.1 0.00 1.4 16.0 2:10p NE ------------------------------------------------------------------------------------- 79.2 98.9 13 60.8 30 1.0 442.7 2.40 0.9 19.0 14 NE Max >= 90.0: 20 Max <= 32.0: 0 Min <= 32.0: 0 Min <= 0.0: 0 Max Rain: 0.74 ON 08/05/19 Days of Rain: 11 (>.01 in) 8 (>.1 in) 0 (>1 in) Heat Base: 65.0 Cool Base: 65.0 Method: Integration