NOAA-style Climate Reports
2024: Jan | Feb | Mar | Apr | May | Jun | Jul | Aug | Sep | Oct | Nov | Dec
2023: Jan | Feb | Mar | Apr | May | Jun | Jul | Aug | Sep | Oct | Nov | Dec
2022: Jan | Feb | Mar | Apr | May | Jun | Jul | Aug | Sep | Oct | Nov | Dec
2021: Jan | Feb | Mar | Apr | May | Jun | Jul | Aug | Sep | Oct | Nov | Dec
2020: Jan | Feb | Mar | Apr | May | Jun | Jul | Aug | Sep | Oct | Nov | Dec
2019: Jan | Feb | Mar | Apr | May | Jun | Jul | Aug | Sep | Oct | Nov | Dec
2018: Jan | Feb | Mar | Apr | May | Jun | Jul | Aug | Sep | Oct | Nov | Dec
2017: Jan | Feb | Mar | Apr | May | Jun | Jul | Aug | Sep | Oct | Nov | Dec
2016: Jan | Feb | Mar | Apr | May | Jun | Jul | Aug | Sep | Oct | Nov | Dec
2015: Jan | Feb | Mar | Apr | May | Jun | Jul | Aug | Sep | Oct | Nov | Dec
2014: Jan | Feb | Mar | Apr | May | Jun | Jul | Aug | Sep | Oct | Nov | Dec
2013: Jan | Feb | Mar | Apr | May | Jun | Jul | Aug | Sep | Oct | Nov | Dec
2012: Jan | Feb | Mar | Apr | May | Jun | Jul | Aug | Sep | Oct | Nov | Dec
2011: Jan | Feb | Mar | Apr | May | Jun | Jul | Aug | Sep | Oct | Nov | Dec
2010: Jan | Feb | Mar | Apr | May | Jun | Jul | Aug | Sep | Oct | Nov | Dec
2009: Jan | Feb | Mar | Apr | May | Jun | Jul | Aug | Sep | Oct | Nov | Dec
2008: Jan | Feb | Mar | Apr | May | Jun | Jul | Aug | Sep | Oct | Nov | Dec
2007: Jan | Feb | Mar | Apr | May | Jun | Jul | Aug | Sep | Oct | Nov | Dec
2006: Jan | Feb | Mar | Apr | May | Jun | Jul | Aug | Sep | Oct | Nov | Dec
2005: Jan | Feb | Mar | Apr | May | Jun | Jul | Aug | Sep | Oct | Nov | Dec
Report for 2019 12
MONTHLY CLIMATOLOGICAL SUMMARY for DEC. 2019
NAME: Conyers2 CITY: Snellville STATE: GA
ELEV: 1060 ft LAT: 33° 50' 59" N LONG: 84° 02' 47" W
TEMPERATURE (°F), RAIN (in), WIND SPEED (mph)
HEAT COOL AVG
MEAN DEG DEG WIND DOM
DAY TEMP HIGH TIME LOW TIME DAYS DAYS RAIN SPEED HIGH TIME DIR
------------------------------------------------------------------------------------
1 60.0 66.4 2:20p 47.4 12:00m 5.1 0.1 0.65 3.2 23.0 9:10p W
2 42.3 47.7 1:00a 36.9 7:20p 22.7 0.0 0.00 5.3 23.0 1:40a NNW
3 40.2 48.4 3:40p 34.0 7:10a 24.8 0.0 0.00 2.9 19.0 3:30a NNW
4 45.3 58.7 3:10p 33.1 7:40a 19.7 0.0 0.00 1.9 18.0 2:00p NNW
5 48.9 63.7 2:50p 39.3 7:30a 16.1 0.0 0.00 1.2 10.0 2:10a NNW
6 48.6 61.5 2:10p 39.6 3:30a 16.4 0.0 0.00 0.2 11.0 2:30p SW
7 53.1 61.5 2:40p 46.9 8:10a 11.9 0.0 0.00 0.3 9.0 1:50p NE
8 50.2 54.9 2:20p 45.7 8:20a 14.8 0.0 0.00 1.9 16.0 9:10a ESE
9 49.3 54.4 3:50p 44.9 9:30a 15.7 0.0 0.01 0.8 10.0 3:00a ESE
10 54.6 68.5 11:10a 42.9 11:10p 10.6 0.2 0.00 3.6 20.0 2:50p NNW
11 41.3 50.6 3:20p 34.2 11:40p 23.7 0.0 0.00 1.8 12.0 9:30a NNW
12 39.6 51.8 2:00p 28.3 7:30a 25.4 0.0 0.01 1.5 17.0 11:40a NE
13 39.2 42.9 11:40p 36.1 5:20a 25.8 0.0 0.00 1.7 14.0 12:40a NE
14 45.8 52.8 3:10p 39.3 12:00m 19.2 0.0 0.00 1.7 17.0 10:10a NNW
15 47.5 60.9 2:20p 35.9 6:20a 17.5 0.0 0.00 0.5 12.0 1:00p W
16 59.6 70.7 2:40p 50.9 12:40a 6.4 1.0 0.00 1.4 16.0 2:20p SSW
17 53.1 62.6 2:30a 39.3 12:00m 11.9 0.0 0.00 3.8 20.0 8:30p NNW
18 37.8 47.8 3:10p 30.5 7:50a 27.2 0.0 0.00 3.6 15.0 12:40a NNW
19 37.0 50.8 3:10p 27.9 7:20a 28.0 0.0 0.00 0.7 10.0 1:10p NNW
20 38.6 54.6 3:20p 25.6 7:30a 26.4 0.0 0.00 0.5 9.0 11:40a ENE
21 45.6 50.7 3:30p 40.0 1:50a 19.4 0.0 0.00 1.7 11.0 12:00p NE
22 42.3 46.5 1:50a 40.0 8:40a 22.7 0.0 0.01 3.5 20.0 7:20p NE
23 50.7 55.8 12:00m 43.9 12:10a 14.3 0.0 0.00 4.9 25.0 10:00a NE
24 58.7 68.6 2:40p 47.3 12:00m 6.9 0.6 0.00 3.0 18.0 12:20p NE
25 48.7 63.2 3:00p 38.7 7:20a 16.3 0.0 0.00 0.7 11.0 11:00a NE
26 47.5 64.1 3:10p 33.9 8:30a 17.5 0.0 0.00 0.3 6.0 10:50a S
27 55.9 66.1 3:20p 47.0 12:50a 9.1 0.1 0.00 0.4 9.0 12:30p ESE
28 59.9 68.2 1:50p 52.1 2:50a 5.6 0.5 0.00 0.7 10.0 1:20p ESE
29 65.5 69.4 3:50p 61.1 12:10a 0.8 1.4 0.00 1.3 15.0 10:10p S
30 56.5 67.4 12:30a 46.5 12:00m 8.8 0.2 0.01 2.0 27.0 2:50a NNW
31 45.8 54.8 3:00p 38.1 8:30a 19.2 0.0 0.00 2.4 17.0 1:40p NNW
-------------------------------------------------------------------------------------
48.7 70.7 16 25.6 20 509.9 4.1 0.69 1.9 27.0 30 NNW
Max >= 90.0: 0
Max <= 32.0: 0
Min <= 32.0: 4
Min <= 0.0: 0
Max Rain: 0.65 ON 12/01/19
Days of Rain: 1 (>.01 in) 1 (>.1 in) 0 (>1 in)
Heat Base: 65.0 Cool Base: 65.0 Method: Integration