NOAA-style Climate Reports
2024: Jan | Feb | Mar | Apr | May | Jun | Jul | Aug | Sep | Oct | Nov | Dec
2023: Jan | Feb | Mar | Apr | May | Jun | Jul | Aug | Sep | Oct | Nov | Dec
2022: Jan | Feb | Mar | Apr | May | Jun | Jul | Aug | Sep | Oct | Nov | Dec
2021: Jan | Feb | Mar | Apr | May | Jun | Jul | Aug | Sep | Oct | Nov | Dec
2020: Jan | Feb | Mar | Apr | May | Jun | Jul | Aug | Sep | Oct | Nov | Dec
2019: Jan | Feb | Mar | Apr | May | Jun | Jul | Aug | Sep | Oct | Nov | Dec
2018: Jan | Feb | Mar | Apr | May | Jun | Jul | Aug | Sep | Oct | Nov | Dec
2017: Jan | Feb | Mar | Apr | May | Jun | Jul | Aug | Sep | Oct | Nov | Dec
2016: Jan | Feb | Mar | Apr | May | Jun | Jul | Aug | Sep | Oct | Nov | Dec
2015: Jan | Feb | Mar | Apr | May | Jun | Jul | Aug | Sep | Oct | Nov | Dec
2014: Jan | Feb | Mar | Apr | May | Jun | Jul | Aug | Sep | Oct | Nov | Dec
2013: Jan | Feb | Mar | Apr | May | Jun | Jul | Aug | Sep | Oct | Nov | Dec
2012: Jan | Feb | Mar | Apr | May | Jun | Jul | Aug | Sep | Oct | Nov | Dec
2011: Jan | Feb | Mar | Apr | May | Jun | Jul | Aug | Sep | Oct | Nov | Dec
2010: Jan | Feb | Mar | Apr | May | Jun | Jul | Aug | Sep | Oct | Nov | Dec
2009: Jan | Feb | Mar | Apr | May | Jun | Jul | Aug | Sep | Oct | Nov | Dec
2008: Jan | Feb | Mar | Apr | May | Jun | Jul | Aug | Sep | Oct | Nov | Dec
2007: Jan | Feb | Mar | Apr | May | Jun | Jul | Aug | Sep | Oct | Nov | Dec
2006: Jan | Feb | Mar | Apr | May | Jun | Jul | Aug | Sep | Oct | Nov | Dec
2005: Jan | Feb | Mar | Apr | May | Jun | Jul | Aug | Sep | Oct | Nov | Dec
Report for 2020 03
MONTHLY CLIMATOLOGICAL SUMMARY for MAR. 2020
NAME: Conyers2 CITY: Snellville STATE: GA
ELEV: 1060 ft LAT: 33° 50' 59" N LONG: 84° 02' 47" W
TEMPERATURE (°F), RAIN (in), WIND SPEED (mph)
HEAT COOL AVG
MEAN DEG DEG WIND DOM
DAY TEMP HIGH TIME LOW TIME DAYS DAYS RAIN SPEED HIGH TIME DIR
------------------------------------------------------------------------------------
1 46.3 65.4 2:30p 27.4 5:00a 18.7 0.0 0.00 0.1 11.0 2:10p S
2 50.2 54.9 11:20a 39.6 7:00a 14.8 0.0 0.78 0.4 13.0 10:00a S
3 62.0 69.6 2:50p 52.8 12:10a 3.8 0.7 0.89 2.0 17.0 11:30a WSW
4 56.0 61.3 12:10a 52.8 12:00m 9.0 0.0 0.95 0.6 7.0 1:50a N
5 49.9 52.8 12:10a 48.6 12:00m 15.1 0.0 1.55 1.8 15.0 11:00a NE
6 48.1 57.5 2:20p 39.8 12:00m 16.9 0.0 0.00 4.6 23.0 11:20a NNW
7 44.0 59.2 4:10p 31.1 7:20a 21.0 0.0 0.00 1.6 11.0 12:10a NNW
8 45.8 62.8 3:50p 30.8 8:00a 18.4 0.0 0.00 0.9 14.0 12:40p S
9 51.8 69.2 2:50p 34.8 8:10a 13.7 0.5 0.00 1.0 17.0 1:40p S
10 58.8 66.3 5:30p 53.6 2:50a 6.3 0.1 0.05 1.1 15.0 3:20p S
11 59.2 72.9 1:00p 47.7 6:00a 7.1 1.3 0.53 1.1 16.0 5:00p WSW
12 63.1 73.2 5:30p 56.6 3:10a 3.4 1.5 0.18 0.9 11.0 5:40p S
13 67.5 74.1 2:10p 63.1 8:20a 0.3 2.8 0.00 1.6 13.0 11:40a WSW
14 65.4 80.6 4:00p 55.4 12:00m 3.2 3.7 0.00 1.2 14.0 5:40p NE
15 60.6 70.1 5:10p 52.6 2:20a 5.2 0.8 0.02 1.2 11.0 5:00p NNW
16 54.9 60.7 12:10a 51.7 10:00a 10.1 0.0 0.02 1.3 11.0 2:20p NE
17 56.1 67.9 6:00p 49.6 6:40a 9.2 0.3 0.01 0.4 9.0 2:40p NE
18 60.9 74.6 5:10p 50.1 7:30a 6.0 1.9 0.11 0.5 9.0 3:00p ENE
19 67.6 82.5 3:50p 58.2 7:40a 2.5 5.1 0.00 1.0 15.0 2:40p NE
20 71.1 84.8 3:50p 61.4 8:10a 0.5 6.6 0.00 2.1 19.0 4:10p W
21 65.1 76.2 2:30p 56.6 12:00m 2.2 2.3 0.13 1.7 13.0 5:30p NNW
22 55.1 63.9 1:20p 47.2 7:30a 9.9 0.0 0.02 1.7 15.0 9:50a NE
23 53.5 58.1 9:30p 50.4 6:50a 11.5 0.0 1.18 0.3 9.0 3:10a ESE
24 60.3 75.2 3:30p 55.7 8:10a 5.4 0.7 0.16 0.8 17.0 4:00p NE
25 64.0 73.8 3:10p 54.5 12:00m 3.0 2.0 0.78 1.6 14.0 1:30p NNW
26 60.5 76.8 5:30p 45.8 7:50a 7.4 2.8 0.00 0.7 10.0 12:30p S
27 69.8 86.9 4:20p 53.8 7:40a 3.5 8.3 0.00 1.3 12.0 2:00p SW
28 73.2 86.1 4:30p 62.7 6:30a 0.3 8.5 0.00 1.4 18.0 3:30p SW
29 72.3 81.5 2:20p 64.1 12:00m 0.0 7.3 0.00 1.7 15.0 9:20a WSW
30 66.3 76.7 3:40p 59.1 8:20a 1.7 3.1 0.00 1.2 12.0 3:40p NNW
31 56.8 61.9 12:10a 47.5 12:00m 8.2 0.0 0.30 1.4 17.0 10:20p NNW
-------------------------------------------------------------------------------------
59.2 86.9 27 27.4 1 238.3 60.3 7.66 1.3 23.0 6 NNW
Max >= 90.0: 0
Max <= 32.0: 0
Min <= 32.0: 3
Min <= 0.0: 0
Max Rain: 1.55 ON 03/05/20
Days of Rain: 16 (>.01 in) 12 (>.1 in) 2 (>1 in)
Heat Base: 65.0 Cool Base: 65.0 Method: Integration