NOAA-style Climate Reports

2024: Jan | Feb | Mar | Apr | May | Jun | Jul | Aug | Sep | Oct | Nov | Dec 
2023: Jan | Feb | Mar | Apr | May | Jun | Jul | Aug | Sep | Oct | Nov | Dec 
2022: Jan | Feb | Mar | Apr | May | Jun | Jul | Aug | Sep | Oct | Nov | Dec 
2021: Jan | Feb | Mar | Apr | May | Jun | Jul | Aug | Sep | Oct | Nov | Dec 
2020: Jan | Feb | Mar | Apr | May | Jun | Jul | Aug | Sep | Oct | Nov | Dec 
2019: Jan | Feb | Mar | Apr | May | Jun | Jul | Aug | Sep | Oct | Nov | Dec 
2018: Jan | Feb | Mar | Apr | May | Jun | Jul | Aug | Sep | Oct | Nov | Dec 
2017: Jan | Feb | Mar | Apr | May | Jun | Jul | Aug | Sep | Oct | Nov | Dec 
2016: Jan | Feb | Mar | Apr | May | Jun | Jul | Aug | Sep | Oct | Nov | Dec 
2015: Jan | Feb | Mar | Apr | May | Jun | Jul | Aug | Sep | Oct | Nov | Dec 
2014: Jan | Feb | Mar | Apr | May | Jun | Jul | Aug | Sep | Oct | Nov | Dec 
2013: Jan | Feb | Mar | Apr | May | Jun | Jul | Aug | Sep | Oct | Nov | Dec 
2012: Jan | Feb | Mar | Apr | May | Jun | Jul | Aug | Sep | Oct | Nov | Dec 
2011: Jan | Feb | Mar | Apr | May | Jun | Jul | Aug | Sep | Oct | Nov | Dec 
2010: Jan | Feb | Mar | Apr | May | Jun | Jul | Aug | Sep | Oct | Nov | Dec 
2009: Jan | Feb | Mar | Apr | May | Jun | Jul | Aug | Sep | Oct | Nov | Dec 
2008: Jan | Feb | Mar | Apr | May | Jun | Jul | Aug | Sep | Oct | Nov | Dec 
2007: Jan | Feb | Mar | Apr | May | Jun | Jul | Aug | Sep | Oct | Nov | Dec 
2006: Jan | Feb | Mar | Apr | May | Jun | Jul | Aug | Sep | Oct | Nov | Dec 
2005: Jan | Feb | Mar | Apr | May | Jun | Jul | Aug | Sep | Oct | Nov | Dec 

Report for 2020 06
MONTHLY CLIMATOLOGICAL SUMMARY for JUN. 2020 NAME: Conyers2 CITY: Snellville STATE: GA ELEV: 1060 ft LAT: 33 50' 59" N LONG: 84 02' 47" W TEMPERATURE (F), RAIN (in), WIND SPEED (mph) HEAT COOL AVG MEAN DEG DEG WIND DOM DAY TEMP HIGH TIME LOW TIME DAYS DAYS RAIN SPEED HIGH TIME DIR ------------------------------------------------------------------------------------ 1 71.6 80.3 2:20p 63.6 6:10a 0.2 6.9 0.00 1.0 13.0 2:00p NE 2 73.5 84.5 2:40p 61.6 7:10a 0.5 9.0 0.00 0.6 11.0 1:40p SSW 3 77.3 87.7 2:30p 66.0 7:10a 0.0 12.3 0.00 0.6 10.0 10:20p SW 4 78.9 88.9 3:20p 70.9 7:10a 0.0 13.9 0.00 1.5 16.0 6:00p SW 5 74.2 84.5 11:20a 68.0 6:50a 0.0 9.2 0.31 0.7 18.0 11:20a SW 6 76.3 85.0 12:30p 67.2 6:00a 0.0 11.3 0.00 0.4 6.0 9:00p SW 7 76.8 85.1 2:10p 68.0 7:20a 0.0 11.8 0.00 0.9 11.0 2:50p SW 8 77.2 83.3 3:50p 72.8 6:10a 0.0 12.2 0.02 0.6 10.0 9:30p SSW 9 75.9 85.2 1:20p 72.8 7:10a 0.0 10.9 0.48 0.7 19.0 3:40p SSW 10 75.9 82.8 12:40p 72.1 5:10a 0.0 10.9 0.28 1.4 17.0 8:00p SW 11 76.6 85.7 3:30p 68.7 7:50a 0.0 11.6 0.02 0.7 10.0 4:10p N 12 75.2 86.2 2:50p 63.9 7:00a 0.1 10.3 0.00 1.6 16.0 9:20a NE 13 76.0 85.5 2:50p 65.5 7:30a 0.0 11.0 0.00 0.9 12.0 1:50p NE 14 70.8 82.8 1:40p 62.5 6:40a 0.4 6.2 0.03 0.4 12.0 7:30p NE 15 66.9 80.7 3:00p 59.6 6:40a 1.4 3.4 0.46 0.7 25.0 5:00p NE 16 63.9 69.4 5:40p 58.9 2:50a 2.3 1.1 0.00 1.4 11.0 9:20a NE 17 65.1 73.1 1:20p 56.2 6:50a 2.5 2.6 0.00 0.0 6.0 3:40p NNE 18 70.5 82.5 2:30p 59.6 5:50a 1.4 6.9 0.00 0.2 6.0 9:40a NNE 19 72.9 85.9 2:00p 62.7 6:10a 0.3 8.2 0.25 0.1 7.0 7:10p SW 20 75.7 88.1 3:20p 63.1 6:30a 0.2 10.9 0.00 0.3 10.0 1:20p NNE 21 76.4 91.0 2:00p 65.7 7:00a 0.0 11.4 0.02 0.3 14.0 3:50p SSW 22 74.9 89.7 2:20p 66.4 6:50a 0.0 9.9 0.83 0.3 24.0 6:30p S 23 75.1 83.0 2:30p 68.8 3:20a 0.0 10.1 0.13 0.3 13.0 12:10p SW 24 75.0 83.6 3:20p 70.5 6:50a 0.0 10.0 0.17 0.0 4.0 4:20a NE 25 73.9 82.9 3:00p 69.3 6:40a 0.0 8.9 0.42 0.0 0.0 --- --- 26 75.4 85.0 2:30p 67.0 7:20a 0.0 10.4 0.00 0.0 1.0 1:40a N 27 73.6 86.8 2:10p 67.9 5:30a 0.0 8.6 0.23 0.1 19.0 5:10p NNE 28 78.9 90.1 2:40p 69.1 6:50a 0.0 13.9 0.01 0.2 13.0 2:20p SW 29 81.5 91.2 3:20p 72.5 7:20a 0.0 16.5 0.00 0.1 9.0 10:20a NNW 30 77.3 89.9 2:50p 70.4 7:30a 0.0 12.3 0.77 0.1 18.0 5:40p N ------------------------------------------------------------------------------------- 74.4 91.2 29 56.2 17 9.3 292.6 4.43 0.5 25.0 15 SW Max >= 90.0: 3 Max <= 32.0: 0 Min <= 32.0: 0 Min <= 0.0: 0 Max Rain: 0.83 ON 06/22/20 Days of Rain: 15 (>.01 in) 11 (>.1 in) 0 (>1 in) Heat Base: 65.0 Cool Base: 65.0 Method: Integration