NOAA-style Climate Reports

2024: Jan | Feb | Mar | Apr | May | Jun | Jul | Aug | Sep | Oct | Nov | Dec 
2023: Jan | Feb | Mar | Apr | May | Jun | Jul | Aug | Sep | Oct | Nov | Dec 
2022: Jan | Feb | Mar | Apr | May | Jun | Jul | Aug | Sep | Oct | Nov | Dec 
2021: Jan | Feb | Mar | Apr | May | Jun | Jul | Aug | Sep | Oct | Nov | Dec 
2020: Jan | Feb | Mar | Apr | May | Jun | Jul | Aug | Sep | Oct | Nov | Dec 
2019: Jan | Feb | Mar | Apr | May | Jun | Jul | Aug | Sep | Oct | Nov | Dec 
2018: Jan | Feb | Mar | Apr | May | Jun | Jul | Aug | Sep | Oct | Nov | Dec 
2017: Jan | Feb | Mar | Apr | May | Jun | Jul | Aug | Sep | Oct | Nov | Dec 
2016: Jan | Feb | Mar | Apr | May | Jun | Jul | Aug | Sep | Oct | Nov | Dec 
2015: Jan | Feb | Mar | Apr | May | Jun | Jul | Aug | Sep | Oct | Nov | Dec 
2014: Jan | Feb | Mar | Apr | May | Jun | Jul | Aug | Sep | Oct | Nov | Dec 
2013: Jan | Feb | Mar | Apr | May | Jun | Jul | Aug | Sep | Oct | Nov | Dec 
2012: Jan | Feb | Mar | Apr | May | Jun | Jul | Aug | Sep | Oct | Nov | Dec 
2011: Jan | Feb | Mar | Apr | May | Jun | Jul | Aug | Sep | Oct | Nov | Dec 
2010: Jan | Feb | Mar | Apr | May | Jun | Jul | Aug | Sep | Oct | Nov | Dec 
2009: Jan | Feb | Mar | Apr | May | Jun | Jul | Aug | Sep | Oct | Nov | Dec 
2008: Jan | Feb | Mar | Apr | May | Jun | Jul | Aug | Sep | Oct | Nov | Dec 
2007: Jan | Feb | Mar | Apr | May | Jun | Jul | Aug | Sep | Oct | Nov | Dec 
2006: Jan | Feb | Mar | Apr | May | Jun | Jul | Aug | Sep | Oct | Nov | Dec 
2005: Jan | Feb | Mar | Apr | May | Jun | Jul | Aug | Sep | Oct | Nov | Dec 

Report for 2020 11
MONTHLY CLIMATOLOGICAL SUMMARY for NOV. 2020 NAME: Conyers2 CITY: Snellville STATE: GA ELEV: 1060 ft LAT: 33 50' 59" N LONG: 84 02' 47" W TEMPERATURE (F), RAIN (in), WIND SPEED (mph) HEAT COOL AVG MEAN DEG DEG WIND DOM DAY TEMP HIGH TIME LOW TIME DAYS DAYS RAIN SPEED HIGH TIME DIR ------------------------------------------------------------------------------------ 1 58.0 69.4 2:30p 49.7 12:00m 7.4 0.5 0.37 1.6 20.0 9:30p NNW 2 47.1 59.4 2:00p 37.4 7:00a 17.9 0.0 0.00 1.5 16.0 1:00a NNW 3 48.4 66.1 2:00p 34.5 7:30a 16.6 0.0 0.00 0.5 10.0 1:20p NNW 4 51.5 69.5 2:10p 38.6 7:40a 14.0 0.5 0.00 0.5 10.0 12:10p SSW 5 54.1 69.7 2:20p 41.1 7:10a 11.6 0.7 0.00 0.5 12.0 12:30p NE 6 60.2 73.7 2:10p 50.6 2:20a 6.7 1.9 0.00 1.1 13.0 11:00a NE 7 65.5 74.6 2:20p 56.2 1:00a 2.2 2.7 0.00 1.5 13.0 1:20p NE 8 67.2 74.9 2:20p 60.8 7:10a 1.2 3.4 0.00 1.6 21.0 11:00a NE 9 68.9 75.7 3:10p 64.8 6:50a 0.0 4.0 0.00 1.7 15.0 3:00p NE 10 68.1 71.0 4:50p 65.8 4:30a 0.0 3.1 0.27 0.9 11.0 8:20a NE 11 72.1 76.0 1:00p 69.2 12:10a 0.0 7.1 0.57 0.0 5.0 2:00p SW 12 67.3 72.2 3:30p 58.1 12:00m 0.8 3.1 0.02 0.9 9.0 11:00a NW 13 60.5 73.1 2:40p 49.4 12:00m 6.1 1.6 0.00 1.0 12.0 10:30a NW 14 54.6 70.8 3:10p 40.9 7:40a 11.3 0.9 0.00 0.5 10.0 11:20a NE 15 58.5 73.9 12:20p 48.7 12:00m 7.8 1.3 0.00 1.0 13.0 1:30p NW 16 48.8 62.5 2:50p 38.0 8:00a 16.2 0.0 0.00 1.1 12.0 1:20p NNW 17 48.5 63.1 2:40p 36.6 7:30a 16.5 0.0 0.00 2.1 20.0 10:40a NNW 18 46.1 61.9 3:00p 34.3 8:00a 18.9 0.0 0.00 0.2 7.0 11:30a NE 19 44.3 60.2 2:30p 31.8 8:10a 20.7 0.0 0.00 0.3 11.0 12:20p NE 20 50.1 69.2 2:50p 36.0 7:30a 15.3 0.5 0.00 0.0 9.0 11:40a NE 21 53.7 71.0 2:20p 42.2 8:00a 12.1 0.8 0.00 0.1 7.0 1:00p NE 22 55.5 70.6 2:10p 43.7 6:00a 10.2 0.7 0.00 0.1 7.0 12:40p SSW 23 51.6 61.0 2:40p 39.0 12:00m 13.4 0.0 0.00 1.6 15.0 8:40a NNW 24 46.4 59.4 2:30p 36.3 7:50a 18.6 0.0 0.00 0.4 13.0 10:20a ESE 25 58.7 71.5 2:00p 47.1 12:40a 7.4 1.0 0.32 0.8 16.0 1:50p S 26 64.0 73.9 1:00p 51.8 12:00m 2.9 1.9 0.71 0.4 12.0 12:50a SSW 27 54.9 71.8 2:30p 42.4 7:40a 10.8 0.7 0.00 0.0 6.0 1:20p NNW 28 56.1 66.6 3:10p 49.2 8:20a 9.0 0.1 0.17 0.2 8.0 12:30p N 29 53.4 56.0 3:10p 49.6 1:20a 11.6 0.0 0.96 0.2 6.0 5:20a ESE 30 44.3 54.5 4:50a 35.0 12:00m 20.7 0.0 0.55 3.3 20.0 6:30a NNW ------------------------------------------------------------------------------------- 55.9 76.0 11 31.8 19 307.9 36.5 3.94 0.9 21.0 8 NNW Max >= 90.0: 0 Max <= 32.0: 0 Min <= 32.0: 1 Min <= 0.0: 0 Max Rain: 0.96 ON 11/29/20 Days of Rain: 9 (>.01 in) 8 (>.1 in) 0 (>1 in) Heat Base: 65.0 Cool Base: 65.0 Method: Integration