NOAA-style Climate Reports

2024: Jan | Feb | Mar | Apr | May | Jun | Jul | Aug | Sep | Oct | Nov | Dec 
2023: Jan | Feb | Mar | Apr | May | Jun | Jul | Aug | Sep | Oct | Nov | Dec 
2022: Jan | Feb | Mar | Apr | May | Jun | Jul | Aug | Sep | Oct | Nov | Dec 
2021: Jan | Feb | Mar | Apr | May | Jun | Jul | Aug | Sep | Oct | Nov | Dec 
2020: Jan | Feb | Mar | Apr | May | Jun | Jul | Aug | Sep | Oct | Nov | Dec 
2019: Jan | Feb | Mar | Apr | May | Jun | Jul | Aug | Sep | Oct | Nov | Dec 
2018: Jan | Feb | Mar | Apr | May | Jun | Jul | Aug | Sep | Oct | Nov | Dec 
2017: Jan | Feb | Mar | Apr | May | Jun | Jul | Aug | Sep | Oct | Nov | Dec 
2016: Jan | Feb | Mar | Apr | May | Jun | Jul | Aug | Sep | Oct | Nov | Dec 
2015: Jan | Feb | Mar | Apr | May | Jun | Jul | Aug | Sep | Oct | Nov | Dec 
2014: Jan | Feb | Mar | Apr | May | Jun | Jul | Aug | Sep | Oct | Nov | Dec 
2013: Jan | Feb | Mar | Apr | May | Jun | Jul | Aug | Sep | Oct | Nov | Dec 
2012: Jan | Feb | Mar | Apr | May | Jun | Jul | Aug | Sep | Oct | Nov | Dec 
2011: Jan | Feb | Mar | Apr | May | Jun | Jul | Aug | Sep | Oct | Nov | Dec 
2010: Jan | Feb | Mar | Apr | May | Jun | Jul | Aug | Sep | Oct | Nov | Dec 
2009: Jan | Feb | Mar | Apr | May | Jun | Jul | Aug | Sep | Oct | Nov | Dec 
2008: Jan | Feb | Mar | Apr | May | Jun | Jul | Aug | Sep | Oct | Nov | Dec 
2007: Jan | Feb | Mar | Apr | May | Jun | Jul | Aug | Sep | Oct | Nov | Dec 
2006: Jan | Feb | Mar | Apr | May | Jun | Jul | Aug | Sep | Oct | Nov | Dec 
2005: Jan | Feb | Mar | Apr | May | Jun | Jul | Aug | Sep | Oct | Nov | Dec 

Report for 2020 12
MONTHLY CLIMATOLOGICAL SUMMARY for DEC. 2020 NAME: Conyers2 CITY: Snellville STATE: GA ELEV: 1060 ft LAT: 33 50' 59" N LONG: 84 02' 47" W TEMPERATURE (F), RAIN (in), WIND SPEED (mph) HEAT COOL AVG MEAN DEG DEG WIND DOM DAY TEMP HIGH TIME LOW TIME DAYS DAYS RAIN SPEED HIGH TIME DIR ------------------------------------------------------------------------------------ 1 35.0 42.4 2:30p 29.7 8:00a 30.0 0.0 0.00 2.2 17.0 12:10a NW 2 37.8 54.2 2:40p 27.6 5:50a 27.2 0.0 0.01 0.5 11.0 9:10a NNW 3 41.1 55.7 1:50p 27.0 7:40a 23.9 0.0 0.00 0.1 11.0 12:50p S 4 48.3 58.0 2:30p 40.4 12:00m 16.7 0.0 0.32 1.3 21.0 8:10p NW 5 44.1 54.9 2:40p 37.7 6:40a 20.9 0.0 0.00 2.2 13.0 1:10a NNW 6 45.3 56.2 2:30p 34.1 8:00a 19.7 0.0 0.05 0.0 3.0 11:40a SSW 7 42.4 50.7 12:20p 33.5 12:00m 22.6 0.0 0.00 2.7 18.0 4:10p NNW 8 37.1 48.5 2:50p 29.6 7:30a 27.9 0.0 0.00 1.9 13.0 9:00a NNW 9 42.8 58.4 3:00p 30.5 7:50a 22.2 0.0 0.00 0.3 11.0 1:10p NNW 10 47.4 66.0 3:10p 34.7 8:20a 17.6 0.1 0.00 0.0 2.0 2:40p S 11 48.4 65.2 2:20p 35.3 7:40a 16.6 0.0 0.00 0.0 6.0 2:50p S 12 56.3 68.5 2:20p 44.1 6:30a 9.1 0.4 0.01 0.5 16.0 12:50p SSW 13 57.4 66.5 2:20p 47.8 8:30a 7.7 0.1 0.01 0.0 6.0 4:10p S 14 51.8 62.6 5:10a 37.5 12:00m 13.2 0.0 0.28 4.0 26.0 5:50a NNW 15 41.1 48.9 1:20p 32.0 5:30a 23.9 0.0 0.00 0.9 16.0 10:30a NE 16 40.7 44.3 12:10a 38.8 8:10a 24.3 0.0 0.23 0.4 11.0 6:30a ESE 17 37.4 42.5 12:10a 32.3 11:50p 27.6 0.0 0.00 2.3 16.0 10:40a NNW 18 37.0 50.4 3:00p 28.2 7:50a 28.0 0.0 0.00 0.6 13.0 2:20a NNW 19 37.7 51.3 2:50p 25.5 8:20a 27.3 0.0 0.00 0.1 9.0 12:10p S 20 46.5 55.9 3:50p 40.2 8:00a 18.5 0.0 0.03 0.0 7.0 10:10a SSW 21 47.8 57.5 3:40p 38.7 2:30a 17.2 0.0 0.00 0.8 14.0 9:00a W 22 48.0 59.8 3:10p 35.3 12:00m 17.0 0.0 0.00 1.0 18.0 12:10p NNW 23 45.7 60.4 2:00p 31.1 5:40a 19.3 0.0 0.00 0.1 12.0 1:20p S 24 46.4 55.1 2:10p 30.7 12:00m 18.6 0.0 1.48 2.3 21.0 3:30p S 25 28.6 34.5 3:00p 24.3 8:00a 36.4 0.0 0.00 1.3 22.0 12:10a NNW 26 31.0 44.9 3:00p 21.9 7:40a 34.0 0.0 0.00 0.2 12.0 11:40a NNW 27 37.8 56.3 3:00p 24.7 8:10a 27.2 0.0 0.00 0.1 7.0 4:20p S 28 43.2 58.2 4:10p 27.8 7:40a 21.8 0.0 0.00 0.0 7.0 11:30a W 29 47.3 63.1 3:10p 35.3 8:30a 17.7 0.0 0.00 0.0 9.0 3:40p SE 30 47.4 51.3 2:20p 42.9 11:00p 17.6 0.0 0.00 0.2 10.0 9:50a ESE 31 48.8 53.7 12:00m 43.4 12:10a 16.2 0.0 0.08 0.0 5.0 8:10p ESE ------------------------------------------------------------------------------------- 43.5 68.5 12 21.9 26 667.9 0.6 2.50 0.8 26.0 14 NNW Max >= 90.0: 0 Max <= 32.0: 0 Min <= 32.0: 14 Min <= 0.0: 0 Max Rain: 1.48 ON 12/24/20 Days of Rain: 7 (>.01 in) 4 (>.1 in) 1 (>1 in) Heat Base: 65.0 Cool Base: 65.0 Method: Integration