NOAA-style Climate Reports

2024: Jan | Feb | Mar | Apr | May | Jun | Jul | Aug | Sep | Oct | Nov | Dec 
2023: Jan | Feb | Mar | Apr | May | Jun | Jul | Aug | Sep | Oct | Nov | Dec 
2022: Jan | Feb | Mar | Apr | May | Jun | Jul | Aug | Sep | Oct | Nov | Dec 
2021: Jan | Feb | Mar | Apr | May | Jun | Jul | Aug | Sep | Oct | Nov | Dec 
2020: Jan | Feb | Mar | Apr | May | Jun | Jul | Aug | Sep | Oct | Nov | Dec 
2019: Jan | Feb | Mar | Apr | May | Jun | Jul | Aug | Sep | Oct | Nov | Dec 
2018: Jan | Feb | Mar | Apr | May | Jun | Jul | Aug | Sep | Oct | Nov | Dec 
2017: Jan | Feb | Mar | Apr | May | Jun | Jul | Aug | Sep | Oct | Nov | Dec 
2016: Jan | Feb | Mar | Apr | May | Jun | Jul | Aug | Sep | Oct | Nov | Dec 
2015: Jan | Feb | Mar | Apr | May | Jun | Jul | Aug | Sep | Oct | Nov | Dec 
2014: Jan | Feb | Mar | Apr | May | Jun | Jul | Aug | Sep | Oct | Nov | Dec 
2013: Jan | Feb | Mar | Apr | May | Jun | Jul | Aug | Sep | Oct | Nov | Dec 
2012: Jan | Feb | Mar | Apr | May | Jun | Jul | Aug | Sep | Oct | Nov | Dec 
2011: Jan | Feb | Mar | Apr | May | Jun | Jul | Aug | Sep | Oct | Nov | Dec 
2010: Jan | Feb | Mar | Apr | May | Jun | Jul | Aug | Sep | Oct | Nov | Dec 
2009: Jan | Feb | Mar | Apr | May | Jun | Jul | Aug | Sep | Oct | Nov | Dec 
2008: Jan | Feb | Mar | Apr | May | Jun | Jul | Aug | Sep | Oct | Nov | Dec 
2007: Jan | Feb | Mar | Apr | May | Jun | Jul | Aug | Sep | Oct | Nov | Dec 
2006: Jan | Feb | Mar | Apr | May | Jun | Jul | Aug | Sep | Oct | Nov | Dec 
2005: Jan | Feb | Mar | Apr | May | Jun | Jul | Aug | Sep | Oct | Nov | Dec 

Report for 2021 05
MONTHLY CLIMATOLOGICAL SUMMARY for MAY. 2021 NAME: Conyers2 CITY: Snellville STATE: GA ELEV: 1060 ft LAT: 33 50' 59" N LONG: 84 02' 47" W TEMPERATURE (F), RAIN (in), WIND SPEED (mph) HEAT COOL AVG MEAN DEG DEG WIND DOM DAY TEMP HIGH TIME LOW TIME DAYS DAYS RAIN SPEED HIGH TIME DIR ------------------------------------------------------------------------------------ 1 65.5 77.7 3:00p 51.7 7:30a 3.6 4.2 0.00 0.2 10.0 10:10a NNE 2 67.8 81.8 3:10p 54.6 4:00a 3.5 6.3 0.00 0.6 16.0 11:50a SW 3 68.5 74.1 1:00p 67.1 3:40p 0.0 3.5 1.80 0.8 13.0 12:40p SW 4 66.2 77.1 1:50p 61.0 7:00a 1.0 2.1 0.57 0.7 14.0 12:40p SW 5 67.1 75.7 2:50p 60.4 6:10a 1.3 3.3 0.26 0.6 16.0 12:30a NNW 6 61.9 73.1 2:00p 49.8 7:30a 4.8 1.7 0.04 0.5 11.0 11:50p NNW 7 59.4 68.4 2:30p 51.2 12:00m 5.9 0.3 0.02 1.5 16.0 3:20p NNW 8 60.4 75.0 3:10p 45.2 6:20a 7.3 2.7 0.00 0.2 11.0 1:00p NNW 9 68.5 83.8 2:50p 50.5 7:10a 4.5 7.9 0.00 1.7 18.0 2:20p SW 10 68.5 75.8 4:00p 61.8 6:40a 0.7 4.2 0.12 0.4 12.0 12:40p SW 11 68.9 78.9 1:30p 61.8 2:50a 0.8 4.7 0.00 0.1 7.0 1:10p NE 12 57.7 66.4 12:10a 49.3 11:40p 7.3 0.0 0.01 2.0 21.0 3:00p NE 13 56.3 68.4 2:50p 45.6 6:50a 9.1 0.4 0.01 1.3 15.0 11:10a NE 14 60.1 73.5 2:30p 47.5 6:10a 7.0 2.1 0.01 0.4 10.0 12:50p NNE 15 62.2 76.4 3:10p 48.7 6:50a 5.9 3.0 0.01 0.1 7.0 3:00p SSW 16 65.8 80.0 2:20p 52.2 7:00a 4.2 5.0 0.00 0.4 10.0 11:30a SW 17 67.1 80.1 1:40p 53.4 7:20a 3.3 5.4 0.01 0.6 15.0 4:10p SW 18 68.7 77.0 2:50p 59.4 6:50a 1.1 4.7 0.00 0.7 13.0 3:20p NNE 19 71.4 80.8 1:50p 61.0 7:20a 0.5 6.9 0.01 1.2 14.0 11:50a NNE 20 70.2 80.3 2:10p 59.4 6:40a 1.0 6.2 0.00 1.0 17.0 12:10p SSW 21 70.0 83.7 3:10p 55.0 7:20a 2.4 7.4 0.00 0.5 12.0 6:40p NNE 22 70.6 82.3 3:10p 57.8 7:10a 1.4 7.0 0.01 0.1 9.0 1:30p NE 23 73.7 89.3 2:40p 59.4 7:20a 1.1 9.8 0.00 0.1 10.0 3:40p NE 24 75.8 90.7 1:30p 61.9 7:20a 0.4 11.2 0.00 0.0 7.0 2:30p SW 25 78.2 93.0 2:30p 65.0 7:10a 0.0 13.2 0.00 0.2 12.0 4:00p SW 26 77.8 91.3 2:30p 64.8 7:10a 0.0 12.8 0.00 0.3 12.0 12:40p SW 27 76.4 90.0 2:20p 63.3 6:40a 0.1 11.5 0.00 0.1 11.0 5:50p SW 28 77.9 88.2 12:40p 68.6 12:00m 0.0 12.9 0.11 0.8 20.0 2:00p SW 29 69.0 75.9 3:10p 62.2 12:00m 0.1 4.1 0.04 0.4 12.0 4:30p NNW 30 65.3 77.1 3:00p 54.8 6:40a 3.1 3.5 0.00 0.2 10.0 11:00a NE 31 66.1 76.1 2:10p 55.0 6:50a 3.0 4.0 0.00 0.2 11.0 11:20a SSW ------------------------------------------------------------------------------------- 67.8 93.0 25 45.2 8 84.4 172.0 3.03 0.6 21.0 12 SW Max >= 90.0: 4 Max <= 32.0: 0 Min <= 32.0: 0 Min <= 0.0: 0 Max Rain: 1.80 ON 05/03/21 Days of Rain: 8 (>.01 in) 5 (>.1 in) 1 (>1 in) Heat Base: 65.0 Cool Base: 65.0 Method: Integration