NOAA-style Climate Reports

2024: Jan | Feb | Mar | Apr | May | Jun | Jul | Aug | Sep | Oct | Nov | Dec 
2023: Jan | Feb | Mar | Apr | May | Jun | Jul | Aug | Sep | Oct | Nov | Dec 
2022: Jan | Feb | Mar | Apr | May | Jun | Jul | Aug | Sep | Oct | Nov | Dec 
2021: Jan | Feb | Mar | Apr | May | Jun | Jul | Aug | Sep | Oct | Nov | Dec 
2020: Jan | Feb | Mar | Apr | May | Jun | Jul | Aug | Sep | Oct | Nov | Dec 
2019: Jan | Feb | Mar | Apr | May | Jun | Jul | Aug | Sep | Oct | Nov | Dec 
2018: Jan | Feb | Mar | Apr | May | Jun | Jul | Aug | Sep | Oct | Nov | Dec 
2017: Jan | Feb | Mar | Apr | May | Jun | Jul | Aug | Sep | Oct | Nov | Dec 
2016: Jan | Feb | Mar | Apr | May | Jun | Jul | Aug | Sep | Oct | Nov | Dec 
2015: Jan | Feb | Mar | Apr | May | Jun | Jul | Aug | Sep | Oct | Nov | Dec 
2014: Jan | Feb | Mar | Apr | May | Jun | Jul | Aug | Sep | Oct | Nov | Dec 
2013: Jan | Feb | Mar | Apr | May | Jun | Jul | Aug | Sep | Oct | Nov | Dec 
2012: Jan | Feb | Mar | Apr | May | Jun | Jul | Aug | Sep | Oct | Nov | Dec 
2011: Jan | Feb | Mar | Apr | May | Jun | Jul | Aug | Sep | Oct | Nov | Dec 
2010: Jan | Feb | Mar | Apr | May | Jun | Jul | Aug | Sep | Oct | Nov | Dec 
2009: Jan | Feb | Mar | Apr | May | Jun | Jul | Aug | Sep | Oct | Nov | Dec 
2008: Jan | Feb | Mar | Apr | May | Jun | Jul | Aug | Sep | Oct | Nov | Dec 
2007: Jan | Feb | Mar | Apr | May | Jun | Jul | Aug | Sep | Oct | Nov | Dec 
2006: Jan | Feb | Mar | Apr | May | Jun | Jul | Aug | Sep | Oct | Nov | Dec 
2005: Jan | Feb | Mar | Apr | May | Jun | Jul | Aug | Sep | Oct | Nov | Dec 

Report for 2021 08
MONTHLY CLIMATOLOGICAL SUMMARY for AUG. 2021 NAME: Conyers2 CITY: Snellville STATE: GA ELEV: 1060 ft LAT: 33 42' 12" N LONG: 84 02' 13" W TEMPERATURE (F), RAIN (in), WIND SPEED (mph) HEAT COOL AVG MEAN DEG DEG WIND DOM DAY TEMP HIGH TIME LOW TIME DAYS DAYS RAIN SPEED HIGH TIME DIR ------------------------------------------------------------------------------------ 1 80.7 90.5 2:40p 73.1 6:50a 0.0 15.7 0.00 0.0 0.0 --- --- 2 77.9 86.1 2:35p 70.1 7:50a 0.0 12.9 0.03 0.0 0.0 --- --- 3 74.1 80.9 3:25p 68.6 9:00a 0.0 9.1 0.20 0.0 0.0 --- --- 4 74.3 82.8 2:30p 68.5 8:40a 0.0 9.3 0.00 0.0 0.0 --- --- 5 74.7 84.2 3:20p 66.6 7:25a 0.0 9.7 0.00 0.1 10.0 1:00p NNE 6 75.5 85.1 3:30p 66.7 6:50a 0.0 10.5 0.00 0.1 12.0 10:50a NNE 7 75.2 87.8 2:35p 69.0 7:45a 0.0 10.2 0.04 0.0 14.0 6:25p NE 8 77.0 89.1 2:30p 66.4 7:10a 0.0 12.0 0.01 0.0 0.0 --- --- 9 80.5 91.3 3:10p 70.8 7:30a 0.0 15.5 0.00 0.0 0.0 --- --- 10 80.6 93.3 3:25p 72.3 7:30a 0.0 15.6 0.00 0.0 11.0 5:10p SW 11 75.9 91.1 1:15p 71.7 7:30a 0.0 10.9 1.64 0.0 7.0 2:55p NE 12 78.7 89.5 2:15p 69.7 7:35a 0.0 13.7 0.13 0.1 16.0 9:45p NE 13 79.9 91.2 3:00p 70.5 7:35a 0.0 14.9 0.00 0.0 6.0 12:15p SSW 14 78.5 91.9 3:30p 72.9 7:15a 0.0 13.5 0.02 0.1 17.0 4:25p NE 15 76.8 85.8 3:00p 70.9 6:10a 0.0 11.8 0.01 0.1 11.0 1:15p SSW 16 75.4 82.3 3:00p 71.2 11:40p 0.0 10.4 0.49 0.1 13.0 3:50p NNE 17 73.3 76.8 5:15p 70.8 12:50a 0.0 8.3 2.38 2.1 18.0 5:20a SSW 18 77.7 88.9 2:35p 67.1 7:30a 0.0 12.7 0.00 0.0 1.0 1:00p SSW 19 78.8 91.9 2:45p 73.4 7:45a 0.0 13.8 0.00 0.3 15.0 4:20p NE 20 78.3 87.2 2:35p 71.7 6:30a 0.0 13.3 0.00 0.2 11.0 11:55a N 21 78.2 86.1 1:35p 73.3 6:50a 0.0 13.2 0.00 0.0 1.0 2:00a SW 22 78.0 88.0 2:25p 74.3 7:45a 0.0 13.0 0.71 0.0 13.0 3:10p NW 23 80.1 89.6 2:00p 72.0 7:30a 0.0 15.1 0.01 0.0 1.0 12:10p ENE 24 81.3 91.1 3:40p 72.7 7:50a 0.0 16.3 0.00 0.0 0.0 --- --- 25 80.4 91.0 2:50p 72.7 11:55p 0.0 15.4 1.25 0.1 18.0 8:10p NNE 26 77.5 86.7 3:25p 71.7 7:40a 0.0 12.5 0.00 0.0 9.0 1:50p SSW 27 77.7 88.6 3:30p 71.0 7:40a 0.0 12.7 0.10 0.3 15.0 6:30p SSW 28 77.9 85.0 5:35p 71.7 6:25a 0.0 12.9 0.00 0.0 1.0 7:00p SE 29 78.8 86.7 2:35p 72.9 3:55a 0.0 13.8 0.01 0.1 7.0 2:35p NE 30 77.0 89.0 2:15p 71.3 11:10p 0.0 12.0 0.13 0.2 16.0 7:25p SW 31 73.8 78.9 2:00p 70.9 2:50a 0.0 8.8 0.48 2.1 25.0 1:50p SW ------------------------------------------------------------------------------------- 77.6 93.3 10 66.4 8 0.0 389.5 7.64 0.2 25.0 31 SW Max >= 90.0: 9 Max <= 32.0: 0 Min <= 32.0: 0 Min <= 0.0: 0 Max Rain: 2.38 ON 08/17/21 Days of Rain: 13 (>.01 in) 9 (>.1 in) 3 (>1 in) Heat Base: 65.0 Cool Base: 65.0 Method: Integration