NOAA-style Climate Reports

2024: Jan | Feb | Mar | Apr | May | Jun | Jul | Aug | Sep | Oct | Nov | Dec 
2023: Jan | Feb | Mar | Apr | May | Jun | Jul | Aug | Sep | Oct | Nov | Dec 
2022: Jan | Feb | Mar | Apr | May | Jun | Jul | Aug | Sep | Oct | Nov | Dec 
2021: Jan | Feb | Mar | Apr | May | Jun | Jul | Aug | Sep | Oct | Nov | Dec 
2020: Jan | Feb | Mar | Apr | May | Jun | Jul | Aug | Sep | Oct | Nov | Dec 
2019: Jan | Feb | Mar | Apr | May | Jun | Jul | Aug | Sep | Oct | Nov | Dec 
2018: Jan | Feb | Mar | Apr | May | Jun | Jul | Aug | Sep | Oct | Nov | Dec 
2017: Jan | Feb | Mar | Apr | May | Jun | Jul | Aug | Sep | Oct | Nov | Dec 
2016: Jan | Feb | Mar | Apr | May | Jun | Jul | Aug | Sep | Oct | Nov | Dec 
2015: Jan | Feb | Mar | Apr | May | Jun | Jul | Aug | Sep | Oct | Nov | Dec 
2014: Jan | Feb | Mar | Apr | May | Jun | Jul | Aug | Sep | Oct | Nov | Dec 
2013: Jan | Feb | Mar | Apr | May | Jun | Jul | Aug | Sep | Oct | Nov | Dec 
2012: Jan | Feb | Mar | Apr | May | Jun | Jul | Aug | Sep | Oct | Nov | Dec 
2011: Jan | Feb | Mar | Apr | May | Jun | Jul | Aug | Sep | Oct | Nov | Dec 
2010: Jan | Feb | Mar | Apr | May | Jun | Jul | Aug | Sep | Oct | Nov | Dec 
2009: Jan | Feb | Mar | Apr | May | Jun | Jul | Aug | Sep | Oct | Nov | Dec 
2008: Jan | Feb | Mar | Apr | May | Jun | Jul | Aug | Sep | Oct | Nov | Dec 
2007: Jan | Feb | Mar | Apr | May | Jun | Jul | Aug | Sep | Oct | Nov | Dec 
2006: Jan | Feb | Mar | Apr | May | Jun | Jul | Aug | Sep | Oct | Nov | Dec 
2005: Jan | Feb | Mar | Apr | May | Jun | Jul | Aug | Sep | Oct | Nov | Dec 

Report for 2021 11
MONTHLY CLIMATOLOGICAL SUMMARY for NOV. 2021 NAME: Conyers2 CITY: Snellville STATE: GA ELEV: 1060 ft LAT: 33 42' 12" N LONG: 84 02' 13" W TEMPERATURE (F), RAIN (in), WIND SPEED (mph) HEAT COOL AVG MEAN DEG DEG WIND DOM DAY TEMP HIGH TIME LOW TIME DAYS DAYS RAIN SPEED HIGH TIME DIR ------------------------------------------------------------------------------------ 1 55.4 69.4 2:50p 43.8 8:30a 10.2 0.6 0.00 0.0 6.0 12:20a NE 2 55.2 69.6 3:05p 44.2 8:20a 10.4 0.7 0.00 0.1 8.0 3:55p N 3 50.9 58.4 1:55p 43.8 8:10a 14.1 0.0 0.00 0.4 17.0 12:45p NE 4 46.2 49.0 12:05a 44.8 8:00a 18.8 0.0 0.08 0.1 11.0 5:10p NNE 5 45.7 53.0 3:30p 40.7 8:05a 19.3 0.0 0.00 0.1 14.0 2:10p NNE 6 47.3 58.0 4:30p 42.2 7:40a 17.7 0.0 0.00 0.5 18.0 11:30a NE 7 50.2 65.8 2:30p 36.9 7:50a 14.8 0.0 0.00 0.0 5.0 11:40a NE 8 53.3 72.5 3:35p 39.4 7:40a 13.1 1.4 0.00 0.0 6.0 12:00p NE 9 55.3 76.1 3:40p 39.8 7:45a 11.9 2.2 0.00 0.0 4.0 1:05p WSW 10 56.7 75.7 3:15p 44.0 7:20a 10.4 2.2 0.00 0.0 7.0 1:15p WSW 11 59.7 73.0 3:10p 48.1 3:15a 6.7 1.5 0.38 0.0 8.0 11:05a SSW 12 55.6 68.7 3:10p 45.2 12:00m 9.7 0.3 0.01 0.0 9.0 1:10p N 13 46.9 56.9 2:25p 39.2 12:00m 18.1 0.0 0.00 0.1 13.0 12:55p NNW 14 46.1 59.5 2:40p 32.2 7:40a 18.9 0.0 0.00 0.0 12.0 12:55p N 15 48.3 61.4 2:55p 37.9 7:20a 16.7 0.0 0.00 0.0 9.0 12:40p NNW 16 52.6 70.8 3:10p 37.3 4:05a 13.4 1.0 0.00 0.0 13.0 12:45p WSW 17 55.4 73.3 2:45p 43.4 7:45a 11.1 1.5 0.00 0.1 10.0 1:05p SSW 18 57.0 74.8 2:10p 43.8 7:35a 10.1 2.1 0.00 0.2 12.0 12:05p NNW 19 47.7 63.3 3:15p 35.7 8:10a 17.3 0.0 0.00 0.1 9.0 1:10a N 20 43.8 56.3 3:10p 33.7 6:15a 21.2 0.0 0.00 0.2 12.0 9:00a NE 21 52.4 63.2 4:00p 43.6 6:35a 12.6 0.0 0.00 0.0 6.0 9:15a SW 22 53.3 61.0 1:15p 40.2 12:00m 11.7 0.0 0.35 0.5 16.0 7:10p NNW 23 40.8 54.3 1:30p 30.4 7:25a 24.2 0.0 0.00 0.1 8.0 2:20p NNW 24 39.7 56.5 1:40p 27.0 7:40a 25.3 0.0 0.00 0.0 9.0 12:15p S 25 47.4 65.5 2:45p 30.3 7:10a 17.6 0.0 0.06 0.1 12.0 12:25p WSW 26 46.5 55.4 12:05a 37.2 11:45p 18.5 0.0 0.08 1.1 16.0 10:55a NNW 27 45.3 61.3 2:25p 32.6 8:00a 19.7 0.0 0.00 0.1 11.0 12:40p NNW 28 47.3 56.7 2:20p 38.0 7:10a 17.7 0.0 0.00 0.1 12.0 11:55p NNW 29 43.6 54.8 2:25p 34.2 12:00m 21.4 0.0 0.00 0.5 14.0 8:30a NNW 30 44.8 64.2 2:45p 28.8 7:50a 20.2 0.0 0.00 0.1 9.0 12:25p NNW ------------------------------------------------------------------------------------- 49.7 76.1 9 27.0 24 472.8 13.5 0.96 0.1 18.0 6 NNW Max >= 90.0: 0 Max <= 32.0: 0 Min <= 32.0: 4 Min <= 0.0: 0 Max Rain: 0.38 ON 11/11/21 Days of Rain: 5 (>.01 in) 2 (>.1 in) 0 (>1 in) Heat Base: 65.0 Cool Base: 65.0 Method: Integration