NOAA-style Climate Reports

2024: Jan | Feb | Mar | Apr | May | Jun | Jul | Aug | Sep | Oct | Nov | Dec 
2023: Jan | Feb | Mar | Apr | May | Jun | Jul | Aug | Sep | Oct | Nov | Dec 
2022: Jan | Feb | Mar | Apr | May | Jun | Jul | Aug | Sep | Oct | Nov | Dec 
2021: Jan | Feb | Mar | Apr | May | Jun | Jul | Aug | Sep | Oct | Nov | Dec 
2020: Jan | Feb | Mar | Apr | May | Jun | Jul | Aug | Sep | Oct | Nov | Dec 
2019: Jan | Feb | Mar | Apr | May | Jun | Jul | Aug | Sep | Oct | Nov | Dec 
2018: Jan | Feb | Mar | Apr | May | Jun | Jul | Aug | Sep | Oct | Nov | Dec 
2017: Jan | Feb | Mar | Apr | May | Jun | Jul | Aug | Sep | Oct | Nov | Dec 
2016: Jan | Feb | Mar | Apr | May | Jun | Jul | Aug | Sep | Oct | Nov | Dec 
2015: Jan | Feb | Mar | Apr | May | Jun | Jul | Aug | Sep | Oct | Nov | Dec 
2014: Jan | Feb | Mar | Apr | May | Jun | Jul | Aug | Sep | Oct | Nov | Dec 
2013: Jan | Feb | Mar | Apr | May | Jun | Jul | Aug | Sep | Oct | Nov | Dec 
2012: Jan | Feb | Mar | Apr | May | Jun | Jul | Aug | Sep | Oct | Nov | Dec 
2011: Jan | Feb | Mar | Apr | May | Jun | Jul | Aug | Sep | Oct | Nov | Dec 
2010: Jan | Feb | Mar | Apr | May | Jun | Jul | Aug | Sep | Oct | Nov | Dec 
2009: Jan | Feb | Mar | Apr | May | Jun | Jul | Aug | Sep | Oct | Nov | Dec 
2008: Jan | Feb | Mar | Apr | May | Jun | Jul | Aug | Sep | Oct | Nov | Dec 
2007: Jan | Feb | Mar | Apr | May | Jun | Jul | Aug | Sep | Oct | Nov | Dec 
2006: Jan | Feb | Mar | Apr | May | Jun | Jul | Aug | Sep | Oct | Nov | Dec 
2005: Jan | Feb | Mar | Apr | May | Jun | Jul | Aug | Sep | Oct | Nov | Dec 

Report for 2022 10
MONTHLY CLIMATOLOGICAL SUMMARY for SEP. 2022 NAME: Conyers2 CITY: Snellville STATE: GA ELEV: 1060 ft LAT: 33 50' 59" N LONG: 84 02' 47" W TEMPERATURE (F), RAIN (in), WIND SPEED (mph) HEAT COOL AVG MEAN DEG DEG WIND DOM DAY TEMP HIGH TIME LOW TIME DAYS DAYS RAIN SPEED HIGH TIME DIR ------------------------------------------------------------------------------------ 1 76.0 91.6 4:30p 64.9 7:20a 0.0 10.9 0.00 0.0 4.0 2:30p ESE 2 74.6 83.5 1:50p 69.7 7:20a 0.0 9.6 0.00 0.1 4.0 11:50a SE 3 76.3 87.0 4:30p 71.5 5:10a 0.0 11.3 0.00 0.0 3.0 1:10p E 4 74.0 79.7 11:50a 71.7 1:20a 0.0 9.0 0.00 0.0 3.0 11:50a SE 5 75.0 86.7 3:50p 71.5 12:00m 0.0 10.0 0.00 0.1 6.0 3:00p SE 6 75.2 85.5 3:50p 68.5 6:00a 0.0 10.2 0.00 0.0 8.0 11:30a E 7 76.1 89.9 4:10p 69.0 12:00m 0.0 11.1 0.00 0.0 5.0 4:00p W 8 72.6 82.7 5:00p 66.1 7:10a 0.0 7.6 0.00 0.0 3.0 1:50p ESE 9 71.3 75.6 11:50a 68.0 2:40a 0.0 6.3 0.00 0.0 7.0 11:40a SE 10 69.0 72.0 3:00p 67.3 8:50a 0.0 4.0 0.00 0.0 2.0 6:40a SE 11 74.2 81.8 4:00p 69.6 12:10a 0.0 9.2 0.00 0.1 4.0 5:10p ESE 12 74.1 87.1 4:10p 64.3 12:00m 0.0 9.0 0.00 0.0 2.0 7:50p NE 13 66.5 80.7 4:10p 55.7 7:10a 2.6 4.1 0.00 0.2 4.0 11:10a NE 14 66.8 81.4 4:10p 56.2 7:10a 2.9 4.7 0.00 0.1 3.0 12:40p W 15 67.8 80.6 3:30p 60.4 7:10a 1.7 4.5 0.00 0.1 4.0 2:30p ESE 16 67.1 81.3 3:50p 57.7 7:20a 2.5 4.6 0.00 0.1 4.0 12:40p ESE 17 67.7 81.8 3:40p 57.9 7:30a 2.1 4.8 0.00 0.1 4.0 12:00p ESE 18 68.5 83.5 4:10p 58.7 7:20a 1.9 5.4 0.00 0.1 4.0 2:40p ESE 19 70.6 85.7 3:50p 61.0 7:30a 1.0 6.6 0.00 0.1 7.0 1:40p NE 20 72.9 89.6 3:10p 61.4 7:20a 0.8 8.7 0.00 0.0 3.0 11:20a NE 21 75.3 95.2 4:30p 63.8 7:20a 0.1 10.4 0.00 0.0 0.0 --- --- 22 76.1 93.7 2:40p 63.4 7:30a 0.2 11.3 0.00 0.0 0.0 --- --- 23 64.4 83.4 4:30p 52.3 8:10a 4.3 3.7 0.00 0.0 0.0 --- --- 24 62.0 83.5 4:00p 47.1 7:00a 7.1 4.1 0.00 0.0 0.0 --- --- 25 65.8 80.2 4:40p 55.4 5:10a 3.4 4.2 0.00 0.0 0.0 --- --- 26 68.1 84.0 4:00p 56.6 12:00m 1.9 5.0 0.00 0.0 0.0 --- --- 27 60.9 79.7 3:40p 46.9 7:50a 6.9 2.8 0.00 0.0 0.0 --- --- 28 57.4 77.3 4:20p 44.0 8:50a 9.4 1.8 0.00 0.0 0.0 --- --- 29 59.6 74.2 4:10p 48.8 1:50a 7.0 1.6 0.00 0.5 9.0 10:10a W 30 64.3 73.5 3:40p 57.5 7:10a 2.4 1.7 0.00 0.2 8.0 11:10a WNW ------------------------------------------------------------------------------------- 69.7 95.2 21 44.0 28 58.2 198.2 0.00 0.1 9.0 29 SE Max >= 90.0: 3 Max <= 32.0: 0 Min <= 32.0: 0 Min <= 0.0: 0 Max Rain: 0.00 ON 09/01/22 Days of Rain: 0 (>.01 in) 0 (>.1 in) 0 (>1 in) Heat Base: 65.0 Cool Base: 65.0 Method: Integration