NOAA-style Climate Reports

2024: Jan | Feb | Mar | Apr | May | Jun | Jul | Aug | Sep | Oct | Nov | Dec 
2023: Jan | Feb | Mar | Apr | May | Jun | Jul | Aug | Sep | Oct | Nov | Dec 
2022: Jan | Feb | Mar | Apr | May | Jun | Jul | Aug | Sep | Oct | Nov | Dec 
2021: Jan | Feb | Mar | Apr | May | Jun | Jul | Aug | Sep | Oct | Nov | Dec 
2020: Jan | Feb | Mar | Apr | May | Jun | Jul | Aug | Sep | Oct | Nov | Dec 
2019: Jan | Feb | Mar | Apr | May | Jun | Jul | Aug | Sep | Oct | Nov | Dec 
2018: Jan | Feb | Mar | Apr | May | Jun | Jul | Aug | Sep | Oct | Nov | Dec 
2017: Jan | Feb | Mar | Apr | May | Jun | Jul | Aug | Sep | Oct | Nov | Dec 
2016: Jan | Feb | Mar | Apr | May | Jun | Jul | Aug | Sep | Oct | Nov | Dec 
2015: Jan | Feb | Mar | Apr | May | Jun | Jul | Aug | Sep | Oct | Nov | Dec 
2014: Jan | Feb | Mar | Apr | May | Jun | Jul | Aug | Sep | Oct | Nov | Dec 
2013: Jan | Feb | Mar | Apr | May | Jun | Jul | Aug | Sep | Oct | Nov | Dec 
2012: Jan | Feb | Mar | Apr | May | Jun | Jul | Aug | Sep | Oct | Nov | Dec 
2011: Jan | Feb | Mar | Apr | May | Jun | Jul | Aug | Sep | Oct | Nov | Dec 
2010: Jan | Feb | Mar | Apr | May | Jun | Jul | Aug | Sep | Oct | Nov | Dec 
2009: Jan | Feb | Mar | Apr | May | Jun | Jul | Aug | Sep | Oct | Nov | Dec 
2008: Jan | Feb | Mar | Apr | May | Jun | Jul | Aug | Sep | Oct | Nov | Dec 
2007: Jan | Feb | Mar | Apr | May | Jun | Jul | Aug | Sep | Oct | Nov | Dec 
2006: Jan | Feb | Mar | Apr | May | Jun | Jul | Aug | Sep | Oct | Nov | Dec 
2005: Jan | Feb | Mar | Apr | May | Jun | Jul | Aug | Sep | Oct | Nov | Dec 

Report for 2023 06
MONTHLY CLIMATOLOGICAL SUMMARY for OCT. 2022 NAME: SandyCreekWx CITY: Loganville STATE: GA 30052 ELEV: 839 ft LAT: 33 46' 50" N LONG: 83 55' 53" W TEMPERATURE (F), RAIN (in), WIND SPEED (mph) HEAT COOL AVG MEAN DEG DEG WIND DOM DAY TEMP HIGH TIME LOW TIME DAYS DAYS RAIN SPEED HIGH TIME DIR ------------------------------------------------------------------------------------ 1 63.7 77.8 3:40p 51.4 8:00a 3.8 2.5 0.00 0.6 12.0 7:00p NE 2 64.2 80.9 4:30p 52.3 6:50a 4.2 3.4 0.00 0.0 0.0 --- --- 3 62.1 78.0 3:50p 50.3 8:00a 5.3 2.4 0.00 0.0 0.0 --- --- 4 62.3 78.5 4:00p 52.8 12:00m 5.0 2.3 0.00 0.0 0.0 --- --- 5 59.5 83.3 4:20p 44.1 8:00a 8.9 3.3 0.00 0.0 0.0 --- --- 6 60.4 84.9 4:20p 44.9 7:30a 8.7 4.1 0.00 0.0 0.0 --- --- 7 63.1 86.0 4:20p 46.8 7:50a 7.3 5.4 0.00 0.0 0.0 --- --- 8 63.3 80.6 4:20p 53.2 12:00m 4.7 3.0 0.00 0.0 3.0 11:40p ENE 9 56.4 73.0 4:30p 43.1 7:40a 9.7 1.1 0.00 0.1 4.0 2:20p NE 10 58.1 76.4 3:50p 46.2 6:50a 8.9 2.0 0.00 0.1 3.0 12:40p E 11 62.7 78.3 3:50p 50.9 4:00a 5.2 2.9 0.00 0.1 4.0 1:30p SE 12 66.1 70.6 2:20p 62.7 12:00m 0.3 1.4 0.54 0.1 5.0 7:00p SSW 13 64.9 77.0 4:40p 55.6 11:00p 2.1 2.0 0.08 0.1 7.0 11:30a ENE 14 55.8 76.7 4:10p 41.7 8:00a 11.0 1.8 0.00 0.0 0.0 --- --- 15 58.5 84.0 4:50p 42.2 7:40a 10.4 3.9 0.00 0.0 0.0 --- --- 16 57.1 77.6 5:10p 46.7 7:50a 7.5 1.1 0.00 0.0 4.0 5:20p S 17 62.6 75.7 3:20p 53.8 8:00a 4.8 2.3 0.00 0.5 11.0 12:10p S 18 45.7 55.3 12:10a 38.5 8:00a 19.3 0.0 0.00 0.7 9.0 4:50p NE 19 43.9 60.2 4:10p 32.8 6:00a 21.1 0.0 0.00 0.4 8.0 12:30p NE 20 45.1 64.0 4:00p 30.1 7:50a 19.9 0.0 0.00 0.3 7.0 12:00p S 21 47.8 73.1 4:00p 31.8 8:00a 18.0 0.7 0.00 0.0 0.0 --- --- 22 51.5 77.4 4:00p 35.2 7:40a 15.1 1.6 0.00 0.0 0.0 --- --- 23 53.6 78.8 3:50p 37.4 8:00a 13.4 2.1 0.00 0.0 0.0 --- --- 24 56.7 80.0 4:20p 41.0 8:10a 11.3 2.9 0.00 0.0 0.0 --- --- 25 60.8 78.7 3:50p 44.3 8:00a 7.8 3.6 0.00 0.0 0.0 --- --- 26 58.6 68.0 12:10a 50.3 12:00m 6.5 0.0 0.00 0.0 1.0 10:20a WNW 27 55.5 74.2 3:50p 42.5 8:20a 10.7 1.2 0.00 0.0 10.0 9:10a SE 28 57.4 70.1 3:40p 49.6 3:10a 8.3 0.7 0.00 0.1 10.0 9:00a SSW 29 56.4 64.2 3:20p 49.0 4:20a 8.6 0.0 0.00 0.0 4.0 12:20p NNE 30 56.8 58.3 2:40p 55.9 12:30a 8.2 0.0 0.00 0.0 4.0 1:50a SSW 31 61.9 73.2 5:00p 57.1 12:00m 3.9 0.9 0.00 0.0 3.0 5:00p NNW ------------------------------------------------------------------------------------- 57.8 86.0 7 30.1 20 279.9 58.6 0.62 0.1 12.0 1 SSW Max >= 90.0: 0 Max <= 32.0: 0 Min <= 32.0: 2 Min <= 0.0: 0 Max Rain: 0.54 ON 10/12/22 Days of Rain: 2 (>.01 in) 1 (>.1 in) 0 (>1 in) Heat Base: 65.0 Cool Base: 65.0 Method: Integration